20.171.207.182 - - [26/Jul/2025:08:45:59 -0400] "GET /?path=%2F%2Fsys%2Fdev%2Fchar%2F189%3A1%2F1-7.1%2Fdriver%2F1-7.1%2F1-7.1%3A1.1%2Fdriver%2F1-7.1%3A1.1%2Fdriver%2F1-7.1%3A1.0%2Fsubsystem%2Fdrivers%2Fusb%2F1-7%2Fdriver%2F1-7%2F1-7.1%2Fdriver%2F1-7.1%2Fsubsystem%2Fdevices HTTP/2.0" 200 3262 "-" "Mozilla/5.0 AppleWebKit/537.36 (KHTML, like Gecko; compatible; GPTBot/1.2; +https://openai.com/gptbot)"
20.171.207.224 - - [26/Jul/2025:08:46:00 -0400] "GET /?path=%2F%2Fsys%2Fdev%2Fchar%2F189%3A0%2F1-7%2F1-7.1%2F1-7.1%3A1.0%2Fdriver%2F1-7.1%3A1.0%2Fdriver%2F1-7.1%3A1.1%2Fdriver%2F1-7.1%3A1.1%2Finput%2Finput2%2Fjs0%2Fsubsystem%2Finput0%2Fsubsystem%2Fmice HTTP/2.0" 200 3326 "-" "Mozilla/5.0 AppleWebKit/537.36 (KHTML, like Gecko; compatible; GPTBot/1.2; +https://openai.com/gptbot)"
20.171.207.182 - - [26/Jul/2025:08:46:00 -0400] "GET /?path=%2F%2Fsys%2Fdev%2Fchar%2F189%3A1%2F1-7.1%2Fdriver%2F1-7%2F1-7.1%2F1-7.1%3A1.1%2Fdriver%2F1-7.1%3A1.1%2Fdriver%2F1-7.1%3A1.0%2Fdriver%2F1-7.1%3A1.0%2Fsubsystem%2Fdevices%2Fusb2%2Fdriver%2F1-7.1 HTTP/2.0" 200 4498 "-" "Mozilla/5.0 AppleWebKit/537.36 (KHTML, like Gecko; compatible; GPTBot/1.2; +https://openai.com/gptbot)"
20.171.207.224 - - [26/Jul/2025:08:46:01 -0400] "GET /?path=%2F%2Fsys%2Fdev%2Fchar%2F189%3A0%2F1-7%2F1-7.1%2F1-7.1%3A1.0%2Fdriver%2F1-7.1%3A1.0%2Fdriver%2F1-7.1%3A1.1%2Fdriver%2F1-7.1%3A1.1%2Finput%2Finput2%2Fmouse0%2Fsubsystem%2Fevent0%2Fsubsystem HTTP/2.0" 200 3290 "-" "Mozilla/5.0 AppleWebKit/537.36 (KHTML, like Gecko; compatible; GPTBot/1.2; +https://openai.com/gptbot)"
192.99.15.17 - - [26/Jul/2025:08:46:01 -0400] "GET /?viewfile=//proc/7/sched&path=//proc/7 HTTP/1.1" 200 2888 "-" "Mozilla/5.0 (compatible; MJ12bot/v1.4.8; http://mj12bot.com/)"
20.171.207.182 - - [26/Jul/2025:08:46:01 -0400] "GET /?path=%2F%2Fsys%2Fdev%2Fchar%2F189%3A0%2F1-7%2F1-7.1%2Fdriver%2F1-7%2F1-7.1%2Fdriver%2F1-7%2F1-7%3A1.0%2Fdriver%2F1-7%3A1.0%2Fsubsystem%2Fdevices%2F1-7.1%2Fdriver%2Fusb2%2F2-0%3A1.0&viewfile=%2F%2Fsys%2Fdev%2Fchar%2F189%3A0%2F1-7%2F1-7.1%2Fdriver%2F1-7%2F1-7.1%2Fdriver%2F1-7%2F1-7%3A1.0%2Fdriver%2F1-7%3A1.0%2Fsubsystem%2Fdevices%2F1-7.1%2Fdriver%2Fusb2%2F2-0%3A1.0%2Fuevent HTTP/2.0" 200 2970 "-" "Mozilla/5.0 AppleWebKit/537.36 (KHTML, like Gecko; compatible; GPTBot/1.2; +https://openai.com/gptbot)"
20.171.207.224 - - [26/Jul/2025:08:46:02 -0400] "GET /?path=%2F%2Fsys%2Fdev%2Fchar%2F189%3A0%2F1-7%2F1-7.1%2F1-7.1%3A1.0%2Fdriver%2F1-7.1%3A1.0%2Fdriver%2F1-7.1%3A1.1%2Fdriver%2F1-7.1%3A1.1%2Finput%2Finput2%2Fmouse0%2Fsubsystem%2Finput0%2Fdevice%2Fpower HTTP/2.0" 200 3720 "-" "Mozilla/5.0 AppleWebKit/537.36 (KHTML, like Gecko; compatible; GPTBot/1.2; +https://openai.com/gptbot)"
20.171.207.182 - - [26/Jul/2025:08:46:03 -0400] "GET /?path=%2F%2Fsys%2Fdev%2Fchar%2F189%3A0%2F1-7%2F1-7.1%2Fdriver%2F1-7%2F1-7.1%2Fdriver%2F1-7%2F1-7%3A1.0%2Fdriver%2F1-7%3A1.0%2Fsubsystem%2Fdevices%2F1-7.1%2Fdriver%2Fusb2%2F2-0%3A1.0%2Fpower HTTP/2.0" 200 3234 "-" "Mozilla/5.0 AppleWebKit/537.36 (KHTML, like Gecko; compatible; GPTBot/1.2; +https://openai.com/gptbot)"
20.171.207.224 - - [26/Jul/2025:08:46:03 -0400] "GET /?path=%2F%2Fsys%2Fdev%2Fchar%2F189%3A0%2F1-7%2F1-7.1%2F1-7.1%3A1.0%2Fdriver%2F1-7.1%3A1.0%2Fdriver%2F1-7.1%3A1.1%2Fdriver%2F1-7.1%3A1.1%2Finput%2Finput2%2Fmouse0%2Fsubsystem%2Finput1%2Fsubsystem%2Fjs0 HTTP/2.0" 200 3361 "-" "Mozilla/5.0 AppleWebKit/537.36 (KHTML, like Gecko; compatible; GPTBot/1.2; +https://openai.com/gptbot)"
192.99.15.17 - - [26/Jul/2025:08:46:04 -0400] "GET /?viewfile=//proc/7/sessionid&path=//proc/7 HTTP/1.1" 200 2676 "-" "Mozilla/5.0 (compatible; MJ12bot/v1.4.8; http://mj12bot.com/)"
20.171.207.182 - - [26/Jul/2025:08:46:04 -0400] "GET /?path=%2F%2Fsys%2Fdev%2Fchar%2F189%3A0%2F1-7%2F1-7.1%2Fdriver%2F1-7%2F1-7.1%2Fdriver%2F1-7%2F1-7%3A1.0%2Fdriver%2F1-7%3A1.0%2Fsubsystem%2Fdevices%2F1-7.1%2Fdriver%2Fusb2%2F2-0%3A1.0%2Fusb2-port1 HTTP/2.0" 200 3494 "-" "Mozilla/5.0 AppleWebKit/537.36 (KHTML, like Gecko; compatible; GPTBot/1.2; +https://openai.com/gptbot)"
20.171.207.224 - - [26/Jul/2025:08:46:05 -0400] "GET /?path=%2F%2Fsys%2Fdev%2Fchar%2F189%3A0%2F1-7%2F1-7.1%2F1-7.1%3A1.0%2Fdriver%2F1-7.1%3A1.0%2Fdriver%2F1-7.1%3A1.1%2Fdriver%2F1-7.1%3A1.1%2Finput%2Finput2%2Fjs0%2Fsubsystem%2Fjs0%2Fsubsystem%2Finput3%2Fdevice HTTP/2.0" 200 3400 "-" "Mozilla/5.0 AppleWebKit/537.36 (KHTML, like Gecko; compatible; GPTBot/1.2; +https://openai.com/gptbot)"
20.171.207.182 - - [26/Jul/2025:08:46:05 -0400] "GET /?path=%2F%2Fsys%2Fdev%2Fchar%2F189%3A0%2F1-7%2F1-7.1%2Fdriver%2F1-7%2F1-7.1%2F1-7.1%3A1.0%2Fdriver%2F1-7.1%3A1.0%2Fdriver%2F1-7.1%3A1.1%2Fsubsystem%2Fdevices%2Fusb2%2Fdriver%2F1-7%2Fdriver%2F1-7%2Fport%2Fpower&viewfile=%2F%2Fsys%2Fdev%2Fchar%2F189%3A0%2F1-7%2F1-7.1%2Fdriver%2F1-7%2F1-7.1%2F1-7.1%3A1.0%2Fdriver%2F1-7.1%3A1.0%2Fdriver%2F1-7.1%3A1.1%2Fsubsystem%2Fdevices%2Fusb2%2Fdriver%2F1-7%2Fdriver%2F1-7%2Fport%2Fpower%2Fruntime_active_kids HTTP/2.0" 200 2904 "-" "Mozilla/5.0 AppleWebKit/537.36 (KHTML, like Gecko; compatible; GPTBot/1.2; +https://openai.com/gptbot)"
20.171.207.224 - - [26/Jul/2025:08:46:06 -0400] "GET /?path=%2F%2Fsys%2Fdev%2Fchar%2F189%3A0%2F1-7%2F1-7.1%2F1-7.1%3A1.0%2Fdriver%2F1-7.1%3A1.0%2Fdriver%2F1-7.1%3A1.1%2Fdriver%2F1-7.1%3A1.1%2Finput%2Finput2%2Fjs0%2Fsubsystem%2Finput3%2Fsubsystem%2Fjs0%2Fpower HTTP/2.0" 200 3397 "-" "Mozilla/5.0 AppleWebKit/537.36 (KHTML, like Gecko; compatible; GPTBot/1.2; +https://openai.com/gptbot)"
20.171.207.182 - - [26/Jul/2025:08:46:07 -0400] "GET /?path=%2F%2Fsys%2Fdev%2Fchar%2F189%3A0%2F1-7%2F1-7.1%2Fdriver%2F1-7%2F1-7.1%2Fdriver%2F1-7%2F1-7%3A1.0%2Fdriver%2F1-7%3A1.0%2Fsubsystem%2Fdevices%2F1-7.1%2Fdriver%2Fusb2%2F2-0%3A1.0%2Fsubsystem HTTP/2.0" 200 3362 "-" "Mozilla/5.0 AppleWebKit/537.36 (KHTML, like Gecko; compatible; GPTBot/1.2; +https://openai.com/gptbot)"
192.99.15.17 - - [26/Jul/2025:08:46:07 -0400] "GET /?viewfile=//proc/7/setgroups&path=//proc/7 HTTP/1.1" 200 2668 "-" "Mozilla/5.0 (compatible; MJ12bot/v1.4.8; http://mj12bot.com/)"
20.171.207.224 - - [26/Jul/2025:08:46:07 -0400] "GET /?path=%2F%2Fsys%2Fdev%2Fchar%2F189%3A0%2F1-7%2F1-7.1%2F1-7.1%3A1.0%2Fdriver%2F1-7.1%3A1.0%2Fdriver%2F1-7.1%3A1.1%2Fdriver%2F1-7.1%3A1.1%2Finput%2Finput2%2Fjs0%2Fsubsystem%2Finput0%2Fsubsystem%2Fjs0%2Fpower HTTP/2.0" 200 3398 "-" "Mozilla/5.0 AppleWebKit/537.36 (KHTML, like Gecko; compatible; GPTBot/1.2; +https://openai.com/gptbot)"
20.171.207.182 - - [26/Jul/2025:08:46:08 -0400] "GET /?path=%2F%2Fsys%2Fdev%2Fchar%2F189%3A0%2F1-7%2F1-7.1%2Fdriver%2F1-7%2F1-7.1%2Fdriver%2F1-7%2F1-7%3A1.0%2Fdriver%2F1-7%3A1.0%2Fsubsystem%2Fdevices%2F1-7.1%2Fdriver%2Fusb2%2F2-0%3A1.0%2Fusb2-port10 HTTP/2.0" 200 3465 "-" "Mozilla/5.0 AppleWebKit/537.36 (KHTML, like Gecko; compatible; GPTBot/1.2; +https://openai.com/gptbot)"
20.171.207.224 - - [26/Jul/2025:08:46:09 -0400] "GET /?path=%2F%2Fsys%2Fdev%2Fchar%2F189%3A0%2F1-7%2F1-7.1%2F1-7.1%3A1.0%2Fdriver%2F1-7.1%3A1.0%2Fdriver%2F1-7.1%3A1.1%2Fdriver%2F1-7.1%3A1.1%2Finput%2Finput2%2Fmouse0%2Fsubsystem%2Fjs0%2Fdevice%2Fdevice%2Fep_82%2Fpower HTTP/2.0" 200 3419 "-" "Mozilla/5.0 AppleWebKit/537.36 (KHTML, like Gecko; compatible; GPTBot/1.2; +https://openai.com/gptbot)"
192.99.15.17 - - [26/Jul/2025:08:46:10 -0400] "GET /?viewfile=//proc/7/smaps&path=//proc/7 HTTP/1.1" 200 2661 "-" "Mozilla/5.0 (compatible; MJ12bot/v1.4.8; http://mj12bot.com/)"
20.171.207.182 - - [26/Jul/2025:08:46:09 -0400] "GET /?path=%2F%2Fsys%2Fdev%2Fchar%2F189%3A0%2F1-7%2F1-7.1%2Fdriver%2F1-7%2F1-7.1%2Fdriver%2F1-7%2F1-7%3A1.0%2Fdriver%2F1-7%3A1.0%2Fsubsystem%2Fdevices%2F1-7.1%2Fdriver%2Fusb2%2F2-0%3A1.0%2Fep_81 HTTP/2.0" 200 3551 "-" "Mozilla/5.0 AppleWebKit/537.36 (KHTML, like Gecko; compatible; GPTBot/1.2; +https://openai.com/gptbot)"
20.171.207.224 - - [26/Jul/2025:08:46:10 -0400] "GET /?path=%2F%2Fsys%2Fdev%2Fchar%2F189%3A0%2F1-7%2F1-7.1%2F1-7.1%3A1.0%2Fdriver%2F1-7.1%3A1.0%2Fdriver%2F1-7.1%3A1.1%2Fdriver%2F1-7.1%3A1.1%2Finput%2Finput2%2Fjs0%2Fsubsystem%2Finput2%2Fmouse0%2Fdevice%2Fpower HTTP/2.0" 200 3404 "-" "Mozilla/5.0 AppleWebKit/537.36 (KHTML, like Gecko; compatible; GPTBot/1.2; +https://openai.com/gptbot)"
20.171.207.182 - - [26/Jul/2025:08:46:11 -0400] "GET /?path=%2F%2Fsys%2Fdev%2Fchar%2F189%3A0%2F1-7%2F1-7.1%2Fdriver%2F1-7%2F1-7.1%2Fdriver%2F1-7%2F1-7%3A1.0%2Fdriver%2F1-7%3A1.0%2Fsubsystem%2Fdevices%2F1-7.1%2Fdriver%2Fusb2%2F2-0%3A1.0%2Fusb2-port7 HTTP/2.0" 200 3465 "-" "Mozilla/5.0 AppleWebKit/537.36 (KHTML, like Gecko; compatible; GPTBot/1.2; +https://openai.com/gptbot)"
20.171.207.224 - - [26/Jul/2025:08:46:11 -0400] "GET /?path=%2F%2Fsys%2Fdev%2Fchar%2F189%3A0%2F1-7%2F1-7.1%2F1-7.1%3A1.0%2Fdriver%2F1-7.1%3A1.0%2Fdriver%2F1-7.1%3A1.1%2Fdriver%2F1-7.1%3A1.1%2Finput%2Finput2%2Fdevice%2Fsubsystem%2Fdevices%2Fusb1%2Fep_00%2Fpower HTTP/2.0" 200 3409 "-" "Mozilla/5.0 AppleWebKit/537.36 (KHTML, like Gecko; compatible; GPTBot/1.2; +https://openai.com/gptbot)"
20.171.207.182 - - [26/Jul/2025:08:46:12 -0400] "GET /?path=%2F%2Fsys%2Fdev%2Fchar%2F189%3A0%2F1-7%2F1-7.1%2Fdriver%2F1-7%2F1-7.1%2Fdriver%2F1-7%2F1-7%3A1.0%2Fdriver%2F1-7%3A1.0%2Fsubsystem%2Fdevices%2F1-7.1%2Fdriver%2Fusb2%2F2-0%3A1.0%2Fusb2-port2 HTTP/2.0" 200 3464 "-" "Mozilla/5.0 AppleWebKit/537.36 (KHTML, like Gecko; compatible; GPTBot/1.2; +https://openai.com/gptbot)"
192.99.15.17 - - [26/Jul/2025:08:46:12 -0400] "GET /?viewfile=//proc/7/stack&path=//proc/7 HTTP/1.1" 200 2660 "-" "Mozilla/5.0 (compatible; MJ12bot/v1.4.8; http://mj12bot.com/)"
20.171.207.224 - - [26/Jul/2025:08:46:12 -0400] "GET /?path=%2F%2Fsys%2Fdev%2Fchar%2F189%3A0%2F1-7%2F1-7.1%2F1-7.1%3A1.0%2Fdriver%2F1-7.1%3A1.0%2Fdriver%2F1-7.1%3A1.1%2Fdriver%2F1-7.1%3A1.1%2Finput%2Finput2%2Fmouse0%2Fsubsystem%2Finput1%2Finput1%3A%3Akana%2Fpower HTTP/2.0" 200 3401 "-" "Mozilla/5.0 AppleWebKit/537.36 (KHTML, like Gecko; compatible; GPTBot/1.2; +https://openai.com/gptbot)"
20.171.207.182 - - [26/Jul/2025:08:46:13 -0400] "GET /?path=%2F%2Fsys%2Fdev%2Fchar%2F189%3A1%2F1-7.1%2Fdriver%2F1-7%2F1-7.1%2F1-7.1%3A1.1%2Fdriver%2F1-7.1%3A1.1%2Fdriver%2F1-7.1%3A1.0%2Fdriver%2F1-7.1%3A1.0%2Fsubsystem%2Fdevices%2Fusb2%2Fdriver%2F1-7.1%2F1-7.1%3A1.0 HTTP/2.0" 200 3815 "-" "Mozilla/5.0 AppleWebKit/537.36 (KHTML, like Gecko; compatible; GPTBot/1.2; +https://openai.com/gptbot)"
20.171.207.224 - - [26/Jul/2025:08:46:14 -0400] "GET /?path=%2F%2Fsys%2Fdev%2Fchar%2F189%3A0%2F1-7%2F1-7.1%2F1-7.1%3A1.0%2Fdriver%2F1-7.1%3A1.0%2Fdriver%2F1-7.1%3A1.1%2Fdriver%2F1-7.1%3A1.1%2Finput%2Finput2%2Fmouse0%2Fsubsystem%2Fevent0%2Fsubsystem%2Fjs0 HTTP/2.0" 200 3357 "-" "Mozilla/5.0 AppleWebKit/537.36 (KHTML, like Gecko; compatible; GPTBot/1.2; +https://openai.com/gptbot)"
20.171.207.182 - - [26/Jul/2025:08:46:14 -0400] "GET /?path=%2F%2Fsys%2Fdev%2Fchar%2F189%3A1%2F1-7.1%2Fdriver%2F1-7%2F1-7.1%2F1-7.1%3A1.1%2Fdriver%2F1-7.1%3A1.1%2Fdriver%2F1-7.1%3A1.0%2Fdriver%2F1-7.1%3A1.0%2Fsubsystem%2Fdevices%2Fusb2%2Fdriver%2F1-7.1%2F1-7.1%3A1.1 HTTP/2.0" 200 3817 "-" "Mozilla/5.0 AppleWebKit/537.36 (KHTML, like Gecko; compatible; GPTBot/1.2; +https://openai.com/gptbot)"
192.99.15.17 - - [26/Jul/2025:08:46:15 -0400] "GET /?viewfile=//proc/7/stat&path=//proc/7 HTTP/1.1" 200 2740 "-" "Mozilla/5.0 (compatible; MJ12bot/v1.4.8; http://mj12bot.com/)"
20.171.207.224 - - [26/Jul/2025:08:46:15 -0400] "GET /?path=%2F%2Fsys%2Fdev%2Fchar%2F189%3A0%2F1-7%2F1-7.1%2F1-7.1%3A1.0%2Fdriver%2F1-7.1%3A1.0%2Fdriver%2F1-7.1%3A1.1%2Fdriver%2F1-7.1%3A1.1%2Finput%2Finput2%2Fmouse0%2Fsubsystem%2Fjs0%2Fdevice%2Fmouse0%2Fdevice HTTP/2.0" 200 3664 "-" "Mozilla/5.0 AppleWebKit/537.36 (KHTML, like Gecko; compatible; GPTBot/1.2; +https://openai.com/gptbot)"
20.171.207.182 - - [26/Jul/2025:08:46:16 -0400] "GET /?path=%2F%2Fsys%2Fdev%2Fchar%2F189%3A1%2F1-7.1%2Fdriver%2F1-7%2F1-7.1%2F1-7.1%3A1.1%2Fdriver%2F1-7.1%3A1.1%2Fdriver%2F1-7.1%3A1.0%2Fdriver%2F1-7.1%3A1.0%2Fsubsystem%2Fdevices%2Fusb2%2Fdriver%2F1-7.1%2Fep_00 HTTP/2.0" 200 3562 "-" "Mozilla/5.0 AppleWebKit/537.36 (KHTML, like Gecko; compatible; GPTBot/1.2; +https://openai.com/gptbot)"
20.171.207.224 - - [26/Jul/2025:08:46:16 -0400] "GET /?path=%2F%2Fsys%2Fdev%2Fchar%2F189%3A0%2F1-7%2F1-7.1%2F1-7.1%3A1.0%2Fdriver%2F1-7.1%3A1.0%2Fdriver%2F1-7.1%3A1.1%2Fdriver%2F1-7.1%3A1.1%2Finput%2Finput2%2Fmouse0%2Fsubsystem%2Fevent3%2Fsubsystem HTTP/2.0" 200 3294 "-" "Mozilla/5.0 AppleWebKit/537.36 (KHTML, like Gecko; compatible; GPTBot/1.2; +https://openai.com/gptbot)"
20.171.207.182 - - [26/Jul/2025:08:46:17 -0400] "GET /?path=%2F%2Fsys%2Fdev%2Fchar%2F189%3A0%2F1-7%2F1-7.1%2Fdriver%2F1-7%2F1-7.1%2Fdriver%2F1-7%2F1-7%3A1.0%2Fdriver%2F1-7%3A1.0%2Fsubsystem%2Fdevices%2F1-7.1%2Fdriver%2Fusb2%2F2-0%3A1.0%2Fusb2-port1%2Ffirmware_node HTTP/2.0" 200 3427 "-" "Mozilla/5.0 AppleWebKit/537.36 (KHTML, like Gecko; compatible; GPTBot/1.2; +https://openai.com/gptbot)"
20.171.207.224 - - [26/Jul/2025:08:46:18 -0400] "GET /?path=%2F%2Fsys%2Fdev%2Fchar%2F189%3A0%2F1-7%2F1-7.1%2F1-7.1%3A1.0%2Fdriver%2F1-7.1%3A1.0%2Fdriver%2F1-7.1%3A1.1%2Fdriver%2F1-7.1%3A1.1%2Finput%2Finput2%2Fjs0%2Fsubsystem%2Fevent3%2Fsubsystem%2Fjs0%2Fpower HTTP/2.0" 200 3400 "-" "Mozilla/5.0 AppleWebKit/537.36 (KHTML, like Gecko; compatible; GPTBot/1.2; +https://openai.com/gptbot)"
192.99.15.17 - - [26/Jul/2025:08:46:18 -0400] "GET /?viewfile=//proc/7/statm&path=//proc/7 HTTP/1.1" 200 2667 "-" "Mozilla/5.0 (compatible; MJ12bot/v1.4.8; http://mj12bot.com/)"
20.171.207.182 - - [26/Jul/2025:08:46:18 -0400] "GET /?path=%2F%2Fsys%2Fdev%2Fchar%2F189%3A0%2F1-7%2F1-7.1%2Fdriver%2F1-7%2F1-7.1%2Fdriver%2F1-7%2F1-7%3A1.0%2Fdriver%2F1-7%3A1.0%2Fsubsystem%2Fdevices%2F1-7.1%2Fdriver%2Fusb2%2F2-0%3A1.0%2Fusb2-port1%2Fpeer HTTP/2.0" 200 3464 "-" "Mozilla/5.0 AppleWebKit/537.36 (KHTML, like Gecko; compatible; GPTBot/1.2; +https://openai.com/gptbot)"
20.171.207.224 - - [26/Jul/2025:08:46:19 -0400] "GET /?path=%2F%2Fsys%2Fdev%2Fchar%2F189%3A0%2F1-7%2F1-7.1%2F1-7.1%3A1.0%2Fdriver%2F1-7.1%3A1.0%2Fdriver%2F1-7.1%3A1.1%2Fdriver%2F1-7.1%3A1.1%2Finput%2Finput2%2Fjs0%2Fsubsystem%2Fmice%2Fsubsystem%2Finput0 HTTP/2.0" 200 3608 "-" "Mozilla/5.0 AppleWebKit/537.36 (KHTML, like Gecko; compatible; GPTBot/1.2; +https://openai.com/gptbot)"
20.171.207.182 - - [26/Jul/2025:08:46:19 -0400] "GET /?path=%2F%2Fsys%2Fdev%2Fchar%2F189%3A0%2F1-7%2F1-7.1%2Fdriver%2F1-7%2F1-7.1%2Fdriver%2F1-7%2F1-7%3A1.0%2Fdriver%2F1-7%3A1.0%2Fsubsystem%2Fdevices%2F1-7.1%2Fdriver%2Fusb2%2F2-0%3A1.0%2Fdriver HTTP/2.0" 200 3497 "-" "Mozilla/5.0 AppleWebKit/537.36 (KHTML, like Gecko; compatible; GPTBot/1.2; +https://openai.com/gptbot)"
20.171.207.224 - - [26/Jul/2025:08:46:20 -0400] "GET /?path=%2F%2Fsys%2Fdev%2Fchar%2F189%3A0%2F1-7%2F1-7.1%2F1-7.1%3A1.0%2Fdriver%2F1-7.1%3A1.0%2Fdriver%2F1-7.1%3A1.1%2Fdriver%2F1-7.1%3A1.1%2Finput%2Finput2%2Fjs0%2Fsubsystem%2Fmouse0%2Fdevice%2Fdevice%2Fep_82%2Fpower HTTP/2.0" 200 3419 "-" "Mozilla/5.0 AppleWebKit/537.36 (KHTML, like Gecko; compatible; GPTBot/1.2; +https://openai.com/gptbot)"
192.99.15.17 - - [26/Jul/2025:08:46:20 -0400] "GET /?viewfile=//proc/7/status&path=//proc/7 HTTP/1.1" 200 2956 "-" "Mozilla/5.0 (compatible; MJ12bot/v1.4.8; http://mj12bot.com/)"
20.171.207.182 - - [26/Jul/2025:08:46:21 -0400] "GET /?path=%2F%2Fsys%2Fdev%2Fchar%2F189%3A0%2F1-7%2F1-7.1%2Fdriver%2F1-7%2F1-7.1%2Fdriver%2F1-7%2F1-7%3A1.0%2Fdriver%2F1-7%3A1.0%2Fsubsystem%2Fdevices%2F1-7.1%2Fdriver%2Fusb2%2F2-0%3A1.0%2Fusb2-port10%2Ffirmware_node HTTP/2.0" 200 3427 "-" "Mozilla/5.0 AppleWebKit/537.36 (KHTML, like Gecko; compatible; GPTBot/1.2; +https://openai.com/gptbot)"
20.171.207.224 - - [26/Jul/2025:08:46:21 -0400] "GET /?path=%2F%2Fsys%2Fdev%2Fchar%2F189%3A0%2F1-7%2F1-7.1%2F1-7.1%3A1.0%2Fdriver%2F1-7.1%3A1.0%2Fdriver%2F1-7.1%3A1.1%2Fdriver%2F1-7.1%3A1.1%2Finput%2Finput2%2Fjs0%2Fsubsystem%2Fjs0%2Fsubsystem%2Finput2%2Fdevice%2Fep_82 HTTP/2.0" 200 3582 "-" "Mozilla/5.0 AppleWebKit/537.36 (KHTML, like Gecko; compatible; GPTBot/1.2; +https://openai.com/gptbot)"
20.171.207.182 - - [26/Jul/2025:08:46:22 -0400] "GET /?path=%2F%2Fsys%2Fdev%2Fchar%2F189%3A0%2F1-7%2F1-7.1%2Fdriver%2F1-7%2F1-7.1%2Fdriver%2F1-7%2F1-7%3A1.0%2Fdriver%2F1-0%3A1.0%2Fdriver%2F1-7%3A1.0%2F1-7-port1%2Fdevice%2Fport%2Fdevice%2Fdriver%2Fusb2%2F2-0%3A1.0 HTTP/2.0" 200 4013 "-" "Mozilla/5.0 AppleWebKit/537.36 (KHTML, like Gecko; compatible; GPTBot/1.2; +https://openai.com/gptbot)"
20.171.207.224 - - [26/Jul/2025:08:46:22 -0400] "GET /?path=%2F%2Fsys%2Fdev%2Fchar%2F189%3A0%2F1-7%2F1-7.1%2F1-7.1%3A1.0%2Fdriver%2F1-7.1%3A1.0%2Fdriver%2F1-7.1%3A1.1%2Fdriver%2F1-7.1%3A1.1%2Finput%2Finput2%2Fmouse0%2Fsubsystem%2Finput2%2Fdevice%2Fpower HTTP/2.0" 200 3241 "-" "Mozilla/5.0 AppleWebKit/537.36 (KHTML, like Gecko; compatible; GPTBot/1.2; +https://openai.com/gptbot)"
192.99.15.17 - - [26/Jul/2025:08:46:23 -0400] "GET /?viewfile=//proc/7/syscall&path=//proc/7 HTTP/1.1" 200 2663 "-" "Mozilla/5.0 (compatible; MJ12bot/v1.4.8; http://mj12bot.com/)"
20.171.207.224 - - [26/Jul/2025:08:46:24 -0400] "GET /?path=%2F%2Fsys%2Fdev%2Fchar%2F189%3A0%2F1-7%2F1-7.1%2F1-7.1%3A1.0%2Fdriver%2F1-7.1%3A1.0%2Fdriver%2F1-7.1%3A1.1%2Fdriver%2F1-7.1%3A1.1%2Finput%2Finput2%2Fjs0%2Fsubsystem%2Finput0%2Fdevice%2Fsubsystem HTTP/2.0" 200 3363 "-" "Mozilla/5.0 AppleWebKit/537.36 (KHTML, like Gecko; compatible; GPTBot/1.2; +https://openai.com/gptbot)"
20.171.207.182 - - [26/Jul/2025:08:46:24 -0400] "GET /?path=%2F%2Fsys%2Fdev%2Fchar%2F189%3A0%2F1-7%2F1-7.1%2Fdriver%2F1-7%2F1-7.1%2Fdriver%2F1-7%2F1-7%3A1.0%2Fdriver%2F1-7%3A1.0%2Fsubsystem%2Fdevices%2F1-7.1%2Fdriver%2Fusb2%2F2-0%3A1.0%2Fusb2-port7%2Ffirmware_node HTTP/2.0" 200 3427 "-" "Mozilla/5.0 AppleWebKit/537.36 (KHTML, like Gecko; compatible; GPTBot/1.2; +https://openai.com/gptbot)"
20.171.207.182 - - [26/Jul/2025:08:46:25 -0400] "GET /?path=%2F%2Fsys%2Fdev%2Fchar%2F189%3A0%2F1-7%2F1-7.1%2Fdriver%2F1-7%2F1-7.1%2Fdriver%2F1-7%2F1-7%3A1.0%2Fdriver%2F1-7%3A1.0%2Fsubsystem%2Fdevices%2F1-7.1%2Fdriver%2Fusb2%2F2-0%3A1.0%2Fusb2-port2%2Ffirmware_node HTTP/2.0" 200 3427 "-" "Mozilla/5.0 AppleWebKit/537.36 (KHTML, like Gecko; compatible; GPTBot/1.2; +https://openai.com/gptbot)"
20.171.207.224 - - [26/Jul/2025:08:46:25 -0400] "GET /?path=%2F%2Fsys%2Fdev%2Fchar%2F189%3A0%2F1-7%2F1-7.1%2F1-7.1%3A1.0%2Fdriver%2F1-7.1%3A1.0%2Fdriver%2F1-7.1%3A1.1%2Fdriver%2F1-7.1%3A1.1%2Finput%2Finput2%2Fjs0%2Fsubsystem%2Finput0%2Fcapabilities HTTP/2.0" 200 3334 "-" "Mozilla/5.0 AppleWebKit/537.36 (KHTML, like Gecko; compatible; GPTBot/1.2; +https://openai.com/gptbot)"
192.99.15.17 - - [26/Jul/2025:08:46:26 -0400] "GET /?viewfile=//proc/7/timers&path=//proc/7 HTTP/1.1" 200 2662 "-" "Mozilla/5.0 (compatible; MJ12bot/v1.4.8; http://mj12bot.com/)"
20.171.207.224 - - [26/Jul/2025:08:46:26 -0400] "GET /?path=%2F%2Fsys%2Fdev%2Fchar%2F189%3A0%2F1-7%2F1-7.1%2F1-7.1%3A1.0%2Fdriver%2F1-7.1%3A1.0%2Fdriver%2F1-7.1%3A1.1%2Fdriver%2F1-7.1%3A1.1%2Finput%2Finput2%2Fmouse0%2Fsubsystem%2Fjs0%2Fdevice%2Fsubsystem HTTP/2.0" 200 3310 "-" "Mozilla/5.0 AppleWebKit/537.36 (KHTML, like Gecko; compatible; GPTBot/1.2; +https://openai.com/gptbot)"
20.171.207.182 - - [26/Jul/2025:08:46:26 -0400] "GET /?path=%2F%2Fsys%2Fdev%2Fchar%2F189%3A0%2F1-7%2Fdriver%2F1-7%2F1-7.1%2F1-7.1%3A1.0%2Fdriver%2F1-7.1%3A1.0%2Fdriver%2F1-7.1%3A1.1%2Fdriver%2F1-7.1%3A1.1%2Fsubsystem%2Fdrivers%2Fusb%2Fusb1%2Fdriver%2F1-7%2Fep_00 HTTP/2.0" 200 3578 "-" "Mozilla/5.0 AppleWebKit/537.36 (KHTML, like Gecko; compatible; GPTBot/1.2; +https://openai.com/gptbot)"
20.171.207.224 - - [26/Jul/2025:08:46:27 -0400] "GET /?path=%2F%2Fsys%2Fdev%2Fchar%2F189%3A0%2F1-7%2F1-7.1%2F1-7.1%3A1.0%2Fdriver%2F1-7.1%3A1.0%2Fdriver%2F1-7.1%3A1.1%2Fdriver%2F1-7.1%3A1.1%2Finput%2Finput2%2Fjs0%2Fsubsystem%2Fjs0%2Fdevice%2Fsubsystem%2Finput0 HTTP/2.0" 200 3611 "-" "Mozilla/5.0 AppleWebKit/537.36 (KHTML, like Gecko; compatible; GPTBot/1.2; +https://openai.com/gptbot)"
20.171.207.182 - - [26/Jul/2025:08:46:27 -0400] "GET /?path=%2F%2Fsys%2Fdev%2Fchar%2F189%3A0%2F1-7%2F1-7.1%2F1-7.1%3A1.1%2Fdriver%2F1-7.1%3A1.0%2Fdriver%2F1-7.1%3A1.1%2Fdriver%2F1-7.1%3A1.1%2Fsubsystem%2Fdevices%2F1-7%2Fdriver%2F1-7%2Fport%2Fdevice%2F1-7.1%2Fdriver HTTP/2.0" 200 3449 "-" "Mozilla/5.0 AppleWebKit/537.36 (KHTML, like Gecko; compatible; GPTBot/1.2; +https://openai.com/gptbot)"
20.171.207.224 - - [26/Jul/2025:08:46:28 -0400] "GET /?path=%2F%2Fsys%2Fdev%2Fchar%2F189%3A0%2F1-7%2F1-7.1%2F1-7.1%3A1.0%2Fdriver%2F1-7.1%3A1.0%2Fdriver%2F1-7.1%3A1.1%2Fdriver%2F1-7.1%3A1.1%2Finput%2Finput2%2Fjs0%2Fsubsystem%2Fjs0%2Fsubsystem%2Fmouse0%2Fpower HTTP/2.0" 200 3394 "-" "Mozilla/5.0 AppleWebKit/537.36 (KHTML, like Gecko; compatible; GPTBot/1.2; +https://openai.com/gptbot)"
20.171.207.182 - - [26/Jul/2025:08:46:28 -0400] "GET /?path=%2F%2Fsys%2Fdev%2Fchar%2F189%3A0%2F1-7%2Fdriver%2F1-7%2F1-7.1%2F1-7.1%3A1.1%2Fdriver%2F1-7.1%3A1.1%2Fdriver%2F1-7.1%3A1.0%2Fdriver%2F1-7.1%3A1.0%2Fsubsystem%2Fdevices%2F1-7.1%2Fdriver%2Fusb2 HTTP/2.0" 200 4680 "-" "Mozilla/5.0 AppleWebKit/537.36 (KHTML, like Gecko; compatible; GPTBot/1.2; +https://openai.com/gptbot)"
192.99.15.17 - - [26/Jul/2025:08:46:28 -0400] "GET /?viewfile=//proc/7/uid_map&path=//proc/7 HTTP/1.1" 200 2681 "-" "Mozilla/5.0 (compatible; MJ12bot/v1.4.8; http://mj12bot.com/)"
20.171.207.224 - - [26/Jul/2025:08:46:30 -0400] "GET /?path=%2F%2Fsys%2Fdev%2Fchar%2F189%3A0%2F1-7%2F1-7.1%2F1-7.1%3A1.0%2Fdriver%2F1-7.1%3A1.0%2Fdriver%2F1-7.1%3A1.1%2Fdriver%2F1-7.1%3A1.1%2Finput%2Finput2%2Fjs0%2Fsubsystem%2Fmouse0%2Fsubsystem%2Fjs0%2Fpower HTTP/2.0" 200 3399 "-" "Mozilla/5.0 AppleWebKit/537.36 (KHTML, like Gecko; compatible; GPTBot/1.2; +https://openai.com/gptbot)"
20.171.207.182 - - [26/Jul/2025:08:46:30 -0400] "GET /?path=%2F%2Fsys%2Fdev%2Fchar%2F189%3A0%2F1-7%2F1-7.1%2Fdriver%2F1-7%2F1-7.1%2Fdriver%2F1-7%2F1-7%3A1.0%2Fdriver%2F2-0%3A1.0%2Fdriver%2F1-7%3A1.0%2F1-7-port1%2Fdevice%2Fport%2Fdevice%2Fep_00%2Fpower HTTP/2.0" 200 3394 "-" "Mozilla/5.0 AppleWebKit/537.36 (KHTML, like Gecko; compatible; GPTBot/1.2; +https://openai.com/gptbot)"
20.171.207.182 - - [26/Jul/2025:08:46:31 -0400] "GET /?path=%2F%2Fsys%2Fdev%2Fchar%2F189%3A0%2F1-7%2F1-7.1%2Fdriver%2F1-7%2F1-7.1%2Fdriver%2F1-7%2F1-7%3A1.0%2Fdriver%2F1-7%3A1.0%2Fsubsystem%2Fdevices%2F1-7.1%2Fdriver%2Fusb2%2F2-0%3A1.0%2Fusb2-port1%2Fpeer%2Fpeer HTTP/2.0" 200 3513 "-" "Mozilla/5.0 AppleWebKit/537.36 (KHTML, like Gecko; compatible; GPTBot/1.2; +https://openai.com/gptbot)"
20.171.207.224 - - [26/Jul/2025:08:46:31 -0400] "GET /?path=%2F%2Fsys%2Fdev%2Fchar%2F189%3A0%2F1-7%2F1-7.1%2F1-7.1%3A1.0%2Fdriver%2F1-7.1%3A1.0%2Fdriver%2F1-7.1%3A1.1%2Fdriver%2F1-7.1%3A1.1%2Finput%2Finput2%2Fmouse0%2Fsubsystem%2Finput2%2Fjs0%2Fdevice%2Fdevice%2Fep_82 HTTP/2.0" 200 3588 "-" "Mozilla/5.0 AppleWebKit/537.36 (KHTML, like Gecko; compatible; GPTBot/1.2; +https://openai.com/gptbot)"
192.99.15.17 - - [26/Jul/2025:08:46:31 -0400] "GET /?viewfile=//proc/7/wchan&path=//proc/7 HTTP/1.1" 200 2677 "-" "Mozilla/5.0 (compatible; MJ12bot/v1.4.8; http://mj12bot.com/)"
20.171.207.182 - - [26/Jul/2025:08:46:32 -0400] "GET /?path=%2F%2Fsys%2Fdev%2Fchar%2F189%3A0%2F1-7%2F1-7.1%2Fdriver%2F1-7%2F1-7.1%2Fdriver%2F1-7%2F1-7%3A1.0%2Fdriver%2F1-7%3A1.0%2Fsubsystem%2Fdevices%2F1-7.1%2Fdriver%2Fusb2%2F2-0%3A1.0%2Fdriver%2Fmodule HTTP/2.0" 200 3291 "-" "Mozilla/5.0 AppleWebKit/537.36 (KHTML, like Gecko; compatible; GPTBot/1.2; +https://openai.com/gptbot)"
20.171.207.224 - - [26/Jul/2025:08:46:32 -0400] "GET /?path=%2F%2Fsys%2Fdev%2Fchar%2F189%3A0%2F1-7%2F1-7.1%2F1-7.1%3A1.0%2Fdriver%2F1-7.1%3A1.0%2Fdriver%2F1-7.1%3A1.1%2Fdriver%2F1-7.1%3A1.1%2Finput%2Finput2%2Fjs0%2Fsubsystem%2Fjs0%2Fdevice%2Fmouse0%2Fsubsystem HTTP/2.0" 200 3318 "-" "Mozilla/5.0 AppleWebKit/537.36 (KHTML, like Gecko; compatible; GPTBot/1.2; +https://openai.com/gptbot)"
20.171.207.182 - - [26/Jul/2025:08:46:34 -0400] "GET /?path=%2F%2Fsys%2Fdev%2Fchar%2F189%3A0%2F1-7%2F1-7.1%2Fdriver%2F1-7%2F1-7.1%2Fdriver%2F1-7%2F1-7%3A1.0%2Fdriver%2F1-7%3A1.0%2Fsubsystem%2Fdevices%2F1-7.1%2Fdriver%2Fusb2%2F2-0%3A1.0%2Fdriver%2F2-0%3A1.0 HTTP/2.0" 200 3996 "-" "Mozilla/5.0 AppleWebKit/537.36 (KHTML, like Gecko; compatible; GPTBot/1.2; +https://openai.com/gptbot)"
20.171.207.224 - - [26/Jul/2025:08:46:34 -0400] "GET /?path=%2F%2Fsys%2Fdev%2Fchar%2F189%3A0%2F1-7%2F1-7.1%2Fdriver%2F1-7%2F1-7.1%2F1-7.1%3A1.1%2Fdriver%2F1-7.1%3A1.0%2Fdriver%2F1-7.1%3A1.1%2Finput%2Finput2%2Fmouse0%2Fsubsystem%2Finput1%2Finput1%3A%3Anumlock HTTP/2.0" 200 3455 "-" "Mozilla/5.0 AppleWebKit/537.36 (KHTML, like Gecko; compatible; GPTBot/1.2; +https://openai.com/gptbot)"
192.99.15.17 - - [26/Jul/2025:08:46:34 -0400] "GET /?viewfile=//proc/71/autogroup&path=//proc/71 HTTP/1.1" 200 2666 "-" "Mozilla/5.0 (compatible; MJ12bot/v1.4.8; http://mj12bot.com/)"
20.171.207.182 - - [26/Jul/2025:08:46:35 -0400] "GET /?path=%2F%2Fsys%2Fdev%2Fchar%2F189%3A0%2F1-7%2F1-7.1%2Fdriver%2F1-7%2F1-7.1%2Fdriver%2F1-7%2F1-7%3A1.0%2Fdriver%2F1-0%3A1.0%2Fusb1-port7%2Fdevice%2F1-7.1%2Fdriver%2F1-7%2Fdriver%2F1-7%2Fdriver%2F1-7.1%2Fsubsystem HTTP/2.0" 200 3394 "-" "Mozilla/5.0 AppleWebKit/537.36 (KHTML, like Gecko; compatible; GPTBot/1.2; +https://openai.com/gptbot)"
20.171.207.224 - - [26/Jul/2025:08:46:35 -0400] "GET /?path=%2F%2Fsys%2Fdev%2Fchar%2F189%3A0%2F1-7%2F1-7.1%2F1-7.1%3A1.0%2Fdriver%2F1-7.1%3A1.0%2Fdriver%2F1-7.1%3A1.1%2Fdriver%2F1-7.1%3A1.1%2Finput%2Finput2%2Fmouse0%2Fsubsystem%2Finput2%2Fdevice%2Fpower&viewfile=%2F%2Fsys%2Fdev%2Fchar%2F189%3A0%2F1-7%2F1-7.1%2F1-7.1%3A1.0%2Fdriver%2F1-7.1%3A1.0%2Fdriver%2F1-7.1%3A1.1%2Fdriver%2F1-7.1%3A1.1%2Finput%2Finput2%2Fmouse0%2Fsubsystem%2Finput2%2Fdevice%2Fpower%2Fruntime_status HTTP/2.0" 200 2887 "-" "Mozilla/5.0 AppleWebKit/537.36 (KHTML, like Gecko; compatible; GPTBot/1.2; +https://openai.com/gptbot)"
20.171.207.182 - - [26/Jul/2025:08:46:36 -0400] "GET /?path=%2F%2Fsys%2Fdev%2Fchar%2F189%3A0%2F1-7%2F1-7.1%2Fdriver%2F1-7%2F1-7.1%2F1-7.1%3A1.0%2Fdriver%2F1-7.1%3A1.1%2Fdriver%2F1-7.1%3A1.0%2Fsubsystem%2Fdevices%2F1-7%2F1-7.1%2Fdriver%2F1-7%2Fport%2Fdevice%2Fdriver HTTP/2.0" 200 3452 "-" "Mozilla/5.0 AppleWebKit/537.36 (KHTML, like Gecko; compatible; GPTBot/1.2; +https://openai.com/gptbot)"
20.171.207.224 - - [26/Jul/2025:08:46:36 -0400] "GET /?path=%2F%2Fsys%2Fdev%2Fchar%2F189%3A0%2F1-7%2F1-7.1%2F1-7.1%3A1.0%2Fdriver%2F1-7.1%3A1.0%2Fdriver%2F1-7.1%3A1.1%2Fdriver%2F1-7.1%3A1.1%2Finput%2Finput2%2Fjs0%2Fsubsystem%2Fjs0%2Fsubsystem%2Fevent3%2Fpower HTTP/2.0" 200 3395 "-" "Mozilla/5.0 AppleWebKit/537.36 (KHTML, like Gecko; compatible; GPTBot/1.2; +https://openai.com/gptbot)"
192.99.15.17 - - [26/Jul/2025:08:46:37 -0400] "GET /?viewfile=//proc/71/auxv&path=//proc/71 HTTP/1.1" 200 2664 "-" "Mozilla/5.0 (compatible; MJ12bot/v1.4.8; http://mj12bot.com/)"
20.171.207.182 - - [26/Jul/2025:08:46:37 -0400] "GET /?path=%2F%2Fsys%2Fdev%2Fchar%2F189%3A0%2F1-7%2Fdriver%2F1-7%2F1-7.1%2F1-7.1%3A1.0%2Fdriver%2F1-7.1%3A1.0%2Fdriver%2F1-7.1%3A1.1%2Fsubsystem%2Fdevices%2Fusb1%2F1-7%2Fdriver%2Fusb1%2F1-7%2Fdriver%2F1-7%2Fdriver%2Fusb2 HTTP/2.0" 200 4735 "-" "Mozilla/5.0 AppleWebKit/537.36 (KHTML, like Gecko; compatible; GPTBot/1.2; +https://openai.com/gptbot)"
20.171.207.224 - - [26/Jul/2025:08:46:38 -0400] "GET /?path=%2F%2Fsys%2Fdev%2Fchar%2F189%3A0%2F1-7%2F1-7.1%2F1-7.1%3A1.0%2Fdriver%2F1-7.1%3A1.0%2Fdriver%2F1-7.1%3A1.1%2Fdriver%2F1-7.1%3A1.1%2Finput%2Finput2%2Fjs0%2Fsubsystem%2Fmouse0%2Fsubsystem%2Finput0%2Fid HTTP/2.0" 200 3195 "-" "Mozilla/5.0 AppleWebKit/537.36 (KHTML, like Gecko; compatible; GPTBot/1.2; +https://openai.com/gptbot)"
20.171.207.182 - - [26/Jul/2025:08:46:39 -0400] "GET /?path=%2F%2Fsys%2Fdev%2Fchar%2F189%3A0%2F1-7%2Fdriver%2F1-7%2F1-7.1%2F1-7.1%3A1.0%2Fdriver%2F1-7.1%3A1.0%2Fdriver%2F1-7.1%3A1.1%2Fdriver%2F1-7.1%3A1.1%2Fsubsystem%2Fdrivers%2Fusb HTTP/2.0" 200 3394 "-" "Mozilla/5.0 AppleWebKit/537.36 (KHTML, like Gecko; compatible; GPTBot/1.2; +https://openai.com/gptbot)"
20.171.207.224 - - [26/Jul/2025:08:46:39 -0400] "GET /?path=%2F%2Fsys%2Fdev%2Fchar%2F189%3A0%2F1-7%2F1-7.1%2F1-7.1%3A1.0%2Fdriver%2F1-7.1%3A1.0%2Fdriver%2F1-7.1%3A1.1%2Fdriver%2F1-7.1%3A1.1%2Finput%2Finput2%2Fsubsystem%2Fevent1%2Fsubsystem%2Fjs0%2Fpower HTTP/2.0" 200 3390 "-" "Mozilla/5.0 AppleWebKit/537.36 (KHTML, like Gecko; compatible; GPTBot/1.2; +https://openai.com/gptbot)"
192.99.15.17 - - [26/Jul/2025:08:46:40 -0400] "GET /?viewfile=//proc/71/cgroup&path=//proc/71 HTTP/1.1" 200 2762 "-" "Mozilla/5.0 (compatible; MJ12bot/v1.4.8; http://mj12bot.com/)"
20.171.207.182 - - [26/Jul/2025:08:46:40 -0400] "GET /?path=%2F%2Fsys%2Fdev%2Fchar%2F189%3A0%2F1-7%2F1-7.1%2F1-7.1%3A1.1%2Fdriver%2F1-7.1%3A1.0%2Fdriver%2F1-7.1%3A1.1%2Fdriver%2F1-7.1%3A1.1%2Fsubsystem%2Fdevices%2F1-7%2Fdriver%2F1-7%2Fport%2Fdevice%2F1-7.1 HTTP/2.0" 200 4518 "-" "Mozilla/5.0 AppleWebKit/537.36 (KHTML, like Gecko; compatible; GPTBot/1.2; +https://openai.com/gptbot)"
20.171.207.224 - - [26/Jul/2025:08:46:40 -0400] "GET /?path=%2F%2Fsys%2Fdev%2Fchar%2F189%3A0%2F1-7%2F1-7.1%2F1-7.1%3A1.0%2Fdriver%2F1-7.1%3A1.0%2Fdriver%2F1-7.1%3A1.1%2Fdriver%2F1-7.1%3A1.1%2Finput%2Finput2%2Fjs0%2Fsubsystem%2Fjs0%2Fdevice%2Fsubsystem%2Fmouse0 HTTP/2.0" 200 3356 "-" "Mozilla/5.0 AppleWebKit/537.36 (KHTML, like Gecko; compatible; GPTBot/1.2; +https://openai.com/gptbot)"
20.171.207.182 - - [26/Jul/2025:08:46:41 -0400] "GET /?path=%2F%2Fsys%2Fdev%2Fchar%2F189%3A0%2F1-7%2Fdriver%2F1-7%2F1-7.1%2F1-7.1%3A1.1%2Fdriver%2F1-7.1%3A1.1%2Fdriver%2F1-7.1%3A1.0%2Fdriver%2F1-7.1%3A1.0%2Fsubsystem%2Fdevices%2F1-7.1%2Fdriver%2Fusb2&viewfile=%2F%2Fsys%2Fdev%2Fchar%2F189%3A0%2F1-7%2Fdriver%2F1-7%2F1-7.1%2F1-7.1%3A1.1%2Fdriver%2F1-7.1%3A1.1%2Fdriver%2F1-7.1%3A1.0%2Fdriver%2F1-7.1%3A1.0%2Fsubsystem%2Fdevices%2F1-7.1%2Fdriver%2Fusb2%2Fdev HTTP/2.0" 200 2861 "-" "Mozilla/5.0 AppleWebKit/537.36 (KHTML, like Gecko; compatible; GPTBot/1.2; +https://openai.com/gptbot)"
20.171.207.224 - - [26/Jul/2025:08:46:41 -0400] "GET /?path=%2F%2Fsys%2Fdev%2Fchar%2F189%3A0%2F1-7%2F1-7.1%2F1-7.1%3A1.0%2Fdriver%2F1-7.1%3A1.0%2Fdriver%2F1-7.1%3A1.1%2Fdriver%2F1-7.1%3A1.1%2Finput%2Finput2%2Fmouse0%2Fsubsystem%2Fevent1%2Fdevice%2Fpower HTTP/2.0" 200 3399 "-" "Mozilla/5.0 AppleWebKit/537.36 (KHTML, like Gecko; compatible; GPTBot/1.2; +https://openai.com/gptbot)"
192.99.15.17 - - [26/Jul/2025:08:46:42 -0400] "GET /?viewfile=//proc/71/clear_refs&path=//proc/71 HTTP/1.1" 200 2669 "-" "Mozilla/5.0 (compatible; MJ12bot/v1.4.8; http://mj12bot.com/)"
20.171.207.182 - - [26/Jul/2025:08:46:42 -0400] "GET /?path=%2F%2Fsys%2Fdev%2Fchar%2F189%3A0%2F1-7%2Fdriver%2F1-7%2F1-7.1%2F1-7.1%3A1.1%2Fdriver%2F1-7.1%3A1.1%2Fdriver%2F1-7.1%3A1.0%2Fdriver%2F1-7.1%3A1.0%2Fsubsystem%2Fdevices%2F1-7.1 HTTP/2.0" 200 4438 "-" "Mozilla/5.0 AppleWebKit/537.36 (KHTML, like Gecko; compatible; GPTBot/1.2; +https://openai.com/gptbot)"
20.171.207.224 - - [26/Jul/2025:08:46:42 -0400] "GET /?path=%2F%2Fsys%2Fdev%2Fchar%2F189%3A0%2F1-7%2F1-7.1%2F1-7.1%3A1.0%2Fdriver%2F1-7.1%3A1.0%2Fdriver%2F1-7.1%3A1.1%2Fdriver%2F1-7.1%3A1.1%2Finput%2Finput2%2Fmouse0%2Fsubsystem%2Fevent0%2Fdevice%2Fpower HTTP/2.0" 200 3399 "-" "Mozilla/5.0 AppleWebKit/537.36 (KHTML, like Gecko; compatible; GPTBot/1.2; +https://openai.com/gptbot)"
20.171.207.224 - - [26/Jul/2025:08:46:44 -0400] "GET /?path=%2F%2Fsys%2Fdev%2Fchar%2F189%3A0%2F1-7%2F1-7.1%2F1-7.1%3A1.0%2Fdriver%2F1-7.1%3A1.0%2Fdriver%2F1-7.1%3A1.1%2Fdriver%2F1-7.1%3A1.1%2Finput%2Finput2%2Fjs0%2Fsubsystem%2Fjs0%2Fsubsystem%2Finput1%2Fpower HTTP/2.0" 200 3394 "-" "Mozilla/5.0 AppleWebKit/537.36 (KHTML, like Gecko; compatible; GPTBot/1.2; +https://openai.com/gptbot)"
20.171.207.182 - - [26/Jul/2025:08:46:44 -0400] "GET /?path=%2F%2Fsys%2Fdev%2Fchar%2F189%3A0%2F1-7%2Fdriver%2F1-7%2F1-7.1%2F1-7.1%3A1.1%2Fdriver%2F1-7.1%3A1.1%2Fdriver%2F1-7.1%3A1.0%2Fdriver%2F1-7.1%3A1.0%2Fsubsystem%2Fdevices%2F1-7.1%2Fdriver%2Fusb2%2Ffirmware_node HTTP/2.0" 200 4176 "-" "Mozilla/5.0 AppleWebKit/537.36 (KHTML, like Gecko; compatible; GPTBot/1.2; +https://openai.com/gptbot)"
20.171.207.224 - - [26/Jul/2025:08:46:45 -0400] "GET /?path=%2F%2Fsys%2Fdev%2Fchar%2F189%3A0%2F1-7%2F1-7.1%2F1-7.1%3A1.0%2Fdriver%2F1-7.1%3A1.0%2Fdriver%2F1-7.1%3A1.1%2Fdriver%2F1-7.1%3A1.1%2Finput%2Finput2%2Fjs0%2Fsubsystem%2Fevent1%2Fdevice%2Fdevice%2Fep_81%2Fpower HTTP/2.0" 200 3419 "-" "Mozilla/5.0 AppleWebKit/537.36 (KHTML, like Gecko; compatible; GPTBot/1.2; +https://openai.com/gptbot)"
20.171.207.182 - - [26/Jul/2025:08:46:45 -0400] "GET /?path=%2F%2Fsys%2Fdev%2Fchar%2F189%3A0%2F1-7%2Fdriver%2F1-7%2F1-7.1%2F1-7.1%3A1.1%2Fdriver%2F1-7.1%3A1.1%2Fdriver%2F1-7.1%3A1.0%2Fdriver%2F1-7.1%3A1.0%2Fsubsystem%2Fdevices HTTP/2.0" 200 3196 "-" "Mozilla/5.0 AppleWebKit/537.36 (KHTML, like Gecko; compatible; GPTBot/1.2; +https://openai.com/gptbot)"
20.171.207.224 - - [26/Jul/2025:08:46:46 -0400] "GET /?path=%2F%2Fsys%2Fdev%2Fchar%2F189%3A0%2F1-7%2F1-7.1%2F1-7.1%3A1.0%2Fdriver%2F1-7.1%3A1.0%2Fdriver%2F1-7.1%3A1.1%2Fdriver%2F1-7.1%3A1.1%2Finput%2Finput2%2Fmouse0%2Fsubsystem%2Fevent2%2Fdevice%2Fjs0%2Fpower HTTP/2.0" 200 3413 "-" "Mozilla/5.0 AppleWebKit/537.36 (KHTML, like Gecko; compatible; GPTBot/1.2; +https://openai.com/gptbot)"
20.171.207.182 - - [26/Jul/2025:08:46:47 -0400] "GET /?path=%2F%2Fsys%2Fdev%2Fchar%2F189%3A0%2F1-7%2Fdriver%2F1-7%2F1-7.1%2F1-7.1%3A1.1%2Fdriver%2F1-7.1%3A1.1%2Fdriver%2F1-7.1%3A1.0%2Fdriver%2F1-7.1%3A1.0%2Fsubsystem%2Fdevices%2F1-7.1%2Fdriver HTTP/2.0" 200 3408 "-" "Mozilla/5.0 AppleWebKit/537.36 (KHTML, like Gecko; compatible; GPTBot/1.2; +https://openai.com/gptbot)"
20.171.207.224 - - [26/Jul/2025:08:46:48 -0400] "GET /?path=%2F%2Fsys%2Fdev%2Fchar%2F189%3A0%2F1-7%2F1-7.1%2F1-7.1%3A1.0%2Fdriver%2F1-7.1%3A1.0%2Fdriver%2F1-7.1%3A1.1%2Fdriver%2F1-7.1%3A1.1%2Finput%2Finput2%2Fjs0%2Fsubsystem%2Fevent0%2Fsubsystem%2Fjs0%2Fpower HTTP/2.0" 200 3399 "-" "Mozilla/5.0 AppleWebKit/537.36 (KHTML, like Gecko; compatible; GPTBot/1.2; +https://openai.com/gptbot)"
20.171.207.182 - - [26/Jul/2025:08:46:48 -0400] "GET /?path=%2F%2Fsys%2Fdev%2Fchar%2F189%3A0%2F1-7%2F1-7.1%2F1-7.1%3A1.1%2Fdriver%2F1-7.1%3A1.0%2Fdriver%2F1-7.1%3A1.1%2Fdriver%2F1-7.1%3A1.1%2Fsubsystem%2Fdevices%2F1-7%2Fdriver%2F1-7%2Fport HTTP/2.0" 200 3434 "-" "Mozilla/5.0 AppleWebKit/537.36 (KHTML, like Gecko; compatible; GPTBot/1.2; +https://openai.com/gptbot)"
20.171.207.224 - - [26/Jul/2025:08:46:49 -0400] "GET /?path=%2F%2Fsys%2Fdev%2Fchar%2F189%3A0%2F1-7%2F1-7.1%2F1-7.1%3A1.0%2Fdriver%2F1-7.1%3A1.0%2Fdriver%2F1-7.1%3A1.1%2Fdriver%2F1-7.1%3A1.1%2Finput%2Finput2%2Fjs0%2Fsubsystem%2Fevent1%2Fsubsystem%2Fjs0%2Fpower HTTP/2.0" 200 3400 "-" "Mozilla/5.0 AppleWebKit/537.36 (KHTML, like Gecko; compatible; GPTBot/1.2; +https://openai.com/gptbot)"
20.171.207.182 - - [26/Jul/2025:08:46:49 -0400] "GET /?path=%2F%2Fsys%2Fdev%2Fchar%2F189%3A0%2F1-7%2Fdriver%2F1-7%2F1-7.1%2F1-7.1%3A1.1%2Fdriver%2F1-7.1%3A1.1%2Fdriver%2F1-7.1%3A1.0%2Fdriver%2F1-7.1%3A1.0%2Fsubsystem%2Fdevices%2F1-7.1%2Fdriver%2Fusb2%2Fsubsystem HTTP/2.0" 200 3368 "-" "Mozilla/5.0 AppleWebKit/537.36 (KHTML, like Gecko; compatible; GPTBot/1.2; +https://openai.com/gptbot)"
20.171.207.224 - - [26/Jul/2025:08:46:50 -0400] "GET /?path=%2F%2Fsys%2Fdev%2Fchar%2F189%3A0%2F1-7%2F1-7.1%2Fdriver%2F1-7%2F1-7.1%2F1-7.1%3A1.1%2Fdriver%2F1-7.1%3A1.0%2Fdriver%2F1-7.1%3A1.1%2Finput%2Finput2%2Fmouse0%2Fsubsystem%2Fjs0%2Fsubsystem%2Fjs0%2Fpower HTTP/2.0" 200 3407 "-" "Mozilla/5.0 AppleWebKit/537.36 (KHTML, like Gecko; compatible; GPTBot/1.2; +https://openai.com/gptbot)"
20.171.207.182 - - [26/Jul/2025:08:46:50 -0400] "GET /?path=%2F%2Fsys%2Fdev%2Fchar%2F189%3A0%2F1-7%2Fdriver%2F1-7%2F1-7.1%2F1-7.1%3A1.0%2Fdriver%2F1-7.1%3A1.0%2Fdriver%2F1-7.1%3A1.1%2Fsubsystem%2Fdevices%2Fusb1%2F1-7%2Fdriver%2Fusb1%2F1-7%2Fdriver%2F1-7%2Fdriver%2Fusb2&viewfile=%2F%2Fsys%2Fdev%2Fchar%2F189%3A0%2F1-7%2Fdriver%2F1-7%2F1-7.1%2F1-7.1%3A1.0%2Fdriver%2F1-7.1%3A1.0%2Fdriver%2F1-7.1%3A1.1%2Fsubsystem%2Fdevices%2Fusb1%2F1-7%2Fdriver%2Fusb1%2F1-7%2Fdriver%2F1-7%2Fdriver%2Fusb2%2Frx_lanes HTTP/2.0" 200 2898 "-" "Mozilla/5.0 AppleWebKit/537.36 (KHTML, like Gecko; compatible; GPTBot/1.2; +https://openai.com/gptbot)"
20.171.207.224 - - [26/Jul/2025:08:46:51 -0400] "GET /?path=%2F%2Fsys%2Fdev%2Fchar%2F189%3A0%2F1-7%2F1-7.1%2F1-7.1%3A1.0%2Fdriver%2F1-7.1%3A1.0%2Fdriver%2F1-7.1%3A1.1%2Fdriver%2F1-7.1%3A1.1%2Finput%2Finput2%2Fmouse0%2Fsubsystem%2Fjs0%2Fdevice%2Fjs0%2Fsubsystem HTTP/2.0" 200 3322 "-" "Mozilla/5.0 AppleWebKit/537.36 (KHTML, like Gecko; compatible; GPTBot/1.2; +https://openai.com/gptbot)"
20.171.207.224 - - [26/Jul/2025:08:46:53 -0400] "GET /?path=%2F%2Fsys%2Fdev%2Fchar%2F189%3A0%2F1-7%2F1-7.1%2F1-7.1%3A1.0%2Fdriver%2F1-7.1%3A1.0%2Fdriver%2F1-7.1%3A1.1%2Fdriver%2F1-7.1%3A1.1%2Finput%2Finput2%2Fsubsystem%2Fevent1%2Fdevice%2Finput1%3A%3Acompose HTTP/2.0" 200 3437 "-" "Mozilla/5.0 AppleWebKit/537.36 (KHTML, like Gecko; compatible; GPTBot/1.2; +https://openai.com/gptbot)"
20.171.207.182 - - [26/Jul/2025:08:46:52 -0400] "GET /?path=%2F%2Fsys%2Fdev%2Fchar%2F189%3A0%2F1-7%2Fdriver%2F1-7%2F1-7.1%2F1-7.1%3A1.0%2Fdriver%2F1-7.1%3A1.0%2Fdriver%2F1-7.1%3A1.1%2Fsubsystem%2Fdevices%2Fusb1%2F1-7%2Fdriver%2Fusb1%2F1-7%2Fdriver%2F1-7%2Fdriver%2Fusb2&viewfile=%2F%2Fsys%2Fdev%2Fchar%2F189%3A0%2F1-7%2Fdriver%2F1-7%2F1-7.1%2F1-7.1%3A1.0%2Fdriver%2F1-7.1%3A1.0%2Fdriver%2F1-7.1%3A1.1%2Fsubsystem%2Fdevices%2Fusb1%2F1-7%2Fdriver%2Fusb1%2F1-7%2Fdriver%2F1-7%2Fdriver%2Fusb2%2Fmaxchild HTTP/2.0" 200 2895 "-" "Mozilla/5.0 AppleWebKit/537.36 (KHTML, like Gecko; compatible; GPTBot/1.2; +https://openai.com/gptbot)"
20.171.207.224 - - [26/Jul/2025:08:46:54 -0400] "GET /?path=%2F%2Fsys%2Fdev%2Fchar%2F189%3A0%2F1-7%2F1-7.1%2F1-7.1%3A1.0%2Fdriver%2F1-7.1%3A1.0%2Fdriver%2F1-7.1%3A1.1%2Fdriver%2F1-7.1%3A1.1%2Finput%2Finput2%2Fjs0%2Fsubsystem%2Fevent1%2Fdevice%2Finput1%3A%3Acompose HTTP/2.0" 200 3449 "-" "Mozilla/5.0 AppleWebKit/537.36 (KHTML, like Gecko; compatible; GPTBot/1.2; +https://openai.com/gptbot)"
20.171.207.182 - - [26/Jul/2025:08:46:54 -0400] "GET /?path=%2F%2Fsys%2Fdev%2Fchar%2F189%3A0%2F1-7%2Fdriver%2F1-7%2F1-7.1%2F1-7.1%3A1.0%2Fdriver%2F1-7.1%3A1.0%2Fdriver%2F1-7.1%3A1.1%2Fdriver%2F1-7.1%3A1.1%2Fsubsystem%2Fdrivers%2Fusb%2F1-7.1 HTTP/2.0" 200 4456 "-" "Mozilla/5.0 AppleWebKit/537.36 (KHTML, like Gecko; compatible; GPTBot/1.2; +https://openai.com/gptbot)"
20.171.207.224 - - [26/Jul/2025:08:46:56 -0400] "GET /?path=%2F%2Fsys%2Fdev%2Fchar%2F189%3A0%2F1-7%2F1-7.1%2F1-7.1%3A1.0%2Fdriver%2F1-7.1%3A1.0%2Fdriver%2F1-7.1%3A1.1%2Fdriver%2F1-7.1%3A1.1%2Finput%2Finput2%2Fjs0%2Fsubsystem%2Fjs0%2Fsubsystem%2Fevent2%2Fpower HTTP/2.0" 200 3395 "-" "Mozilla/5.0 AppleWebKit/537.36 (KHTML, like Gecko; compatible; GPTBot/1.2; +https://openai.com/gptbot)"
20.171.207.182 - - [26/Jul/2025:08:46:56 -0400] "GET /?path=%2F%2Fsys%2Fdev%2Fchar%2F189%3A0%2F1-7%2F1-7.1%2F1-7.1%3A1.1%2Fdriver%2F1-7.1%3A1.0%2Fdriver%2F1-7.1%3A1.1%2Fdriver%2F1-7.1%3A1.1%2Fsubsystem%2Fdevices%2F1-7%2Fdriver%2F1-7%2Fport%2Fdevice%2F1-7.1%2F1-7.1%3A1.1 HTTP/2.0" 200 3834 "-" "Mozilla/5.0 AppleWebKit/537.36 (KHTML, like Gecko; compatible; GPTBot/1.2; +https://openai.com/gptbot)"
192.99.15.17 - - [26/Jul/2025:08:46:57 -0400] "GET /?viewfile=//proc/71/cmdline&path=//proc/71 HTTP/1.1" 200 2665 "-" "Mozilla/5.0 (compatible; MJ12bot/v1.4.8; http://mj12bot.com/)"
20.171.207.224 - - [26/Jul/2025:08:46:57 -0400] "GET /?path=%2F%2Fsys%2Fdev%2Fchar%2F189%3A0%2F1-7%2F1-7.1%2Fdriver%2F1-7%2F1-7.1%2F1-7.1%3A1.1%2Fdriver%2F1-7.1%3A1.0%2Fdriver%2F1-7.1%3A1.1%2Finput%2Finput2%2Fmouse0%2Fsubsystem%2Fevent1%2Fdevice%2Finput1%3A%3Akana HTTP/2.0" 200 3461 "-" "Mozilla/5.0 AppleWebKit/537.36 (KHTML, like Gecko; compatible; GPTBot/1.2; +https://openai.com/gptbot)"
20.171.207.182 - - [26/Jul/2025:08:46:57 -0400] "GET /?path=%2F%2Fsys%2Fdev%2Fchar%2F189%3A0%2F1-7%2Fdriver%2F1-7%2F1-7.1%2F1-7.1%3A1.1%2Fdriver%2F1-7.1%3A1.1%2Fdriver%2F1-7.1%3A1.0%2Fdriver%2F1-7.1%3A1.0%2Fsubsystem%2Fdevices%2F1-7.1%2Fep_00 HTTP/2.0" 200 3527 "-" "Mozilla/5.0 AppleWebKit/537.36 (KHTML, like Gecko; compatible; GPTBot/1.2; +https://openai.com/gptbot)"
20.171.207.224 - - [26/Jul/2025:08:46:59 -0400] "GET /?path=%2F%2Fsys%2Fdev%2Fchar%2F189%3A0%2F1-7%2F1-7.1%2Fdriver%2F1-7%2F1-7.1%2F1-7.1%3A1.1%2Fdriver%2F1-7.1%3A1.0%2Fdriver%2F1-7.1%3A1.1%2Finput%2Finput2%2Fmouse0%2Fsubsystem%2Finput1%2Finput1%3A%3Acompose HTTP/2.0" 200 3455 "-" "Mozilla/5.0 AppleWebKit/537.36 (KHTML, like Gecko; compatible; GPTBot/1.2; +https://openai.com/gptbot)"
20.171.207.182 - - [26/Jul/2025:08:46:59 -0400] "GET /?path=%2F%2Fsys%2Fdev%2Fchar%2F189%3A0%2F1-7%2Fdriver%2F1-7%2F1-7.1%2F1-7.1%3A1.1%2Fdriver%2F1-7.1%3A1.1%2Fdriver%2F1-7.1%3A1.0%2Fdriver%2F1-7.1%3A1.0%2Fsubsystem%2Fdevices%2F1-7.1%2F1-7.1%3A1.0 HTTP/2.0" 200 3776 "-" "Mozilla/5.0 AppleWebKit/537.36 (KHTML, like Gecko; compatible; GPTBot/1.2; +https://openai.com/gptbot)"
192.99.15.17 - - [26/Jul/2025:08:47:00 -0400] "GET /?viewfile=//proc/71/comm&path=//proc/71 HTTP/1.1" 200 2676 "-" "Mozilla/5.0 (compatible; MJ12bot/v1.4.8; http://mj12bot.com/)"
20.171.207.224 - - [26/Jul/2025:08:47:00 -0400] "GET /?path=%2F%2Fsys%2Fdev%2Fchar%2F189%3A0%2F1-7%2F1-7.1%2F1-7.1%3A1.0%2Fdriver%2F1-7.1%3A1.0%2Fdriver%2F1-7.1%3A1.1%2Fdriver%2F1-7.1%3A1.1%2Finput%2Finput2%2Fjs0%2Fsubsystem%2Fmouse0%2Fdevice%2Fsubsystem HTTP/2.0" 200 3310 "-" "Mozilla/5.0 AppleWebKit/537.36 (KHTML, like Gecko; compatible; GPTBot/1.2; +https://openai.com/gptbot)"
20.171.207.182 - - [26/Jul/2025:08:47:00 -0400] "GET /?path=%2F%2Fsys%2Fdev%2Fchar%2F189%3A0%2F1-7%2Fdriver%2F1-7%2F1-7.1%2F1-7.1%3A1.1%2Fdriver%2F1-7.1%3A1.1%2Fdriver%2F1-7.1%3A1.0%2Fdriver%2F1-7.1%3A1.0%2Fsubsystem%2Fdevices%2F2-0%3A1.0 HTTP/2.0" 200 3949 "-" "Mozilla/5.0 AppleWebKit/537.36 (KHTML, like Gecko; compatible; GPTBot/1.2; +https://openai.com/gptbot)"
20.171.207.224 - - [26/Jul/2025:08:47:02 -0400] "GET /?path=%2F%2Fsys%2Fdev%2Fchar%2F189%3A0%2F1-7%2F1-7.1%2F1-7.1%3A1.0%2Fdriver%2F1-7.1%3A1.0%2Fdriver%2F1-7.1%3A1.1%2Fdriver%2F1-7.1%3A1.1%2Finput%2Finput2%2Fmouse0%2Fsubsystem%2Fjs0%2Fsubsystem%2Fjs0%2Fdevice HTTP/2.0" 200 3658 "-" "Mozilla/5.0 AppleWebKit/537.36 (KHTML, like Gecko; compatible; GPTBot/1.2; +https://openai.com/gptbot)"
20.171.207.182 - - [26/Jul/2025:08:47:02 -0400] "GET /?path=%2F%2Fsys%2Fdev%2Fchar%2F189%3A0%2F1-7%2Fdriver%2F1-7%2F1-7.1%2F1-7.1%3A1.1%2Fdriver%2F1-7.1%3A1.1%2Fdriver%2F1-7.1%3A1.0%2Fdriver%2F1-7.1%3A1.0%2Fsubsystem%2Fdevices%2F1-0%3A1.0 HTTP/2.0" 200 4087 "-" "Mozilla/5.0 AppleWebKit/537.36 (KHTML, like Gecko; compatible; GPTBot/1.2; +https://openai.com/gptbot)"
192.99.15.17 - - [26/Jul/2025:08:47:03 -0400] "GET /?viewfile=//proc/71/coredump_filter&path=//proc/71 HTTP/1.1" 200 2676 "-" "Mozilla/5.0 (compatible; MJ12bot/v1.4.8; http://mj12bot.com/)"
20.171.207.224 - - [26/Jul/2025:08:47:03 -0400] "GET /?path=%2F%2Fsys%2Fdev%2Fchar%2F189%3A0%2F1-7%2F1-7.1%2F1-7.1%3A1.0%2Fdriver%2F1-7.1%3A1.0%2Fdriver%2F1-7.1%3A1.1%2Fdriver%2F1-7.1%3A1.1%2Finput%2Finput2%2Fmouse0%2Fsubsystem%2Fmice%2Fsubsystem HTTP/2.0" 200 3294 "-" "Mozilla/5.0 AppleWebKit/537.36 (KHTML, like Gecko; compatible; GPTBot/1.2; +https://openai.com/gptbot)"
20.171.207.182 - - [26/Jul/2025:08:47:03 -0400] "GET /?path=%2F%2Fsys%2Fdev%2Fchar%2F189%3A0%2F1-7%2Fdriver%2F1-7%2F1-7.1%2F1-7.1%3A1.1%2Fdriver%2F1-7.1%3A1.1%2Fdriver%2F1-7.1%3A1.0%2Fdriver%2F1-7.1%3A1.0%2Fsubsystem%2Fdevices%2F1-7%3A1.0 HTTP/2.0" 200 3814 "-" "Mozilla/5.0 AppleWebKit/537.36 (KHTML, like Gecko; compatible; GPTBot/1.2; +https://openai.com/gptbot)"
20.171.207.224 - - [26/Jul/2025:08:47:05 -0400] "GET /?path=%2F%2Fsys%2Fdev%2Fchar%2F189%3A0%2F1-7%2F1-7.1%2F1-7.1%3A1.0%2Fdriver%2F1-7.1%3A1.0%2Fdriver%2F1-7.1%3A1.1%2Fdriver%2F1-7.1%3A1.1%2Finput%2Finput2%2Fmouse0%2Fsubsystem%2Fjs0%2Fdevice%2Fmouse0%2Fpower HTTP/2.0" 200 3404 "-" "Mozilla/5.0 AppleWebKit/537.36 (KHTML, like Gecko; compatible; GPTBot/1.2; +https://openai.com/gptbot)"
20.171.207.182 - - [26/Jul/2025:08:47:05 -0400] "GET /?path=%2F%2Fsys%2Fdev%2Fchar%2F189%3A0%2F1-7%2Fdriver%2F1-7%2F1-7.1%2F1-7.1%3A1.1%2Fdriver%2F1-7.1%3A1.1%2Fdriver%2F1-7.1%3A1.0%2Fdriver%2F1-7.1%3A1.0%2Fsubsystem%2Fdevices%2F1-7 HTTP/2.0" 200 4447 "-" "Mozilla/5.0 AppleWebKit/537.36 (KHTML, like Gecko; compatible; GPTBot/1.2; +https://openai.com/gptbot)"
20.171.207.224 - - [26/Jul/2025:08:47:06 -0400] "GET /?path=%2F%2Fsys%2Fdev%2Fchar%2F189%3A0%2F1-7%2F1-7.1%2F1-7.1%3A1.0%2Fdriver%2F1-7.1%3A1.0%2Fdriver%2F1-7.1%3A1.1%2Fdriver%2F1-7.1%3A1.1%2Finput%2Finput2%2Fmouse0%2Fsubsystem%2Fjs0%2Fsubsystem%2Finput0%2Fid HTTP/2.0" 200 3195 "-" "Mozilla/5.0 AppleWebKit/537.36 (KHTML, like Gecko; compatible; GPTBot/1.2; +https://openai.com/gptbot)"
20.171.207.182 - - [26/Jul/2025:08:47:06 -0400] "GET /?path=%2F%2Fsys%2Fdev%2Fchar%2F189%3A0%2F1-7%2Fdriver%2F1-7%2F1-7.1%2F1-7.1%3A1.1%2Fdriver%2F1-7.1%3A1.1%2Fdriver%2F1-7.1%3A1.0%2Fdriver%2F1-7.1%3A1.0%2Fsubsystem%2Fdevices%2F1-7.1%2Fdriver%2F1-7.1 HTTP/2.0" 200 4489 "-" "Mozilla/5.0 AppleWebKit/537.36 (KHTML, like Gecko; compatible; GPTBot/1.2; +https://openai.com/gptbot)"
192.99.15.17 - - [26/Jul/2025:08:47:06 -0400] "GET /?viewfile=//proc/71/cpuset&path=//proc/71 HTTP/1.1" 200 2668 "-" "Mozilla/5.0 (compatible; MJ12bot/v1.4.8; http://mj12bot.com/)"
20.171.207.224 - - [26/Jul/2025:08:47:07 -0400] "GET /?path=%2F%2Fsys%2Fdev%2Fchar%2F189%3A0%2F1-7%2F1-7.1%2F1-7.1%3A1.0%2Fdriver%2F1-7.1%3A1.0%2Fdriver%2F1-7.1%3A1.1%2Fdriver%2F1-7.1%3A1.1%2Finput%2Finput2%2Fjs0%2Fsubsystem%2Fjs0%2Fsubsystem%2Fmice%2Fpower HTTP/2.0" 200 3392 "-" "Mozilla/5.0 AppleWebKit/537.36 (KHTML, like Gecko; compatible; GPTBot/1.2; +https://openai.com/gptbot)"
20.171.207.182 - - [26/Jul/2025:08:47:07 -0400] "GET /?path=%2F%2Fsys%2Fdev%2Fchar%2F189%3A0%2F1-7%2Fdriver%2F1-7%2F1-7.1%2F1-7.1%3A1.1%2Fdriver%2F1-7.1%3A1.1%2Fdriver%2F1-7.1%3A1.0%2Fdriver%2F1-7.1%3A1.0%2Fsubsystem%2Fdevices%2F1-7.1%3A1.0 HTTP/2.0" 200 3762 "-" "Mozilla/5.0 AppleWebKit/537.36 (KHTML, like Gecko; compatible; GPTBot/1.2; +https://openai.com/gptbot)"
20.171.207.224 - - [26/Jul/2025:08:47:09 -0400] "GET /?path=%2F%2Fsys%2Fdev%2Fchar%2F189%3A0%2F1-7%2F1-7.1%2F1-7.1%3A1.0%2Fdriver%2F1-7.1%3A1.0%2Fdriver%2F1-7.1%3A1.1%2Fdriver%2F1-7.1%3A1.1%2Finput%2Finput2%2Fjs0%2Fsubsystem%2Fjs0%2Fdevice%2Fsubsystem%2Finput3 HTTP/2.0" 200 3604 "-" "Mozilla/5.0 AppleWebKit/537.36 (KHTML, like Gecko; compatible; GPTBot/1.2; +https://openai.com/gptbot)"
192.99.15.17 - - [26/Jul/2025:08:47:09 -0400] "GET /?viewfile=//proc/71/environ&path=//proc/71 HTTP/1.1" 200 2665 "-" "Mozilla/5.0 (compatible; MJ12bot/v1.4.8; http://mj12bot.com/)"
20.171.207.182 - - [26/Jul/2025:08:47:09 -0400] "GET /?path=%2F%2Fsys%2Fdev%2Fchar%2F189%3A0%2F1-7%2Fdriver%2F1-7%2F1-7.1%2F1-7.1%3A1.0%2Fdriver%2F1-7.1%3A1.0%2Fdriver%2F1-7.1%3A1.1%2Fdriver%2F1-7.1%3A1.1%2Fsubsystem%2Fdrivers%2Fusb%2F1-7.1%2Fep_00 HTTP/2.0" 200 3552 "-" "Mozilla/5.0 AppleWebKit/537.36 (KHTML, like Gecko; compatible; GPTBot/1.2; +https://openai.com/gptbot)"
20.171.207.224 - - [26/Jul/2025:08:47:10 -0400] "GET /?path=%2F%2Fsys%2Fdev%2Fchar%2F189%3A0%2F1-7%2F1-7.1%2F1-7.1%3A1.0%2Fdriver%2F1-7.1%3A1.0%2Fdriver%2F1-7.1%3A1.1%2Fdriver%2F1-7.1%3A1.1%2Finput%2Finput2%2Fmouse0%2Fsubsystem%2Fjs0%2Fdevice%2Fevent2%2Fpower HTTP/2.0" 200 3413 "-" "Mozilla/5.0 AppleWebKit/537.36 (KHTML, like Gecko; compatible; GPTBot/1.2; +https://openai.com/gptbot)"
20.171.207.182 - - [26/Jul/2025:08:47:10 -0400] "GET /?path=%2F%2Fsys%2Fdev%2Fchar%2F189%3A0%2F1-7%2Fdriver%2F1-7%2F1-7.1%2F1-7.1%3A1.0%2Fdriver%2F1-7.1%3A1.0%2Fdriver%2F1-7.1%3A1.1%2Fdriver%2F1-7.1%3A1.1%2Fsubsystem%2Fdrivers%2Fusb%2F1-7.1%2F1-7.1%3A1.1 HTTP/2.0" 200 3790 "-" "Mozilla/5.0 AppleWebKit/537.36 (KHTML, like Gecko; compatible; GPTBot/1.2; +https://openai.com/gptbot)"
20.171.207.224 - - [26/Jul/2025:08:47:11 -0400] "GET /?path=%2F%2Fsys%2Fdev%2Fchar%2F189%3A0%2F1-7%2F1-7.1%2F1-7.1%3A1.0%2Fdriver%2F1-7.1%3A1.0%2Fdriver%2F1-7.1%3A1.1%2Fdriver%2F1-7.1%3A1.1%2Finput%2Finput2%2Fmouse0%2Fsubsystem%2Fmouse0%2Fdevice%2Fjs0%2Fpower HTTP/2.0" 200 3403 "-" "Mozilla/5.0 AppleWebKit/537.36 (KHTML, like Gecko; compatible; GPTBot/1.2; +https://openai.com/gptbot)"
20.171.207.182 - - [26/Jul/2025:08:47:12 -0400] "GET /?path=%2F%2Fsys%2Fdev%2Fchar%2F189%3A0%2F1-7%2Fdriver%2F1-7%2F1-7.1%2F1-7.1%3A1.0%2Fdriver%2F1-7.1%3A1.0%2Fdriver%2F1-7.1%3A1.1%2Fdriver%2F1-7.1%3A1.1%2Fsubsystem%2Fdrivers%2Fusb%2F1-7.1%2F1-7.1%3A1.0 HTTP/2.0" 200 3791 "-" "Mozilla/5.0 AppleWebKit/537.36 (KHTML, like Gecko; compatible; GPTBot/1.2; +https://openai.com/gptbot)"
192.99.15.17 - - [26/Jul/2025:08:47:12 -0400] "GET /?viewfile=//proc/71/gid_map&path=//proc/71 HTTP/1.1" 200 2684 "-" "Mozilla/5.0 (compatible; MJ12bot/v1.4.8; http://mj12bot.com/)"
20.171.207.224 - - [26/Jul/2025:08:47:13 -0400] "GET /?path=%2F%2Fsys%2Fdev%2Fchar%2F189%3A0%2F1-7%2F1-7.1%2Fdriver%2F1-7%2F1-7.1%2F1-7.1%3A1.1%2Fdriver%2F1-7.1%3A1.0%2Fdriver%2F1-7.1%3A1.1%2Finput%2Finput2%2Fmouse0%2Fsubsystem%2Finput1%2Finput1%3A%3Acompose%2Fsubsystem HTTP/2.0" 200 3181 "-" "Mozilla/5.0 AppleWebKit/537.36 (KHTML, like Gecko; compatible; GPTBot/1.2; +https://openai.com/gptbot)"
20.171.207.182 - - [26/Jul/2025:08:47:13 -0400] "GET /?path=%2F%2Fsys%2Fdev%2Fchar%2F189%3A0%2F1-7%2Fdriver%2F1-7%2F1-7.1%2F1-7.1%3A1.1%2Fdriver%2F1-7.1%3A1.1%2Fdriver%2F1-7.1%3A1.0%2Fdriver%2F1-7.1%3A1.0%2Fsubsystem%2Fdevices%2F1-7.1%2F1-7.1%3A1.0%2Fdriver HTTP/2.0" 200 3468 "-" "Mozilla/5.0 AppleWebKit/537.36 (KHTML, like Gecko; compatible; GPTBot/1.2; +https://openai.com/gptbot)"
20.171.207.224 - - [26/Jul/2025:08:47:14 -0400] "GET /?path=%2F%2Fsys%2Fdev%2Fchar%2F189%3A0%2F1-7%2F1-7.1%2F1-7.1%3A1.0%2Fdriver%2F1-7.1%3A1.0%2Fdriver%2F1-7.1%3A1.1%2Fdriver%2F1-7.1%3A1.1%2Finput%2Finput2%2Fdevice%2Fep_82%2Fpower HTTP/2.0" 200 3355 "-" "Mozilla/5.0 AppleWebKit/537.36 (KHTML, like Gecko; compatible; GPTBot/1.2; +https://openai.com/gptbot)"
192.99.15.17 - - [26/Jul/2025:08:47:15 -0400] "GET /?viewfile=//proc/71/io&path=//proc/71 HTTP/1.1" 200 2660 "-" "Mozilla/5.0 (compatible; MJ12bot/v1.4.8; http://mj12bot.com/)"
20.171.207.182 - - [26/Jul/2025:08:47:15 -0400] "GET /?path=%2F%2Fsys%2Fdev%2Fchar%2F189%3A0%2F1-7%2Fdriver%2F1-7%2F1-7.1%2F1-7.1%3A1.1%2Fdriver%2F1-7.1%3A1.1%2Fdriver%2F1-7.1%3A1.0%2Fdriver%2F1-7.1%3A1.0%2Fsubsystem%2Fdevices%2F2-0%3A1.0%2Fep_81 HTTP/2.0" 200 3547 "-" "Mozilla/5.0 AppleWebKit/537.36 (KHTML, like Gecko; compatible; GPTBot/1.2; +https://openai.com/gptbot)"
