20.171.207.182 - - [26/Jul/2025:08:49:57 -0400] "GET /?path=%2F%2Fsys%2Fdev%2Fchar%2F189%3A0%2F1-7%2F1-7.1%2Fdriver%2F1-7%2F1-7.1%2Fdriver%2F1-7%2F1-7%3A1.0%2Fdriver%2F1-7%3A1.0%2Fsubsystem%2Fdevices%2F1-7.1%2Fdriver%2Fusb2%2F2-0%3A1.0%2Fdriver%2F2-0%3A1.0%2Fusb2-port3 HTTP/2.0" 200 3512 "-" "Mozilla/5.0 AppleWebKit/537.36 (KHTML, like Gecko; compatible; GPTBot/1.2; +https://openai.com/gptbot)"
20.171.207.224 - - [26/Jul/2025:08:49:58 -0400] "GET /?path=%2F%2Fsys%2Fdev%2Fchar%2F189%3A0%2F1-7%2F1-7.1%2Fdriver%2F1-7%2F1-7.1%2F1-7.1%3A1.0%2Fdriver%2F1-7.1%3A1.0%2Fdriver%2F1-7.1%3A1.1%2Finput%2Finput2%2Fdevice%2Fsubsystem%2Fdevices%2F1-0%3A1.0%2Fsubsystem HTTP/2.0" 200 3385 "-" "Mozilla/5.0 AppleWebKit/537.36 (KHTML, like Gecko; compatible; GPTBot/1.2; +https://openai.com/gptbot)"
192.99.15.17 - - [26/Jul/2025:08:49:58 -0400] "GET /?viewfile=//proc/72/setgroups&path=//proc/72 HTTP/1.1" 200 2672 "-" "Mozilla/5.0 (compatible; MJ12bot/v1.4.8; http://mj12bot.com/)"
20.171.207.182 - - [26/Jul/2025:08:49:59 -0400] "GET /?path=%2F%2Fsys%2Fdev%2Fchar%2F189%3A0%2F1-7%2F1-7.1%2Fdriver%2F1-7%2F1-7.1%2Fdriver%2F1-7%2F1-7%3A1.0%2Fdriver%2F1-7%3A1.0%2Fsubsystem%2Fdevices%2F1-7.1%2Fdriver%2Fusb2%2F2-0%3A1.0%2Fdriver%2F2-0%3A1.0%2Fusb2-port1 HTTP/2.0" 200 3512 "-" "Mozilla/5.0 AppleWebKit/537.36 (KHTML, like Gecko; compatible; GPTBot/1.2; +https://openai.com/gptbot)"
20.171.207.224 - - [26/Jul/2025:08:49:59 -0400] "GET /?path=%2F%2Fsys%2Fdev%2Fchar%2F189%3A0%2F1-7%2F1-7.1%2Fdriver%2F1-7%2F1-7.1%2F1-7.1%3A1.0%2Fdriver%2F1-7.1%3A1.0%2Fdriver%2F1-7.1%3A1.1%2Finput%2Finput2%2Fjs0%2Fsubsystem%2Finput2%2Fdevice%2Fdriver HTTP/2.0" 200 3480 "-" "Mozilla/5.0 AppleWebKit/537.36 (KHTML, like Gecko; compatible; GPTBot/1.2; +https://openai.com/gptbot)"
20.171.207.182 - - [26/Jul/2025:08:50:00 -0400] "GET /?path=%2F%2Fsys%2Fdev%2Fchar%2F189%3A0%2F1-7%2Fdriver%2F1-7%2F1-7.1%2F1-7.1%3A1.0%2Fdriver%2F1-7.1%3A1.0%2Fdriver%2F1-7.1%3A1.1%2Fsubsystem%2Fdevices%2Fusb1%2F1-7%2Fdriver HTTP/2.0" 200 3395 "-" "Mozilla/5.0 AppleWebKit/537.36 (KHTML, like Gecko; compatible; GPTBot/1.2; +https://openai.com/gptbot)"
20.171.207.224 - - [26/Jul/2025:08:50:00 -0400] "GET /?path=%2F%2Fsys%2Fdev%2Fchar%2F189%3A0%2F1-7%2F1-7.1%2Fdriver%2F1-7%2F1-7.1%2F1-7.1%3A1.0%2Fdriver%2F1-7.1%3A1.0%2Fdriver%2F1-7.1%3A1.1%2Finput%2Finput2%2Fmouse0%2Fsubsystem HTTP/2.0" 200 3285 "-" "Mozilla/5.0 AppleWebKit/537.36 (KHTML, like Gecko; compatible; GPTBot/1.2; +https://openai.com/gptbot)"
20.171.207.182 - - [26/Jul/2025:08:50:01 -0400] "GET /?path=%2F%2Fsys%2Fdev%2Fchar%2F189%3A0%2F1-7%2Fdriver%2F1-7%2F1-7.1%2F1-7.1%3A1.1%2Fdriver%2F1-7.1%3A1.1%2Fdriver%2F1-7.1%3A1.0%2Fdriver%2F1-7.1%3A1.0%2Fsubsystem%2Fdevices%2F1-7%2Fsubsystem%2Fdevices%2Fusb1 HTTP/2.0" 200 4719 "-" "Mozilla/5.0 AppleWebKit/537.36 (KHTML, like Gecko; compatible; GPTBot/1.2; +https://openai.com/gptbot)"
192.99.15.17 - - [26/Jul/2025:08:50:01 -0400] "GET /?viewfile=//proc/72/smaps&path=//proc/72 HTTP/1.1" 200 2663 "-" "Mozilla/5.0 (compatible; MJ12bot/v1.4.8; http://mj12bot.com/)"
20.171.207.224 - - [26/Jul/2025:08:50:02 -0400] "GET /?path=%2F%2Fsys%2Fdev%2Fchar%2F189%3A0%2F1-7%2F1-7.1%2Fdriver%2F1-7%2F1-7.1%2F1-7.1%3A1.0%2Fdriver%2F1-7.1%3A1.0%2Fdriver%2F1-7.1%3A1.1%2Finput%2Finput2%2Fdevice%2Fsubsystem%2Fdevices%2Fusb2%2F2-0%3A1.0 HTTP/2.0" 200 4015 "-" "Mozilla/5.0 AppleWebKit/537.36 (KHTML, like Gecko; compatible; GPTBot/1.2; +https://openai.com/gptbot)"
20.171.207.182 - - [26/Jul/2025:08:50:02 -0400] "GET /?path=%2F%2Fsys%2Fdev%2Fchar%2F189%3A0%2F1-7%2Fdriver%2F1-7%2F1-7.1%2F1-7.1%3A1.1%2Fdriver%2F1-7.1%3A1.1%2Fdriver%2F1-7.1%3A1.0%2Fdriver%2F1-7.1%3A1.0%2Fsubsystem%2Fdevices%2F1-7%2Fsubsystem%2Fdevices%2F1-7%3A1.0 HTTP/2.0" 200 3854 "-" "Mozilla/5.0 AppleWebKit/537.36 (KHTML, like Gecko; compatible; GPTBot/1.2; +https://openai.com/gptbot)"
20.171.207.224 - - [26/Jul/2025:08:50:03 -0400] "GET /?path=%2F%2Fsys%2Fdev%2Fchar%2F189%3A0%2F1-7%2F1-7.1%2Fdriver%2F1-7%2F1-7.1%2F1-7.1%3A1.0%2Fdriver%2F1-7.1%3A1.0%2Fdriver%2F1-7.1%3A1.1%2Finput%2Finput2%2Fjs0%2Fsubsystem%2Finput2%2Fevent2%2Fdevice HTTP/2.0" 200 3657 "-" "Mozilla/5.0 AppleWebKit/537.36 (KHTML, like Gecko; compatible; GPTBot/1.2; +https://openai.com/gptbot)"
192.99.15.17 - - [26/Jul/2025:08:50:04 -0400] "GET /?viewfile=//proc/72/stack&path=//proc/72 HTTP/1.1" 200 2662 "-" "Mozilla/5.0 (compatible; MJ12bot/v1.4.8; http://mj12bot.com/)"
20.171.207.182 - - [26/Jul/2025:08:50:04 -0400] "GET /?path=%2F%2Fsys%2Fdev%2Fchar%2F189%3A0%2F1-7%2Fdriver%2F1-7%2F1-7.1%2F1-7.1%3A1.1%2Fdriver%2F1-7.1%3A1.1%2Fdriver%2F1-7.1%3A1.0%2Fdriver%2F1-7.1%3A1.0%2Fsubsystem%2Fdevices%2F1-7%2Fsubsystem%2Fdevices%2F2-0%3A1.0 HTTP/2.0" 200 3999 "-" "Mozilla/5.0 AppleWebKit/537.36 (KHTML, like Gecko; compatible; GPTBot/1.2; +https://openai.com/gptbot)"
20.171.207.182 - - [26/Jul/2025:08:50:06 -0400] "GET /?path=%2F%2Fsys%2Fdev%2Fchar%2F189%3A0%2F1-7%2Fdriver%2F1-7%2F1-7.1%2F1-7.1%3A1.1%2Fdriver%2F1-7.1%3A1.1%2Fdriver%2F1-7.1%3A1.0%2Fdriver%2F1-7.1%3A1.0%2Fsubsystem%2Fdevices%2F1-7.1%2Fdriver%2Fusb2%2Fpower HTTP/2.0" 200 3938 "-" "Mozilla/5.0 AppleWebKit/537.36 (KHTML, like Gecko; compatible; GPTBot/1.2; +https://openai.com/gptbot)"
20.171.207.224 - - [26/Jul/2025:08:50:06 -0400] "GET /?path=%2F%2Fsys%2Fdev%2Fchar%2F189%3A0%2F1-7%2F1-7.1%2Fdriver%2F1-7%2F1-7.1%2F1-7.1%3A1.0%2Fdriver%2F1-7.1%3A1.0%2Fdriver%2F1-7.1%3A1.1%2Finput%2Finput2%2Fdevice%2Fsubsystem%2Fdevices%2F1-7%3A1.0%2F1-7-port2 HTTP/2.0" 200 3396 "-" "Mozilla/5.0 AppleWebKit/537.36 (KHTML, like Gecko; compatible; GPTBot/1.2; +https://openai.com/gptbot)"
20.171.207.182 - - [26/Jul/2025:08:50:07 -0400] "GET /?path=%2F%2Fsys%2Fdev%2Fchar%2F189%3A0%2F1-7%2Fdriver%2F1-7%2F1-7.1%2F1-7.1%3A1.1%2Fdriver%2F1-7.1%3A1.1%2Fdriver%2F1-7.1%3A1.0%2Fdriver%2F1-7.1%3A1.0%2Fsubsystem%2Fdevices%2F1-7%2Fsubsystem%2Fdevices%2F1-7.1 HTTP/2.0" 200 4516 "-" "Mozilla/5.0 AppleWebKit/537.36 (KHTML, like Gecko; compatible; GPTBot/1.2; +https://openai.com/gptbot)"
20.171.207.224 - - [26/Jul/2025:08:50:07 -0400] "GET /?path=%2F%2Fsys%2Fdev%2Fchar%2F189%3A0%2F1-7%2F1-7.1%2Fdriver%2F1-7%2F1-7.1%2F1-7.1%3A1.0%2Fdriver%2F1-7.1%3A1.0%2Fdriver%2F1-7.1%3A1.1%2Finput%2Finput2%2Fjs0%2Fsubsystem%2Fjs0%2Fdevice%2Fjs0 HTTP/2.0" 200 3349 "-" "Mozilla/5.0 AppleWebKit/537.36 (KHTML, like Gecko; compatible; GPTBot/1.2; +https://openai.com/gptbot)"
192.99.15.17 - - [26/Jul/2025:08:50:07 -0400] "GET /?viewfile=//proc/72/stat&path=//proc/72 HTTP/1.1" 200 2753 "-" "Mozilla/5.0 (compatible; MJ12bot/v1.4.8; http://mj12bot.com/)"
20.171.207.182 - - [26/Jul/2025:08:50:09 -0400] "GET /?path=%2F%2Fsys%2Fdev%2Fchar%2F189%3A0%2F1-7%2Fdriver%2F1-7%2F1-7.1%2F1-7.1%3A1.1%2Fdriver%2F1-7.1%3A1.1%2Fdriver%2F1-7.1%3A1.0%2Fdriver%2F1-7.1%3A1.0%2Fsubsystem%2Fdevices%2F1-7%2Fport%2Fdevice%2F1-7%3A1.0 HTTP/2.0" 200 3853 "-" "Mozilla/5.0 AppleWebKit/537.36 (KHTML, like Gecko; compatible; GPTBot/1.2; +https://openai.com/gptbot)"
20.171.207.224 - - [26/Jul/2025:08:50:09 -0400] "GET /?path=%2F%2Fsys%2Fdev%2Fchar%2F189%3A0%2F1-7%2F1-7.1%2Fdriver%2F1-7%2F1-7.1%2F1-7.1%3A1.0%2Fdriver%2F1-7.1%3A1.0%2Fdriver%2F1-7.1%3A1.1%2Finput%2Finput2%2Fdevice%2Fsubsystem%2Fdevices%2F1-7%3A1.0%2F1-7-port3 HTTP/2.0" 200 3396 "-" "Mozilla/5.0 AppleWebKit/537.36 (KHTML, like Gecko; compatible; GPTBot/1.2; +https://openai.com/gptbot)"
20.171.207.182 - - [26/Jul/2025:08:50:10 -0400] "GET /?path=%2F%2Fsys%2Fdev%2Fchar%2F189%3A0%2F1-7%2Fdriver%2F1-7%2F1-7.1%2F1-7.1%3A1.1%2Fdriver%2F1-7.1%3A1.1%2Fdriver%2F1-7.1%3A1.0%2Fdriver%2F1-7.1%3A1.0%2Fsubsystem%2Fdevices%2F1-7.1%2Fdriver%2Fusb2%2Fep_00 HTTP/2.0" 200 3567 "-" "Mozilla/5.0 AppleWebKit/537.36 (KHTML, like Gecko; compatible; GPTBot/1.2; +https://openai.com/gptbot)"
20.171.207.224 - - [26/Jul/2025:08:50:10 -0400] "GET /?path=%2F%2Fsys%2Fdev%2Fchar%2F189%3A0%2F1-7%2F1-7.1%2Fdriver%2F1-7%2F1-7.1%2F1-7.1%3A1.0%2Fdriver%2F1-7.1%3A1.0%2Fdriver%2F1-7.1%3A1.1%2Finput%2Finput2%2Fjs0%2Fsubsystem%2Fjs0%2Fdevice%2Fevent2 HTTP/2.0" 200 3357 "-" "Mozilla/5.0 AppleWebKit/537.36 (KHTML, like Gecko; compatible; GPTBot/1.2; +https://openai.com/gptbot)"
192.99.15.17 - - [26/Jul/2025:08:50:10 -0400] "GET /?viewfile=//proc/72/statm&path=//proc/72 HTTP/1.1" 200 2671 "-" "Mozilla/5.0 (compatible; MJ12bot/v1.4.8; http://mj12bot.com/)"
20.171.207.182 - - [26/Jul/2025:08:50:12 -0400] "GET /?path=%2F%2Fsys%2Fdev%2Fchar%2F189%3A0%2F1-7%2F1-7.1%2Fdriver%2F1-7%2F1-7.1%2Fdriver%2F1-7%2F1-7%3A1.0%2Fdriver%2F1-7%3A1.0%2Fsubsystem%2Fdevices%2F1-7.1%2Fdriver%2Fusb2%2F2-0%3A1.0%2Fdriver%2F2-0%3A1.0%2Fusb2-port7 HTTP/2.0" 200 3482 "-" "Mozilla/5.0 AppleWebKit/537.36 (KHTML, like Gecko; compatible; GPTBot/1.2; +https://openai.com/gptbot)"
20.171.207.224 - - [26/Jul/2025:08:50:12 -0400] "GET /?path=%2F%2Fsys%2Fdev%2Fchar%2F189%3A0%2F1-7%2F1-7.1%2Fdriver%2F1-7%2F1-7.1%2F1-7.1%3A1.0%2Fdriver%2F1-7.1%3A1.0%2Fdriver%2F1-7.1%3A1.1%2Finput%2Finput2%2Fjs0%2Fsubsystem%2Fjs0%2Fdevice%2Fdevice HTTP/2.0" 200 3798 "-" "Mozilla/5.0 AppleWebKit/537.36 (KHTML, like Gecko; compatible; GPTBot/1.2; +https://openai.com/gptbot)"
192.99.15.17 - - [26/Jul/2025:08:50:13 -0400] "GET /?viewfile=//proc/72/status&path=//proc/72 HTTP/1.1" 200 2964 "-" "Mozilla/5.0 (compatible; MJ12bot/v1.4.8; http://mj12bot.com/)"
20.171.207.182 - - [26/Jul/2025:08:50:14 -0400] "GET /?path=%2F%2Fsys%2Fdev%2Fchar%2F189%3A0%2F1-7%2Fdriver%2F1-7%2F1-7.1%2F1-7.1%3A1.0%2Fdriver%2F1-7.1%3A1.0%2Fdriver%2F1-7.1%3A1.1%2Fdriver%2F1-7.1%3A1.1%2Fsubsystem%2Fdrivers%2Fusb%2F1-7.1%2Fsubsystem HTTP/2.0" 200 3364 "-" "Mozilla/5.0 AppleWebKit/537.36 (KHTML, like Gecko; compatible; GPTBot/1.2; +https://openai.com/gptbot)"
20.171.207.224 - - [26/Jul/2025:08:50:14 -0400] "GET /?path=%2F%2Fsys%2Fdev%2Fchar%2F189%3A0%2F1-7%2F1-7.1%2Fdriver%2F1-7.1%2F1-7.1%3A1.0%2Fdriver%2F1-7.1%3A1.1%2Fdriver%2F1-7.1%3A1.0%2Finput%2Finput1%2Fsubsystem%2Finput3%2Fid HTTP/2.0" 200 3157 "-" "Mozilla/5.0 AppleWebKit/537.36 (KHTML, like Gecko; compatible; GPTBot/1.2; +https://openai.com/gptbot)"
192.99.15.17 - - [26/Jul/2025:08:50:16 -0400] "GET /?viewfile=//proc/72/syscall&path=//proc/72 HTTP/1.1" 200 2665 "-" "Mozilla/5.0 (compatible; MJ12bot/v1.4.8; http://mj12bot.com/)"
20.171.207.224 - - [26/Jul/2025:08:50:17 -0400] "GET /?path=%2F%2Fsys%2Fdev%2Fchar%2F189%3A0%2F1-7%2F1-7.1%2Fdriver%2F1-7%2F1-7.1%2F1-7.1%3A1.0%2Fdriver%2F1-7.1%3A1.0%2Fdriver%2F1-7.1%3A1.1%2Finput%2Finput2%2Fjs0%2Fsubsystem%2Finput2%2Fdevice%2Fdriver%2F1-7.1%3A1.0 HTTP/2.0" 200 3827 "-" "Mozilla/5.0 AppleWebKit/537.36 (KHTML, like Gecko; compatible; GPTBot/1.2; +https://openai.com/gptbot)"
20.171.207.182 - - [26/Jul/2025:08:50:17 -0400] "GET /?path=%2F%2Fsys%2Fdev%2Fchar%2F189%3A0%2F1-7%2Fdriver%2F1-7%2F1-7.1%2F1-7.1%3A1.1%2Fdriver%2F1-7.1%3A1.1%2Fdriver%2F1-7.1%3A1.0%2Fdriver%2F1-7.1%3A1.0%2Fsubsystem%2Fdevices%2F1-7%2Fport%2Fdevice%2Fport HTTP/2.0" 200 3436 "-" "Mozilla/5.0 AppleWebKit/537.36 (KHTML, like Gecko; compatible; GPTBot/1.2; +https://openai.com/gptbot)"
20.171.207.224 - - [26/Jul/2025:08:50:18 -0400] "GET /?path=%2F%2Fsys%2Fdev%2Fchar%2F189%3A0%2F1-7%2F1-7.1%2Fdriver%2F1-7%2F1-7.1%2F1-7.1%3A1.0%2Fdriver%2F1-7.1%3A1.0%2Fdriver%2F1-7.1%3A1.1%2Finput%2Finput2%2Fjs0%2Fsubsystem%2Fjs0%2Fdevice%2Fid HTTP/2.0" 200 3186 "-" "Mozilla/5.0 AppleWebKit/537.36 (KHTML, like Gecko; compatible; GPTBot/1.2; +https://openai.com/gptbot)"
20.171.207.182 - - [26/Jul/2025:08:50:18 -0400] "GET /?path=%2F%2Fsys%2Fdev%2Fchar%2F189%3A0%2F1-7%2Fdriver%2F1-7%2F1-7.1%2F1-7.1%3A1.1%2Fdriver%2F1-7.1%3A1.1%2Fdriver%2F1-7.1%3A1.0%2Fdriver%2F1-7.1%3A1.0%2Fsubsystem%2Fdevices%2F1-7%2Fsubsystem%2Fdevices%2Fusb1%2Fep_00 HTTP/2.0" 200 3577 "-" "Mozilla/5.0 AppleWebKit/537.36 (KHTML, like Gecko; compatible; GPTBot/1.2; +https://openai.com/gptbot)"
192.99.15.17 - - [26/Jul/2025:08:50:19 -0400] "GET /?viewfile=//proc/72/timers&path=//proc/72 HTTP/1.1" 200 2664 "-" "Mozilla/5.0 (compatible; MJ12bot/v1.4.8; http://mj12bot.com/)"
20.171.207.224 - - [26/Jul/2025:08:50:20 -0400] "GET /?path=%2F%2Fsys%2Fdev%2Fchar%2F189%3A0%2F1-7%2F1-7.1%2Fdriver%2F1-7%2F1-7.1%2F1-7.1%3A1.0%2Fdriver%2F1-7.1%3A1.0%2Fdriver%2F1-7.1%3A1.1%2Finput%2Finput2%2Fdevice%2Fsubsystem%2Fdevices%2Fusb2%2F2-0%3A1.0%2Fep_81 HTTP/2.0" 200 3596 "-" "Mozilla/5.0 AppleWebKit/537.36 (KHTML, like Gecko; compatible; GPTBot/1.2; +https://openai.com/gptbot)"
20.171.207.182 - - [26/Jul/2025:08:50:20 -0400] "GET /?path=%2F%2Fsys%2Fdev%2Fchar%2F189%3A0%2F1-7%2Fdriver%2F1-7%2F1-7.1%2F1-7.1%3A1.1%2Fdriver%2F1-7.1%3A1.1%2Fdriver%2F1-7.1%3A1.0%2Fdriver%2F1-7.1%3A1.0%2Fsubsystem%2Fdevices%2F1-7%2Fsubsystem%2Fdevices%2Fusb1%2Fpower HTTP/2.0" 200 3873 "-" "Mozilla/5.0 AppleWebKit/537.36 (KHTML, like Gecko; compatible; GPTBot/1.2; +https://openai.com/gptbot)"
20.171.207.224 - - [26/Jul/2025:08:50:21 -0400] "GET /?path=%2F%2Fsys%2Fdev%2Fchar%2F189%3A0%2F1-7%2F1-7.1%2Fdriver%2F1-7%2F1-7.1%2F1-7.1%3A1.0%2Fdriver%2F1-7.1%3A1.0%2Fdriver%2F1-7.1%3A1.1%2Finput%2Finput2%2Fdevice%2Fsubsystem%2Fdevices%2Fusb2%2F2-0%3A1.0%2Fusb2-port1 HTTP/2.0" 200 3528 "-" "Mozilla/5.0 AppleWebKit/537.36 (KHTML, like Gecko; compatible; GPTBot/1.2; +https://openai.com/gptbot)"
20.171.207.182 - - [26/Jul/2025:08:50:21 -0400] "GET /?path=%2F%2Fsys%2Fdev%2Fchar%2F189%3A0%2F1-7%2Fdriver%2F1-7%2F1-7.1%2F1-7.1%3A1.1%2Fdriver%2F1-7.1%3A1.1%2Fdriver%2F1-7.1%3A1.0%2Fdriver%2F1-7.1%3A1.0%2Fsubsystem%2Fdevices%2F1-7%2Fsubsystem%2Fdevices%2Fusb1%2F1-7 HTTP/2.0" 200 4537 "-" "Mozilla/5.0 AppleWebKit/537.36 (KHTML, like Gecko; compatible; GPTBot/1.2; +https://openai.com/gptbot)"
20.171.207.224 - - [26/Jul/2025:08:50:22 -0400] "GET /?path=%2F%2Fsys%2Fdev%2Fchar%2F189%3A0%2F1-7%2F1-7.1%2Fdriver%2F1-7%2F1-7.1%2F1-7.1%3A1.0%2Fdriver%2F1-7.1%3A1.0%2Fdriver%2F1-7.1%3A1.1%2Finput%2Finput2%2Fjs0%2Fsubsystem%2Finput2%2Fevent2%2Fdevice%2Fjs0 HTTP/2.0" 200 3364 "-" "Mozilla/5.0 AppleWebKit/537.36 (KHTML, like Gecko; compatible; GPTBot/1.2; +https://openai.com/gptbot)"
192.99.15.17 - - [26/Jul/2025:08:50:22 -0400] "GET /?viewfile=//proc/72/uid_map&path=//proc/72 HTTP/1.1" 200 2683 "-" "Mozilla/5.0 (compatible; MJ12bot/v1.4.8; http://mj12bot.com/)"
20.171.207.182 - - [26/Jul/2025:08:50:22 -0400] "GET /?path=%2F%2Fsys%2Fdev%2Fchar%2F189%3A0%2F1-7%2F1-7.1%2Fdriver%2F1-7%2F1-7.1%2Fdriver%2F1-7%2F1-7%3A1.0%2Fdriver%2F1-7%3A1.0%2Fsubsystem%2Fdevices%2F1-7.1%2Fdriver%2Fusb2%2F2-0%3A1.0%2Fdriver%2F2-0%3A1.0%2Fusb2-port10 HTTP/2.0" 200 3482 "-" "Mozilla/5.0 AppleWebKit/537.36 (KHTML, like Gecko; compatible; GPTBot/1.2; +https://openai.com/gptbot)"
20.171.207.224 - - [26/Jul/2025:08:50:23 -0400] "GET /?path=%2F%2Fsys%2Fdev%2Fchar%2F189%3A0%2F1-7%2F1-7.1%2Fdriver%2F1-7%2F1-7.1%2F1-7.1%3A1.0%2Fdriver%2F1-7.1%3A1.0%2Fdriver%2F1-7.1%3A1.1%2Finput%2Finput2%2Fjs0%2Fsubsystem%2Finput2%2Fevent2%2Fdevice%2Fevent2 HTTP/2.0" 200 3366 "-" "Mozilla/5.0 AppleWebKit/537.36 (KHTML, like Gecko; compatible; GPTBot/1.2; +https://openai.com/gptbot)"
20.171.207.182 - - [26/Jul/2025:08:50:24 -0400] "GET /?path=%2F%2Fsys%2Fdev%2Fchar%2F189%3A0%2F1-7%2Fdriver%2F1-7%2F1-7.1%2F1-7.1%3A1.1%2Fdriver%2F1-7.1%3A1.1%2Fdriver%2F1-7.1%3A1.0%2Fdriver%2F1-7.1%3A1.0%2Fsubsystem%2Fdevices%2F1-7%2Fsubsystem%2Fdevices%2F1-0%3A1.0 HTTP/2.0" 200 4146 "-" "Mozilla/5.0 AppleWebKit/537.36 (KHTML, like Gecko; compatible; GPTBot/1.2; +https://openai.com/gptbot)"
20.171.207.224 - - [26/Jul/2025:08:50:24 -0400] "GET /?path=%2F%2Fsys%2Fdev%2Fchar%2F189%3A0%2F1-7%2F1-7.1%2Fdriver%2F1-7%2F1-7.1%2F1-7.1%3A1.0%2Fdriver%2F1-7.1%3A1.0%2Fdriver%2F1-7.1%3A1.1%2Finput%2Finput2%2Fjs0%2Fsubsystem%2Finput2%2Fevent2%2Fdevice%2Fid HTTP/2.0" 200 3204 "-" "Mozilla/5.0 AppleWebKit/537.36 (KHTML, like Gecko; compatible; GPTBot/1.2; +https://openai.com/gptbot)"
192.99.15.17 - - [26/Jul/2025:08:50:25 -0400] "GET /?viewfile=//proc/72/wchan&path=//proc/72 HTTP/1.1" 200 2678 "-" "Mozilla/5.0 (compatible; MJ12bot/v1.4.8; http://mj12bot.com/)"
20.171.207.182 - - [26/Jul/2025:08:50:25 -0400] "GET /?path=%2F%2Fsys%2Fdev%2Fchar%2F189%3A0%2F1-7%2F1-7.1%2F1-7.1%3A1.1%2Fdriver%2F1-7.1%3A1.0%2Fdriver%2F1-7.1%3A1.1%2Fdriver%2F1-7.1%3A1.1%2Fsubsystem%2Fdevices%2F1-7%2Fdriver%2F1-7%2Fport%2Fdevice%2F1-7.1%2Fsubsystem HTTP/2.0" 200 3390 "-" "Mozilla/5.0 AppleWebKit/537.36 (KHTML, like Gecko; compatible; GPTBot/1.2; +https://openai.com/gptbot)"
20.171.207.224 - - [26/Jul/2025:08:50:26 -0400] "GET /?path=%2F%2Fsys%2Fdev%2Fchar%2F189%3A0%2F1-7%2F1-7.1%2Fdriver%2F1-7%2F1-7.1%2F1-7.1%3A1.0%2Fdriver%2F1-7.1%3A1.0%2Fdriver%2F1-7.1%3A1.1%2Finput%2Finput2%2Fjs0%2Fsubsystem%2Finput2%2Fdevice%2Fdriver%2F1-7.1%3A1.1 HTTP/2.0" 200 3828 "-" "Mozilla/5.0 AppleWebKit/537.36 (KHTML, like Gecko; compatible; GPTBot/1.2; +https://openai.com/gptbot)"
20.171.207.182 - - [26/Jul/2025:08:50:26 -0400] "GET /?path=%2F%2Fsys%2Fdev%2Fchar%2F189%3A0%2F1-7%2Fdriver%2F1-7%2F1-7.1%2F1-7.1%3A1.1%2Fdriver%2F1-7.1%3A1.1%2Fdriver%2F1-7.1%3A1.0%2Fdriver%2F1-7.1%3A1.0%2Fsubsystem%2Fdevices%2F1-7%2Fport%2Fdevice%2F1-7%3A1.0%2Fep_81 HTTP/2.0" 200 3581 "-" "Mozilla/5.0 AppleWebKit/537.36 (KHTML, like Gecko; compatible; GPTBot/1.2; +https://openai.com/gptbot)"
20.171.207.224 - - [26/Jul/2025:08:50:27 -0400] "GET /?path=%2F%2Fsys%2Fdev%2Fchar%2F189%3A0%2F1-7%2F1-7.1%2Fdriver%2F1-7%2F1-7.1%2F1-7.1%3A1.0%2Fdriver%2F1-7.1%3A1.0%2Fdriver%2F1-7.1%3A1.1%2Finput%2Finput2%2Fjs0%2Fsubsystem%2Fjs0%2Fdevice%2Fjs0%2Fdevice HTTP/2.0" 200 3658 "-" "Mozilla/5.0 AppleWebKit/537.36 (KHTML, like Gecko; compatible; GPTBot/1.2; +https://openai.com/gptbot)"
20.171.207.182 - - [26/Jul/2025:08:50:27 -0400] "GET /?path=%2F%2Fsys%2Fdev%2Fchar%2F189%3A0%2F1-7%2Fdriver%2F1-7%2F1-7.1%2F1-7.1%3A1.0%2Fdriver%2F1-7.1%3A1.0%2Fdriver%2F1-7.1%3A1.1%2Fsubsystem%2Fdevices%2Fusb1%2F1-7%2Fdriver%2Fusb2 HTTP/2.0" 200 4638 "-" "Mozilla/5.0 AppleWebKit/537.36 (KHTML, like Gecko; compatible; GPTBot/1.2; +https://openai.com/gptbot)"
192.99.15.17 - - [26/Jul/2025:08:50:27 -0400] "GET /?viewfile=//proc/73/autogroup&path=//proc/73 HTTP/1.1" 200 2666 "-" "Mozilla/5.0 (compatible; MJ12bot/v1.4.8; http://mj12bot.com/)"
20.171.207.224 - - [26/Jul/2025:08:50:28 -0400] "GET /?path=%2F%2Fsys%2Fdev%2Fchar%2F189%3A0%2F1-7%2F1-7.1%2Fdriver%2F1-7%2F1-7.1%2F1-7.1%3A1.0%2Fdriver%2F1-7.1%3A1.0%2Fdriver%2F1-7.1%3A1.1%2Finput%2Finput2%2Fdevice%2Fsubsystem%2Fdevices%2Fusb2%2F2-0%3A1.0%2Fpower HTTP/2.0" 200 3268 "-" "Mozilla/5.0 AppleWebKit/537.36 (KHTML, like Gecko; compatible; GPTBot/1.2; +https://openai.com/gptbot)"
20.171.207.182 - - [26/Jul/2025:08:50:29 -0400] "GET /?path=%2F%2Fsys%2Fdev%2Fchar%2F189%3A0%2F1-7%2Fdriver%2F1-7%2F1-7.1%2F1-7.1%3A1.0%2Fdriver%2F1-7.1%3A1.0%2Fdriver%2F1-7.1%3A1.1%2Fdriver%2F1-7.1%3A1.1%2Fsubsystem%2Fdrivers%2Fusb%2F1-7.1%2Fsubsystem%2Fdrivers HTTP/2.0" 200 3149 "-" "Mozilla/5.0 AppleWebKit/537.36 (KHTML, like Gecko; compatible; GPTBot/1.2; +https://openai.com/gptbot)"
20.171.207.224 - - [26/Jul/2025:08:50:29 -0400] "GET /?path=%2F%2Fsys%2Fdev%2Fchar%2F189%3A0%2F1-7%2F1-7.1%2Fdriver%2F1-7%2F1-7.1%2F1-7.1%3A1.0%2Fdriver%2F1-7.1%3A1.0%2Fdriver%2F1-7.1%3A1.1%2Finput%2Finput2%2Fjs0%2Fsubsystem%2Finput1%2Fsubsystem HTTP/2.0" 200 3303 "-" "Mozilla/5.0 AppleWebKit/537.36 (KHTML, like Gecko; compatible; GPTBot/1.2; +https://openai.com/gptbot)"
20.171.207.182 - - [26/Jul/2025:08:50:30 -0400] "GET /?path=%2F%2Fsys%2Fdev%2Fchar%2F189%3A0%2F1-7%2Fdriver%2F1-7%2F1-7.1%2F1-7.1%3A1.1%2Fdriver%2F1-7.1%3A1.1%2Fdriver%2F1-7.1%3A1.0%2Fdriver%2F1-7.1%3A1.0%2Fsubsystem%2Fdevices%2F1-7%2Fport%2Fdevice%2F1-7%3A1.0%2Fpower HTTP/2.0" 200 3253 "-" "Mozilla/5.0 AppleWebKit/537.36 (KHTML, like Gecko; compatible; GPTBot/1.2; +https://openai.com/gptbot)"
20.171.207.224 - - [26/Jul/2025:08:50:31 -0400] "GET /?path=%2F%2Fsys%2Fdev%2Fchar%2F189%3A0%2F1-7%2F1-7.1%2F1-7.1%3A1.0%2Fdriver%2F1-7.1%3A1.0%2Fdriver%2F1-7.1%3A1.1%2Fdriver%2F1-7.1%3A1.1%2Finput%2Finput2%2Fevent2%2Fdevice%2Fsubsystem%2Finput0 HTTP/2.0" 200 3594 "-" "Mozilla/5.0 AppleWebKit/537.36 (KHTML, like Gecko; compatible; GPTBot/1.2; +https://openai.com/gptbot)"
20.171.207.182 - - [26/Jul/2025:08:50:31 -0400] "GET /?path=%2F%2Fsys%2Fdev%2Fchar%2F189%3A0%2F1-7%2Fdriver%2F1-7%2F1-7.1%2F1-7.1%3A1.1%2Fdriver%2F1-7.1%3A1.1%2Fdriver%2F1-7.1%3A1.0%2Fdriver%2F1-7.1%3A1.0%2Fsubsystem%2Fdevices%2F1-7%2Fsubsystem%2Fdevices%2F1-7.1%3A1.0 HTTP/2.0" 200 3815 "-" "Mozilla/5.0 AppleWebKit/537.36 (KHTML, like Gecko; compatible; GPTBot/1.2; +https://openai.com/gptbot)"
20.171.207.224 - - [26/Jul/2025:08:50:32 -0400] "GET /?path=%2F%2Fsys%2Fdev%2Fchar%2F189%3A0%2F1-7%2F1-7.1%2Fdriver%2F1-7%2F1-7.1%2F1-7.1%3A1.0%2Fdriver%2F1-7.1%3A1.0%2Fdriver%2F1-7.1%3A1.1%2Finput%2Finput2%2Fmouse0%2Fsubsystem%2Finput3 HTTP/2.0" 200 3583 "-" "Mozilla/5.0 AppleWebKit/537.36 (KHTML, like Gecko; compatible; GPTBot/1.2; +https://openai.com/gptbot)"
192.99.15.17 - - [26/Jul/2025:08:50:33 -0400] "GET /?viewfile=//proc/73/auxv&path=//proc/73 HTTP/1.1" 200 2664 "-" "Mozilla/5.0 (compatible; MJ12bot/v1.4.8; http://mj12bot.com/)"
20.171.207.182 - - [26/Jul/2025:08:50:33 -0400] "GET /?path=%2F%2Fsys%2Fdev%2Fchar%2F189%3A0%2F1-7%2Fdriver%2F1-7%2F1-7.1%2F1-7.1%3A1.1%2Fdriver%2F1-7.1%3A1.1%2Fdriver%2F1-7.1%3A1.0%2Fdriver%2F1-7.1%3A1.0%2Fsubsystem%2Fdevices%2F1-7.1%2F1-7.1%3A1.0%2Fsubsystem%2Fdevices HTTP/2.0" 200 3236 "-" "Mozilla/5.0 AppleWebKit/537.36 (KHTML, like Gecko; compatible; GPTBot/1.2; +https://openai.com/gptbot)"
20.171.207.224 - - [26/Jul/2025:08:50:33 -0400] "GET /?path=%2F%2Fsys%2Fdev%2Fchar%2F189%3A0%2F1-7%2F1-7.1%2Fdriver%2F1-7%2F1-7.1%2F1-7.1%3A1.0%2Fdriver%2F1-7.1%3A1.0%2Fdriver%2F1-7.1%3A1.1%2Finput%2Finput2%2Fjs0%2Fsubsystem%2Finput2%2Fsubsystem HTTP/2.0" 200 3298 "-" "Mozilla/5.0 AppleWebKit/537.36 (KHTML, like Gecko; compatible; GPTBot/1.2; +https://openai.com/gptbot)"
20.171.207.182 - - [26/Jul/2025:08:50:34 -0400] "GET /?path=%2F%2Fsys%2Fdev%2Fchar%2F189%3A0%2F1-7%2F1-7.1%2F1-7.1%3A1.1%2Fdriver%2F1-7.1%3A1.0%2Fdriver%2F1-7.1%3A1.1%2Fdriver%2F1-7.1%3A1.1%2Fsubsystem%2Fdevices%2F1-7%2Fdriver%2F1-7%2Fport%2Fdevice%2F1-7.1%2Fpower HTTP/2.0" 200 3912 "-" "Mozilla/5.0 AppleWebKit/537.36 (KHTML, like Gecko; compatible; GPTBot/1.2; +https://openai.com/gptbot)"
20.171.207.224 - - [26/Jul/2025:08:50:35 -0400] "GET /?path=%2F%2Fsys%2Fdev%2Fchar%2F189%3A0%2F1-7%2F1-7.1%2Fdriver%2F1-7%2F1-7.1%2F1-7.1%3A1.0%2Fdriver%2F1-7.1%3A1.0%2Fdriver%2F1-7.1%3A1.1%2Finput%2Finput2%2Fjs0%2Fsubsystem%2Finput2%2Fevent2%2Fdevice%2Fjs0 HTTP/2.0" 200 3364 "-" "Mozilla/5.0 AppleWebKit/537.36 (KHTML, like Gecko; compatible; GPTBot/1.2; +https://openai.com/gptbot)"
20.171.207.182 - - [26/Jul/2025:08:50:35 -0400] "GET /?path=%2F%2Fsys%2Fdev%2Fchar%2F189%3A0%2F1-7%2Fdriver%2F1-7%2F1-7.1%2F1-7.1%3A1.1%2Fdriver%2F1-7.1%3A1.1%2Fdriver%2F1-7.1%3A1.0%2Fdriver%2F1-7.1%3A1.0%2Fsubsystem%2Fdevices%2F1-7%3A1.0%2Fsubsystem%2Fdrivers HTTP/2.0" 200 3148 "-" "Mozilla/5.0 AppleWebKit/537.36 (KHTML, like Gecko; compatible; GPTBot/1.2; +https://openai.com/gptbot)"
192.99.15.17 - - [26/Jul/2025:08:50:36 -0400] "GET /?viewfile=//proc/73/cgroup&path=//proc/73 HTTP/1.1" 200 2762 "-" "Mozilla/5.0 (compatible; MJ12bot/v1.4.8; http://mj12bot.com/)"
20.171.207.224 - - [26/Jul/2025:08:50:36 -0400] "GET /?path=%2F%2Fsys%2Fdev%2Fchar%2F189%3A0%2F1-7%2F1-7.1%2Fdriver%2F1-7%2F1-7.1%2F1-7.1%3A1.0%2Fdriver%2F1-7.1%3A1.0%2Fdriver%2F1-7.1%3A1.1%2Finput%2Finput2%2Fjs0%2Fsubsystem%2Fevent1%2Fpower HTTP/2.0" 200 3388 "-" "Mozilla/5.0 AppleWebKit/537.36 (KHTML, like Gecko; compatible; GPTBot/1.2; +https://openai.com/gptbot)"
20.171.207.182 - - [26/Jul/2025:08:50:37 -0400] "GET /?path=%2F%2Fsys%2Fdev%2Fchar%2F189%3A0%2F1-7%2Fdriver%2F1-7%2F1-7.1%2F1-7.1%3A1.1%2Fdriver%2F1-7.1%3A1.1%2Fdriver%2F1-7.1%3A1.0%2Fdriver%2F1-7.1%3A1.0%2Fsubsystem%2Fdevices%2F1-7%2Fsubsystem%2Fdevices%2F1-7.1%3A1.1 HTTP/2.0" 200 3817 "-" "Mozilla/5.0 AppleWebKit/537.36 (KHTML, like Gecko; compatible; GPTBot/1.2; +https://openai.com/gptbot)"
20.171.207.224 - - [26/Jul/2025:08:50:37 -0400] "GET /?path=%2F%2Fsys%2Fdev%2Fchar%2F189%3A0%2F1-7%2F1-7.1%2Fdriver%2F1-7%2F1-7.1%2F1-7.1%3A1.0%2Fdriver%2F1-7.1%3A1.0%2Fdriver%2F1-7.1%3A1.1%2Finput%2Finput2%2Fmouse0%2Fsubsystem%2Fevent2 HTTP/2.0" 200 3348 "-" "Mozilla/5.0 AppleWebKit/537.36 (KHTML, like Gecko; compatible; GPTBot/1.2; +https://openai.com/gptbot)"
20.171.207.182 - - [26/Jul/2025:08:50:38 -0400] "GET /?path=%2F%2Fsys%2Fdev%2Fchar%2F189%3A0%2F1-7%2Fdriver%2F1-7%2F1-7.1%2F1-7.1%3A1.0%2Fdriver%2F1-7.1%3A1.0%2Fdriver%2F1-7.1%3A1.1%2Fdriver%2F1-7.1%3A1.1%2Fsubsystem%2Fdrivers%2Fusb%2F1-7.1%2Fsubsystem%2Fdevices HTTP/2.0" 200 3247 "-" "Mozilla/5.0 AppleWebKit/537.36 (KHTML, like Gecko; compatible; GPTBot/1.2; +https://openai.com/gptbot)"
192.99.15.17 - - [26/Jul/2025:08:50:39 -0400] "GET /?viewfile=//proc/73/clear_refs&path=//proc/73 HTTP/1.1" 200 2669 "-" "Mozilla/5.0 (compatible; MJ12bot/v1.4.8; http://mj12bot.com/)"
20.171.207.224 - - [26/Jul/2025:08:50:39 -0400] "GET /?path=%2F%2Fsys%2Fdev%2Fchar%2F189%3A0%2F1-7%2F1-7.1%2Fdriver%2F1-7%2F1-7.1%2F1-7.1%3A1.0%2Fdriver%2F1-7.1%3A1.0%2Fdriver%2F1-7.1%3A1.1%2Finput%2Finput2%2Fmouse0%2Fsubsystem%2Fmouse0 HTTP/2.0" 200 3341 "-" "Mozilla/5.0 AppleWebKit/537.36 (KHTML, like Gecko; compatible; GPTBot/1.2; +https://openai.com/gptbot)"
20.171.207.182 - - [26/Jul/2025:08:50:40 -0400] "GET /?path=%2F%2Fsys%2Fdev%2Fchar%2F189%3A0%2F1-7%2Fdriver%2F1-7%2F1-7.1%2F1-7.1%3A1.1%2Fdriver%2F1-7.1%3A1.1%2Fdriver%2F1-7.1%3A1.0%2Fdriver%2F1-7.1%3A1.0%2Fsubsystem%2Fdevices%2F1-7.1%3A1.0%2Fsubsystem%2Fdrivers%2Fusb HTTP/2.0" 200 3433 "-" "Mozilla/5.0 AppleWebKit/537.36 (KHTML, like Gecko; compatible; GPTBot/1.2; +https://openai.com/gptbot)"
20.171.207.224 - - [26/Jul/2025:08:50:40 -0400] "GET /?path=%2F%2Fsys%2Fdev%2Fchar%2F189%3A0%2F1-7%2F1-7.1%2Fdriver%2F1-7%2F1-7.1%2F1-7.1%3A1.0%2Fdriver%2F1-7.1%3A1.0%2Fdriver%2F1-7.1%3A1.1%2Finput%2Finput2%2Fdevice%2Fsubsystem%2Fdevices%2F1-0%3A1.0%2Fusb1-port1 HTTP/2.0" 200 3473 "-" "Mozilla/5.0 AppleWebKit/537.36 (KHTML, like Gecko; compatible; GPTBot/1.2; +https://openai.com/gptbot)"
20.171.207.182 - - [26/Jul/2025:08:50:41 -0400] "GET /?path=%2F%2Fsys%2Fdev%2Fchar%2F189%3A0%2F1-7%2Fdriver%2F1-7%2F1-7.1%2F1-7.1%3A1.1%2Fdriver%2F1-7.1%3A1.1%2Fdriver%2F1-7.1%3A1.0%2Fdriver%2F1-7.1%3A1.0%2Fsubsystem%2Fdevices%2F1-7.1%2Fsubsystem HTTP/2.0" 200 3347 "-" "Mozilla/5.0 AppleWebKit/537.36 (KHTML, like Gecko; compatible; GPTBot/1.2; +https://openai.com/gptbot)"
20.171.207.224 - - [26/Jul/2025:08:50:42 -0400] "GET /?path=%2F%2Fsys%2Fdev%2Fchar%2F189%3A0%2F1-7%2F1-7.1%2Fdriver%2F1-7%2F1-7.1%2F1-7.1%3A1.0%2Fdriver%2F1-7.1%3A1.0%2Fdriver%2F1-7.1%3A1.1%2Finput%2Finput2%2Fjs0%2Fsubsystem%2Fjs0%2Fdevice%2Fjs0%2Fdevice%2Fjs0 HTTP/2.0" 200 3359 "-" "Mozilla/5.0 AppleWebKit/537.36 (KHTML, like Gecko; compatible; GPTBot/1.2; +https://openai.com/gptbot)"
20.171.207.182 - - [26/Jul/2025:08:50:42 -0400] "GET /?path=%2F%2Fsys%2Fdev%2Fchar%2F189%3A0%2F1-7%2F1-7.1%2Fdriver%2F1-7%2F1-7.1%2Fdriver%2F1-7%2F1-7%3A1.0%2Fdriver%2F1-7%3A1.0%2Fsubsystem%2Fdevices%2F1-7.1%2Fdriver%2Fusb2%2F2-0%3A1.0%2Fdriver%2F2-0%3A1.0%2Fsubsystem HTTP/2.0" 200 3383 "-" "Mozilla/5.0 AppleWebKit/537.36 (KHTML, like Gecko; compatible; GPTBot/1.2; +https://openai.com/gptbot)"
192.99.15.17 - - [26/Jul/2025:08:50:42 -0400] "GET /?viewfile=//proc/73/cmdline&path=//proc/73 HTTP/1.1" 200 2665 "-" "Mozilla/5.0 (compatible; MJ12bot/v1.4.8; http://mj12bot.com/)"
20.171.207.224 - - [26/Jul/2025:08:50:43 -0400] "GET /?path=%2F%2Fsys%2Fdev%2Fchar%2F189%3A0%2F1-7%2F1-7.1%2Fdriver%2F1-7%2F1-7.1%2F1-7.1%3A1.0%2Fdriver%2F1-7.1%3A1.0%2Fdriver%2F1-7.1%3A1.1%2Finput%2Finput2%2Fjs0%2Fsubsystem%2Fjs0%2Fdevice%2Fjs0%2Fdevice%2Fid HTTP/2.0" 200 3199 "-" "Mozilla/5.0 AppleWebKit/537.36 (KHTML, like Gecko; compatible; GPTBot/1.2; +https://openai.com/gptbot)"
20.171.207.182 - - [26/Jul/2025:08:50:43 -0400] "GET /?path=%2F%2Fsys%2Fdev%2Fchar%2F189%3A0%2F1-7%2F1-7.1%2Fdriver%2F1-7%2F1-7.1%2Fdriver%2F1-7%2F1-7%3A1.0%2Fdriver%2F1-7%3A1.0%2Fsubsystem%2Fdevices%2F1-7.1%2Fdriver%2Fusb2%2F2-0%3A1.0%2Fdriver%2F2-0%3A1.0%2Fusb2-port9 HTTP/2.0" 200 3482 "-" "Mozilla/5.0 AppleWebKit/537.36 (KHTML, like Gecko; compatible; GPTBot/1.2; +https://openai.com/gptbot)"
20.171.207.182 - - [26/Jul/2025:08:50:45 -0400] "GET /?path=%2F%2Fsys%2Fdev%2Fchar%2F189%3A0%2F1-7%2F1-7.1%2Fdriver%2F1-7%2F1-7.1%2Fdriver%2F1-7%2F1-7%3A1.0%2Fdriver%2F1-7%3A1.0%2Fsubsystem%2Fdevices%2F1-7.1%2Fdriver%2Fusb2%2F2-0%3A1.0%2Fdriver%2F2-0%3A1.0%2Fusb2-port2 HTTP/2.0" 200 3482 "-" "Mozilla/5.0 AppleWebKit/537.36 (KHTML, like Gecko; compatible; GPTBot/1.2; +https://openai.com/gptbot)"
20.171.207.224 - - [26/Jul/2025:08:50:44 -0400] "GET /?path=%2F%2Fsys%2Fdev%2Fchar%2F189%3A0%2F1-7%2F1-7.1%2Fdriver%2F1-7%2F1-7.1%2F1-7.1%3A1.0%2Fdriver%2F1-7.1%3A1.0%2Fdriver%2F1-7.1%3A1.1%2Finput%2Finput2%2Fjs0%2Fsubsystem%2Fjs0%2Fdevice%2Fjs0%2Fdevice%2Fevent2 HTTP/2.0" 200 3367 "-" "Mozilla/5.0 AppleWebKit/537.36 (KHTML, like Gecko; compatible; GPTBot/1.2; +https://openai.com/gptbot)"
192.99.15.17 - - [26/Jul/2025:08:50:45 -0400] "GET /?viewfile=//proc/73/comm&path=//proc/73 HTTP/1.1" 200 2674 "-" "Mozilla/5.0 (compatible; MJ12bot/v1.4.8; http://mj12bot.com/)"
20.171.207.182 - - [26/Jul/2025:08:50:46 -0400] "GET /?path=%2F%2Fsys%2Fdev%2Fchar%2F189%3A0%2F1-7%2F1-7.1%2F1-7.1%3A1.1%2Fdriver%2F1-7.1%3A1.0%2Fdriver%2F1-7.1%3A1.1%2Fdriver%2F1-7.1%3A1.1%2Fsubsystem%2Fdevices%2F1-7%2Fdriver%2F1-7%2Fport%2Fpower HTTP/2.0" 200 3388 "-" "Mozilla/5.0 AppleWebKit/537.36 (KHTML, like Gecko; compatible; GPTBot/1.2; +https://openai.com/gptbot)"
20.171.207.224 - - [26/Jul/2025:08:50:46 -0400] "GET /?path=%2F%2Fsys%2Fdev%2Fchar%2F189%3A0%2F1-7%2F1-7.1%2F1-7.1%3A1.0%2Fdriver%2F1-7.1%3A1.0%2Fdriver%2F1-7.1%3A1.1%2Fdriver%2F1-7.1%3A1.1%2Finput%2Finput2%2Fevent2%2Fdevice%2Fsubsystem%2Finput0%2Fevent0 HTTP/2.0" 200 3362 "-" "Mozilla/5.0 AppleWebKit/537.36 (KHTML, like Gecko; compatible; GPTBot/1.2; +https://openai.com/gptbot)"
20.171.207.182 - - [26/Jul/2025:08:50:47 -0400] "GET /?path=%2F%2Fsys%2Fdev%2Fchar%2F189%3A0%2F1-7%2Fdriver%2F1-7%2F1-7.1%2F1-7.1%3A1.1%2Fdriver%2F1-7.1%3A1.1%2Fdriver%2F1-7.1%3A1.0%2Fdriver%2F1-7.1%3A1.0%2Fsubsystem%2Fdevices%2F1-7.1%2F1-7.1%3A1.0%2Fdriver%2F1-7.1%3A1.1 HTTP/2.0" 200 3816 "-" "Mozilla/5.0 AppleWebKit/537.36 (KHTML, like Gecko; compatible; GPTBot/1.2; +https://openai.com/gptbot)"
20.171.207.224 - - [26/Jul/2025:08:50:47 -0400] "GET /?path=%2F%2Fsys%2Fdev%2Fchar%2F189%3A0%2F1-7%2F1-7.1%2F1-7.1%3A1.0%2Fdriver%2F1-7.1%3A1.0%2Fdriver%2F1-7.1%3A1.1%2Fdriver%2F1-7.1%3A1.1%2Finput%2Finput2%2Fevent2%2Fdevice%2Fsubsystem%2Finput0%2Fid HTTP/2.0" 200 3190 "-" "Mozilla/5.0 AppleWebKit/537.36 (KHTML, like Gecko; compatible; GPTBot/1.2; +https://openai.com/gptbot)"
192.99.15.17 - - [26/Jul/2025:08:50:48 -0400] "GET /?viewfile=//proc/73/coredump_filter&path=//proc/73 HTTP/1.1" 200 2676 "-" "Mozilla/5.0 (compatible; MJ12bot/v1.4.8; http://mj12bot.com/)"
20.171.207.224 - - [26/Jul/2025:08:50:49 -0400] "GET /?path=%2F%2Fsys%2Fdev%2Fchar%2F189%3A0%2F1-7%2F1-7.1%2Fdriver%2F1-7%2F1-7.1%2F1-7.1%3A1.0%2Fdriver%2F1-7.1%3A1.0%2Fdriver%2F1-7.1%3A1.1%2Finput%2Finput2%2Fjs0%2Fsubsystem%2Finput0%2Fdevice HTTP/2.0" 200 3425 "-" "Mozilla/5.0 AppleWebKit/537.36 (KHTML, like Gecko; compatible; GPTBot/1.2; +https://openai.com/gptbot)"
20.171.207.182 - - [26/Jul/2025:08:50:49 -0400] "GET /?path=%2F%2Fsys%2Fdev%2Fchar%2F189%3A0%2F1-7%2Fdriver%2F1-7%2F1-7.1%2F1-7.1%3A1.1%2Fdriver%2F1-7.1%3A1.1%2Fdriver%2F1-7.1%3A1.0%2Fdriver%2F1-7.1%3A1.0%2Fsubsystem%2Fdevices%2F1-7.1%2F1-7.1%3A1.0%2Fdriver%2F1-7.1%3A1.0 HTTP/2.0" 200 3811 "-" "Mozilla/5.0 AppleWebKit/537.36 (KHTML, like Gecko; compatible; GPTBot/1.2; +https://openai.com/gptbot)"
20.171.207.224 - - [26/Jul/2025:08:50:50 -0400] "GET /?path=%2F%2Fsys%2Fdev%2Fchar%2F189%3A0%2F1-7%2F1-7.1%2Fdriver%2F1-7%2F1-7.1%2F1-7.1%3A1.0%2Fdriver%2F1-7.1%3A1.0%2Fdriver%2F1-7.1%3A1.1%2Finput%2Finput2%2Fdevice%2Fsubsystem%2Fdevices%2F2-0%3A1.0%2Fsubsystem HTTP/2.0" 200 3381 "-" "Mozilla/5.0 AppleWebKit/537.36 (KHTML, like Gecko; compatible; GPTBot/1.2; +https://openai.com/gptbot)"
20.171.207.182 - - [26/Jul/2025:08:50:50 -0400] "GET /?path=%2F%2Fsys%2Fdev%2Fchar%2F189%3A0%2F1-7%2Fdriver%2F1-7%2F1-7.1%2F1-7.1%3A1.1%2Fdriver%2F1-7.1%3A1.1%2Fdriver%2F1-7.1%3A1.0%2Fdriver%2F1-7.1%3A1.0%2Fsubsystem%2Fdevices%2F2-0%3A1.0%2Fusb2-port9 HTTP/2.0" 200 3454 "-" "Mozilla/5.0 AppleWebKit/537.36 (KHTML, like Gecko; compatible; GPTBot/1.2; +https://openai.com/gptbot)"
192.99.15.17 - - [26/Jul/2025:08:50:50 -0400] "GET /?viewfile=//proc/73/cpuset&path=//proc/73 HTTP/1.1" 200 2668 "-" "Mozilla/5.0 (compatible; MJ12bot/v1.4.8; http://mj12bot.com/)"
20.171.207.182 - - [26/Jul/2025:08:50:51 -0400] "GET /?path=%2F%2Fsys%2Fdev%2Fchar%2F189%3A0%2F1-7%2Fdriver%2F1-7%2F1-7.1%2F1-7.1%3A1.0%2Fdriver%2F1-7.1%3A1.0%2Fdriver%2F1-7.1%3A1.1%2Fdriver%2F1-7.1%3A1.1%2Fsubsystem%2Fdrivers%2Fusb%2F1-7.1%2Fsubsystem%2Fdevices%2F1-7 HTTP/2.0" 200 4546 "-" "Mozilla/5.0 AppleWebKit/537.36 (KHTML, like Gecko; compatible; GPTBot/1.2; +https://openai.com/gptbot)"
20.171.207.224 - - [26/Jul/2025:08:50:51 -0400] "GET /?path=%2F%2Fsys%2Fdev%2Fchar%2F189%3A0%2F1-7%2F1-7.1%2F1-7.1%3A1.0%2Fdriver%2F1-7.1%3A1.0%2Fdriver%2F1-7.1%3A1.1%2Fdriver%2F1-7.1%3A1.1%2Finput%2Finput2%2Fevent2%2Fdevice%2Fsubsystem%2Finput2%2Fjs0 HTTP/2.0" 200 3350 "-" "Mozilla/5.0 AppleWebKit/537.36 (KHTML, like Gecko; compatible; GPTBot/1.2; +https://openai.com/gptbot)"
20.171.207.182 - - [26/Jul/2025:08:50:53 -0400] "GET /?path=%2F%2Fsys%2Fdev%2Fchar%2F189%3A0%2F1-7%2Fdriver%2F1-7%2F1-7.1%2F1-7.1%3A1.0%2Fdriver%2F1-7.1%3A1.0%2Fdriver%2F1-7.1%3A1.1%2Fdriver%2F1-7.1%3A1.1%2Fsubsystem%2Fdrivers%2Fusb%2F1-7.1%2Fsubsystem%2Fdevices%2Fusb1 HTTP/2.0" 200 4752 "-" "Mozilla/5.0 AppleWebKit/537.36 (KHTML, like Gecko; compatible; GPTBot/1.2; +https://openai.com/gptbot)"
20.171.207.224 - - [26/Jul/2025:08:50:53 -0400] "GET /?path=%2F%2Fsys%2Fdev%2Fchar%2F189%3A0%2F1-7%2F1-7.1%2Fdriver%2F1-7%2F1-7.1%2F1-7.1%3A1.0%2Fdriver%2F1-7.1%3A1.0%2Fdriver%2F1-7.1%3A1.1%2Finput%2Finput2%2Fmouse0%2Fsubsystem%2Fmouse0%2Fpower HTTP/2.0" 200 3383 "-" "Mozilla/5.0 AppleWebKit/537.36 (KHTML, like Gecko; compatible; GPTBot/1.2; +https://openai.com/gptbot)"
192.99.15.17 - - [26/Jul/2025:08:50:53 -0400] "GET /?viewfile=//proc/73/environ&path=//proc/73 HTTP/1.1" 200 2665 "-" "Mozilla/5.0 (compatible; MJ12bot/v1.4.8; http://mj12bot.com/)"
20.171.207.182 - - [26/Jul/2025:08:50:54 -0400] "GET /?path=%2F%2Fsys%2Fdev%2Fchar%2F189%3A0%2F1-7%2Fdriver%2F1-7%2F1-7.1%2F1-7.1%3A1.1%2Fdriver%2F1-7.1%3A1.1%2Fdriver%2F1-7.1%3A1.0%2Fdriver%2F1-7.1%3A1.0%2Fsubsystem%2Fdevices%2F1-7.1%2Fsubsystem%2Fdevices HTTP/2.0" 200 3219 "-" "Mozilla/5.0 AppleWebKit/537.36 (KHTML, like Gecko; compatible; GPTBot/1.2; +https://openai.com/gptbot)"
20.171.207.224 - - [26/Jul/2025:08:50:54 -0400] "GET /?path=%2F%2Fsys%2Fdev%2Fchar%2F189%3A0%2F1-7%2F1-7.1%2Fdriver%2F1-7%2F1-7.1%2F1-7.1%3A1.0%2Fdriver%2F1-7.1%3A1.0%2Fdriver%2F1-7.1%3A1.1%2Finput%2Finput2%2Fdevice%2Fsubsystem%2Fdevices%2F1-0%3A1.0%2Fusb1-port1%2Fpeer HTTP/2.0" 200 3526 "-" "Mozilla/5.0 AppleWebKit/537.36 (KHTML, like Gecko; compatible; GPTBot/1.2; +https://openai.com/gptbot)"
20.171.207.182 - - [26/Jul/2025:08:50:55 -0400] "GET /?path=%2F%2Fsys%2Fdev%2Fchar%2F189%3A0%2F1-7%2Fdriver%2F1-7%2F1-7.1%2F1-7.1%3A1.0%2Fdriver%2F1-7.1%3A1.0%2Fdriver%2F1-7.1%3A1.1%2Fdriver%2F1-7.1%3A1.1%2Fsubsystem%2Fdrivers%2Fusb%2F1-7.1%2Fsubsystem%2Fdevices%2Fusb2 HTTP/2.0" 200 4732 "-" "Mozilla/5.0 AppleWebKit/537.36 (KHTML, like Gecko; compatible; GPTBot/1.2; +https://openai.com/gptbot)"
20.171.207.224 - - [26/Jul/2025:08:50:55 -0400] "GET /?path=%2F%2Fsys%2Fdev%2Fchar%2F189%3A0%2F1-7%2F1-7.1%2Fdriver%2F1-7%2F1-7.1%2F1-7.1%3A1.0%2Fdriver%2F1-7.1%3A1.0%2Fdriver%2F1-7.1%3A1.1%2Finput%2Finput2%2Fdevice%2Fsubsystem%2Fdevices%2F1-0%3A1.0%2Fusb1-port11 HTTP/2.0" 200 3445 "-" "Mozilla/5.0 AppleWebKit/537.36 (KHTML, like Gecko; compatible; GPTBot/1.2; +https://openai.com/gptbot)"
192.99.15.17 - - [26/Jul/2025:08:50:56 -0400] "GET /?viewfile=//proc/73/gid_map&path=//proc/73 HTTP/1.1" 200 2684 "-" "Mozilla/5.0 (compatible; MJ12bot/v1.4.8; http://mj12bot.com/)"
20.171.207.182 - - [26/Jul/2025:08:50:57 -0400] "GET /?path=%2F%2Fsys%2Fdev%2Fchar%2F189%3A0%2F1-7%2Fdriver%2F1-7%2F1-7.1%2F1-7.1%3A1.1%2Fdriver%2F1-7.1%3A1.1%2Fdriver%2F1-7.1%3A1.0%2Fdriver%2F1-7.1%3A1.0%2Fsubsystem%2Fdevices%2F1-7%2Fep_00%2Fpower HTTP/2.0" 200 3381 "-" "Mozilla/5.0 AppleWebKit/537.36 (KHTML, like Gecko; compatible; GPTBot/1.2; +https://openai.com/gptbot)"
20.171.207.224 - - [26/Jul/2025:08:50:57 -0400] "GET /?path=%2F%2Fsys%2Fdev%2Fchar%2F189%3A0%2F1-7%2F1-7.1%2Fdriver%2F1-7%2F1-7.1%2F1-7.1%3A1.0%2Fdriver%2F1-7.1%3A1.0%2Fdriver%2F1-7.1%3A1.1%2Finput%2Finput2%2Fmouse0%2Fsubsystem%2Fmice HTTP/2.0" 200 3316 "-" "Mozilla/5.0 AppleWebKit/537.36 (KHTML, like Gecko; compatible; GPTBot/1.2; +https://openai.com/gptbot)"
20.171.207.182 - - [26/Jul/2025:08:50:58 -0400] "GET /?path=%2F%2Fsys%2Fdev%2Fchar%2F189%3A0%2F1-7%2Fdriver%2F1-7%2F1-7.1%2F1-7.1%3A1.1%2Fdriver%2F1-7.1%3A1.1%2Fdriver%2F1-7.1%3A1.0%2Fdriver%2F1-7.1%3A1.0%2Fsubsystem%2Fdevices%2F2-0%3A1.0%2Fusb2-port1 HTTP/2.0" 200 3484 "-" "Mozilla/5.0 AppleWebKit/537.36 (KHTML, like Gecko; compatible; GPTBot/1.2; +https://openai.com/gptbot)"
192.99.15.17 - - [26/Jul/2025:08:50:58 -0400] "GET /?viewfile=//proc/73/io&path=//proc/73 HTTP/1.1" 200 2660 "-" "Mozilla/5.0 (compatible; MJ12bot/v1.4.8; http://mj12bot.com/)"
20.171.207.224 - - [26/Jul/2025:08:50:59 -0400] "GET /?path=%2F%2Fsys%2Fdev%2Fchar%2F189%3A0%2F1-7%2F1-7.1%2Fdriver%2F1-7%2F1-7.1%2F1-7.1%3A1.0%2Fdriver%2F1-7.1%3A1.0%2Fdriver%2F1-7.1%3A1.1%2Finput%2Finput2%2Fdevice%2Fsubsystem%2Fdevices%2Fusb2%2F2-0%3A1.0%2Fusb2-port10 HTTP/2.0" 200 3510 "-" "Mozilla/5.0 AppleWebKit/537.36 (KHTML, like Gecko; compatible; GPTBot/1.2; +https://openai.com/gptbot)"
20.171.207.182 - - [26/Jul/2025:08:50:59 -0400] "GET /?path=%2F%2Fsys%2Fdev%2Fchar%2F189%3A0%2F1-7%2Fdriver%2F1-7%2F1-7.1%2F1-7.1%3A1.1%2Fdriver%2F1-7.1%3A1.1%2Fdriver%2F1-7.1%3A1.0%2Fdriver%2F1-7.1%3A1.0%2Fsubsystem%2Fdevices%2F2-0%3A1.0%2Fusb2-port10 HTTP/2.0" 200 3455 "-" "Mozilla/5.0 AppleWebKit/537.36 (KHTML, like Gecko; compatible; GPTBot/1.2; +https://openai.com/gptbot)"
20.171.207.224 - - [26/Jul/2025:08:51:00 -0400] "GET /?path=%2F%2Fsys%2Fdev%2Fchar%2F189%3A0%2F1-7%2F1-7.1%2Fdriver%2F1-7%2F1-7.1%2F1-7.1%3A1.0%2Fdriver%2F1-7.1%3A1.0%2Fdriver%2F1-7.1%3A1.1%2Finput%2Finput2%2Fdevice%2Fsubsystem%2Fdevices%2Fusb2%2F2-0%3A1.0%2Fsubsystem HTTP/2.0" 200 3397 "-" "Mozilla/5.0 AppleWebKit/537.36 (KHTML, like Gecko; compatible; GPTBot/1.2; +https://openai.com/gptbot)"
20.171.207.182 - - [26/Jul/2025:08:51:01 -0400] "GET /?path=%2F%2Fsys%2Fdev%2Fchar%2F189%3A0%2F1-7%2Fdriver%2F1-7%2F1-7.1%2F1-7.1%3A1.1%2Fdriver%2F1-7.1%3A1.1%2Fdriver%2F1-7.1%3A1.0%2Fdriver%2F1-7.1%3A1.0%2Fsubsystem%2Fdevices%2F1-0%3A1.0%2Fusb1-port1 HTTP/2.0" 200 3442 "-" "Mozilla/5.0 AppleWebKit/537.36 (KHTML, like Gecko; compatible; GPTBot/1.2; +https://openai.com/gptbot)"
192.99.15.17 - - [26/Jul/2025:08:51:01 -0400] "GET /?viewfile=//proc/73/limits&path=//proc/73 HTTP/1.1" 200 2936 "-" "Mozilla/5.0 (compatible; MJ12bot/v1.4.8; http://mj12bot.com/)"
20.171.207.224 - - [26/Jul/2025:08:51:01 -0400] "GET /?path=%2F%2Fsys%2Fdev%2Fchar%2F189%3A0%2F1-7%2F1-7.1%2Fdriver%2F1-7%2F1-7.1%2F1-7.1%3A1.0%2Fdriver%2F1-7.1%3A1.0%2Fdriver%2F1-7.1%3A1.1%2Finput%2Finput2%2Fjs0%2Fsubsystem%2Fevent1%2Fsubsystem HTTP/2.0" 200 3301 "-" "Mozilla/5.0 AppleWebKit/537.36 (KHTML, like Gecko; compatible; GPTBot/1.2; +https://openai.com/gptbot)"
20.171.207.182 - - [26/Jul/2025:08:51:02 -0400] "GET /?path=%2F%2Fsys%2Fdev%2Fchar%2F189%3A0%2F1-7%2Fdriver%2F1-7%2F1-7.1%2F1-7.1%3A1.1%2Fdriver%2F1-7.1%3A1.1%2Fdriver%2F1-7.1%3A1.0%2Fdriver%2F1-7.1%3A1.0%2Fsubsystem%2Fdevices%2F1-7.1%2F1-7.1%3A1.0%2Fdriver%2F1-7.1%3A1.0%2Fep_81 HTTP/2.0" 200 3593 "-" "Mozilla/5.0 AppleWebKit/537.36 (KHTML, like Gecko; compatible; GPTBot/1.2; +https://openai.com/gptbot)"
20.171.207.224 - - [26/Jul/2025:08:51:03 -0400] "GET /?path=%2F%2Fsys%2Fdev%2Fchar%2F189%3A0%2F1-7%2F1-7.1%2Fdriver%2F1-7%2F1-7.1%2F1-7.1%3A1.0%2Fdriver%2F1-7.1%3A1.0%2Fdriver%2F1-7.1%3A1.1%2Finput%2Finput2%2Fjs0%2Fsubsystem%2Finput0%2Fdevice%2Fdriver HTTP/2.0" 200 3355 "-" "Mozilla/5.0 AppleWebKit/537.36 (KHTML, like Gecko; compatible; GPTBot/1.2; +https://openai.com/gptbot)"
20.171.207.182 - - [26/Jul/2025:08:51:03 -0400] "GET /?path=%2F%2Fsys%2Fdev%2Fchar%2F189%3A0%2F1-7%2Fdriver%2F1-7%2F1-7.1%2F1-7.1%3A1.1%2Fdriver%2F1-7.1%3A1.1%2Fdriver%2F1-7.1%3A1.0%2Fdriver%2F1-7.1%3A1.0%2Fsubsystem%2Fdevices%2F1-7.1%2F1-7.1%3A1.0%2Fdriver%2F1-7.1%3A1.0%2Finput HTTP/2.0" 200 3022 "-" "Mozilla/5.0 AppleWebKit/537.36 (KHTML, like Gecko; compatible; GPTBot/1.2; +https://openai.com/gptbot)"
20.171.207.182 - - [26/Jul/2025:08:51:05 -0400] "GET /?path=%2F%2Fsys%2Fdev%2Fchar%2F189%3A0%2F1-7%2Fdriver%2F1-7%2F1-7.1%2F1-7.1%3A1.0%2Fdriver%2F1-7.1%3A1.0%2Fdriver%2F1-7.1%3A1.1%2Fdriver%2F1-7.1%3A1.1%2Fsubsystem%2Fdrivers%2Fusb%2F1-7.1%2Fsubsystem%2Fdevices%2F1-7%2Fdriver HTTP/2.0" 200 3451 "-" "Mozilla/5.0 AppleWebKit/537.36 (KHTML, like Gecko; compatible; GPTBot/1.2; +https://openai.com/gptbot)"
192.99.15.17 - - [26/Jul/2025:08:51:04 -0400] "GET /?viewfile=//proc/73/loginuid&path=//proc/73 HTTP/1.1" 200 2677 "-" "Mozilla/5.0 (compatible; MJ12bot/v1.4.8; http://mj12bot.com/)"
20.171.207.224 - - [26/Jul/2025:08:51:04 -0400] "GET /?path=%2F%2Fsys%2Fdev%2Fchar%2F189%3A0%2F1-7%2F1-7.1%2Fdriver%2F1-7%2F1-7.1%2F1-7.1%3A1.0%2Fdriver%2F1-7.1%3A1.0%2Fdriver%2F1-7.1%3A1.1%2Finput%2Finput2%2Fdevice%2Fsubsystem%2Fdevices%2F1-0%3A1.0%2Fusb1-port3 HTTP/2.0" 200 3442 "-" "Mozilla/5.0 AppleWebKit/537.36 (KHTML, like Gecko; compatible; GPTBot/1.2; +https://openai.com/gptbot)"
20.171.207.224 - - [26/Jul/2025:08:51:06 -0400] "GET /?path=%2F%2Fsys%2Fdev%2Fchar%2F189%3A0%2F1-7%2F1-7.1%2Fdriver%2F1-7%2F1-7.1%2F1-7.1%3A1.0%2Fdriver%2F1-7.1%3A1.0%2Fdriver%2F1-7.1%3A1.1%2Finput%2Finput2%2Fdevice%2Fsubsystem%2Fdevices%2Fusb1%2Fep_00 HTTP/2.0" 200 3578 "-" "Mozilla/5.0 AppleWebKit/537.36 (KHTML, like Gecko; compatible; GPTBot/1.2; +https://openai.com/gptbot)"
20.171.207.182 - - [26/Jul/2025:08:51:06 -0400] "GET /?path=%2F%2Fsys%2Fdev%2Fchar%2F189%3A0%2F1-7%2Fdriver%2F1-7%2F1-7.1%2F1-7.1%3A1.1%2Fdriver%2F1-7.1%3A1.1%2Fdriver%2F1-7.1%3A1.0%2Fdriver%2F1-7.1%3A1.0%2Fsubsystem%2Fdevices%2F2-0%3A1.0%2Fusb2-port9%2Fpower HTTP/2.0" 200 3395 "-" "Mozilla/5.0 AppleWebKit/537.36 (KHTML, like Gecko; compatible; GPTBot/1.2; +https://openai.com/gptbot)"
192.99.15.17 - - [26/Jul/2025:08:51:07 -0400] "GET /?viewfile=//proc/73/maps&path=//proc/73 HTTP/1.1" 200 2663 "-" "Mozilla/5.0 (compatible; MJ12bot/v1.4.8; http://mj12bot.com/)"
20.171.207.224 - - [26/Jul/2025:08:51:07 -0400] "GET /?path=%2F%2Fsys%2Fdev%2Fchar%2F189%3A0%2F1-7%2F1-7.1%2Fdriver%2F1-7%2F1-7.1%2F1-7.1%3A1.0%2Fdriver%2F1-7.1%3A1.0%2Fdriver%2F1-7.1%3A1.1%2Finput%2Finput2%2Fjs0%2Fsubsystem%2Fevent2%2Fdevice%2Fpower HTTP/2.0" 200 3406 "-" "Mozilla/5.0 AppleWebKit/537.36 (KHTML, like Gecko; compatible; GPTBot/1.2; +https://openai.com/gptbot)"
20.171.207.182 - - [26/Jul/2025:08:51:07 -0400] "GET /?path=%2F%2Fsys%2Fdev%2Fchar%2F189%3A0%2F1-7%2Fdriver%2F1-7%2F1-7.1%2F1-7.1%3A1.1%2Fdriver%2F1-7.1%3A1.1%2Fdriver%2F1-7.1%3A1.0%2Fdriver%2F1-7.1%3A1.0%2Fsubsystem%2Fdevices%2F2-0%3A1.0%2Fusb2-port9%2Ffirmware_node HTTP/2.0" 200 3416 "-" "Mozilla/5.0 AppleWebKit/537.36 (KHTML, like Gecko; compatible; GPTBot/1.2; +https://openai.com/gptbot)"
20.171.207.224 - - [26/Jul/2025:08:51:09 -0400] "GET /?path=%2F%2Fsys%2Fdev%2Fchar%2F189%3A0%2F1-7%2F1-7.1%2Fdriver%2F1-7%2F1-7.1%2F1-7.1%3A1.0%2Fdriver%2F1-7.1%3A1.0%2Fdriver%2F1-7.1%3A1.1%2Finput%2Finput2%2Fmouse0%2Fsubsystem%2Finput2 HTTP/2.0" 200 3634 "-" "Mozilla/5.0 AppleWebKit/537.36 (KHTML, like Gecko; compatible; GPTBot/1.2; +https://openai.com/gptbot)"
20.171.207.182 - - [26/Jul/2025:08:51:09 -0400] "GET /?path=%2F%2Fsys%2Fdev%2Fchar%2F189%3A0%2F1-7%2Fdriver%2F1-7%2F1-7.1%2F1-7.1%3A1.1%2Fdriver%2F1-7.1%3A1.1%2Fdriver%2F1-7.1%3A1.0%2Fdriver%2F1-7.1%3A1.0%2Fsubsystem%2Fdevices%2F1-7.1%2Fsubsystem%2Fdevices%2F1-7 HTTP/2.0" 200 4516 "-" "Mozilla/5.0 AppleWebKit/537.36 (KHTML, like Gecko; compatible; GPTBot/1.2; +https://openai.com/gptbot)"
20.171.207.182 - - [26/Jul/2025:08:51:10 -0400] "GET /?path=%2F%2Fsys%2Fdev%2Fchar%2F189%3A0%2F1-7%2Fdriver%2F1-7%2F1-7.1%2F1-7.1%3A1.1%2Fdriver%2F1-7.1%3A1.1%2Fdriver%2F1-7.1%3A1.0%2Fdriver%2F1-7.1%3A1.0%2Fsubsystem%2Fdevices%2F1-7.1%2Fsubsystem%2Fdevices%2F1-7.1%3A1.0 HTTP/2.0" 200 3837 "-" "Mozilla/5.0 AppleWebKit/537.36 (KHTML, like Gecko; compatible; GPTBot/1.2; +https://openai.com/gptbot)"
20.171.207.224 - - [26/Jul/2025:08:51:10 -0400] "GET /?path=%2F%2Fsys%2Fdev%2Fchar%2F189%3A0%2F1-7%2F1-7.1%2Fdriver%2F1-7%2F1-7.1%2F1-7.1%3A1.0%2Fdriver%2F1-7.1%3A1.0%2Fdriver%2F1-7.1%3A1.1%2Finput%2Finput2%2Fdevice%2Fsubsystem%2Fdevices%2F2-0%3A1.0%2Fusb2-port3 HTTP/2.0" 200 3514 "-" "Mozilla/5.0 AppleWebKit/537.36 (KHTML, like Gecko; compatible; GPTBot/1.2; +https://openai.com/gptbot)"
192.99.15.17 - - [26/Jul/2025:08:51:10 -0400] "GET /?viewfile=//proc/73/mem&path=//proc/73 HTTP/1.1" 200 2662 "-" "Mozilla/5.0 (compatible; MJ12bot/v1.4.8; http://mj12bot.com/)"
20.171.207.182 - - [26/Jul/2025:08:51:11 -0400] "GET /?path=%2F%2Fsys%2Fdev%2Fchar%2F189%3A0%2F1-7%2Fdriver%2F1-7%2F1-7.1%2F1-7.1%3A1.1%2Fdriver%2F1-7.1%3A1.1%2Fdriver%2F1-7.1%3A1.0%2Fdriver%2F1-7.1%3A1.0%2Fsubsystem%2Fdevices%2F2-0%3A1.0%2Fusb2-port1%2Fpower HTTP/2.0" 200 3395 "-" "Mozilla/5.0 AppleWebKit/537.36 (KHTML, like Gecko; compatible; GPTBot/1.2; +https://openai.com/gptbot)"
20.171.207.224 - - [26/Jul/2025:08:51:11 -0400] "GET /?path=%2F%2Fsys%2Fdev%2Fchar%2F189%3A0%2F1-7%2F1-7.1%2Fdriver%2F1-7%2F1-7.1%2F1-7.1%3A1.0%2Fdriver%2F1-7.1%3A1.0%2Fdriver%2F1-7.1%3A1.1%2Finput%2Finput2%2Fjs0%2Fsubsystem%2Finput3%2Fdevice HTTP/2.0" 200 3396 "-" "Mozilla/5.0 AppleWebKit/537.36 (KHTML, like Gecko; compatible; GPTBot/1.2; +https://openai.com/gptbot)"
20.171.207.182 - - [26/Jul/2025:08:51:12 -0400] "GET /?path=%2F%2Fsys%2Fdev%2Fchar%2F189%3A0%2F1-7%2Fdriver%2F1-7%2F1-7.1%2F1-7.1%3A1.1%2Fdriver%2F1-7.1%3A1.1%2Fdriver%2F1-7.1%3A1.0%2Fdriver%2F1-7.1%3A1.0%2Fsubsystem%2Fdevices%2F2-0%3A1.0%2Fusb2-port10&viewfile=%2F%2Fsys%2Fdev%2Fchar%2F189%3A0%2F1-7%2Fdriver%2F1-7%2F1-7.1%2F1-7.1%3A1.1%2Fdriver%2F1-7.1%3A1.1%2Fdriver%2F1-7.1%3A1.0%2Fdriver%2F1-7.1%3A1.0%2Fsubsystem%2Fdevices%2F2-0%3A1.0%2Fusb2-port10%2Fquirks HTTP/2.0" 200 2867 "-" "Mozilla/5.0 AppleWebKit/537.36 (KHTML, like Gecko; compatible; GPTBot/1.2; +https://openai.com/gptbot)"
20.171.207.224 - - [26/Jul/2025:08:51:13 -0400] "GET /?path=%2F%2Fsys%2Fdev%2Fchar%2F189%3A0%2F1-7%2F1-7.1%2Fdriver%2F1-7%2F1-7.1%2F1-7.1%3A1.0%2Fdriver%2F1-7.1%3A1.0%2Fdriver%2F1-7.1%3A1.1%2Finput%2Finput2%2Fjs0%2Fsubsystem%2Fjs0%2Fdevice%2Fjs0%2Fsubsystem HTTP/2.0" 200 3318 "-" "Mozilla/5.0 AppleWebKit/537.36 (KHTML, like Gecko; compatible; GPTBot/1.2; +https://openai.com/gptbot)"
192.99.15.17 - - [26/Jul/2025:08:51:13 -0400] "GET /?viewfile=//proc/73/mountinfo&path=//proc/73 HTTP/1.1" 200 3560 "-" "Mozilla/5.0 (compatible; MJ12bot/v1.4.8; http://mj12bot.com/)"
20.171.207.182 - - [26/Jul/2025:08:51:13 -0400] "GET /?path=%2F%2Fsys%2Fdev%2Fchar%2F189%3A0%2F1-7%2Fdriver%2F1-7%2F1-7.1%2F1-7.1%3A1.1%2Fdriver%2F1-7.1%3A1.1%2Fdriver%2F1-7.1%3A1.0%2Fdriver%2F1-7.1%3A1.0%2Fsubsystem%2Fdevices%2F1-0%3A1.0%2Fusb1-port1 HTTP/2.0" 200 3442 "-" "Mozilla/5.0 AppleWebKit/537.36 (KHTML, like Gecko; compatible; GPTBot/1.2; +https://openai.com/gptbot)"
20.171.207.224 - - [26/Jul/2025:08:51:14 -0400] "GET /?path=%2F%2Fsys%2Fdev%2Fchar%2F189%3A0%2F1-7%2F1-7.1%2F1-7.1%3A1.0%2Fdriver%2F1-7.1%3A1.0%2Fdriver%2F1-7.1%3A1.1%2Fdriver%2F1-7.1%3A1.1%2Finput%2Finput2%2Fevent2%2Fdevice%2Fsubsystem%2Fjs0 HTTP/2.0" 200 3342 "-" "Mozilla/5.0 AppleWebKit/537.36 (KHTML, like Gecko; compatible; GPTBot/1.2; +https://openai.com/gptbot)"
20.171.207.182 - - [26/Jul/2025:08:51:15 -0400] "GET /?path=%2F%2Fsys%2Fdev%2Fchar%2F189%3A0%2F1-7%2Fdriver%2F1-7%2F1-7.1%2F1-7.1%3A1.1%2Fdriver%2F1-7.1%3A1.1%2Fdriver%2F1-7.1%3A1.0%2Fdriver%2F1-7.1%3A1.0%2Fsubsystem%2Fdevices%2F2-0%3A1.0%2Fusb2-port10%2Fpower HTTP/2.0" 200 3396 "-" "Mozilla/5.0 AppleWebKit/537.36 (KHTML, like Gecko; compatible; GPTBot/1.2; +https://openai.com/gptbot)"
20.171.207.224 - - [26/Jul/2025:08:51:16 -0400] "GET /?path=%2F%2Fsys%2Fdev%2Fchar%2F189%3A0%2F1-7%2F1-7.1%2Fdriver%2F1-7%2F1-7.1%2F1-7.1%3A1.0%2Fdriver%2F1-7.1%3A1.0%2Fdriver%2F1-7.1%3A1.1%2Finput%2Finput2%2Fjs0%2Fsubsystem%2Fevent1%2Fsubsystem%2Fevent0 HTTP/2.0" 200 3371 "-" "Mozilla/5.0 AppleWebKit/537.36 (KHTML, like Gecko; compatible; GPTBot/1.2; +https://openai.com/gptbot)"
192.99.15.17 - - [26/Jul/2025:08:51:16 -0400] "GET /?viewfile=//proc/73/mounts&path=//proc/73 HTTP/1.1" 200 3276 "-" "Mozilla/5.0 (compatible; MJ12bot/v1.4.8; http://mj12bot.com/)"
20.171.207.182 - - [26/Jul/2025:08:51:16 -0400] "GET /?path=%2F%2Fsys%2Fdev%2Fchar%2F189%3A0%2F1-7%2Fdriver%2F1-7%2F1-7.1%2F1-7.1%3A1.1%2Fdriver%2F1-7.1%3A1.1%2Fdriver%2F1-7.1%3A1.0%2Fdriver%2F1-7.1%3A1.0%2Fsubsystem%2Fdevices%2F1-0%3A1.0%2Fusb1-port1%2Fpower HTTP/2.0" 200 3394 "-" "Mozilla/5.0 AppleWebKit/537.36 (KHTML, like Gecko; compatible; GPTBot/1.2; +https://openai.com/gptbot)"
20.171.207.224 - - [26/Jul/2025:08:51:17 -0400] "GET /?path=%2F%2Fsys%2Fdev%2Fchar%2F189%3A0%2F1-7%2F1-7.1%2Fdriver%2F1-7%2F1-7.1%2F1-7.1%3A1.0%2Fdriver%2F1-7.1%3A1.0%2Fdriver%2F1-7.1%3A1.1%2Finput%2Finput2%2Fjs0%2Fsubsystem%2Fevent1%2Fsubsystem%2Fevent1 HTTP/2.0" 200 3358 "-" "Mozilla/5.0 AppleWebKit/537.36 (KHTML, like Gecko; compatible; GPTBot/1.2; +https://openai.com/gptbot)"
20.171.207.182 - - [26/Jul/2025:08:51:17 -0400] "GET /?path=%2F%2Fsys%2Fdev%2Fchar%2F189%3A0%2F1-7%2Fdriver%2F1-7%2F1-7.1%2F1-7.1%3A1.1%2Fdriver%2F1-7.1%3A1.1%2Fdriver%2F1-7.1%3A1.0%2Fdriver%2F1-7.1%3A1.0%2Fsubsystem%2Fdevices%2F1-0%3A1.0%2Fusb1-port1%2Ffirmware_node HTTP/2.0" 200 3416 "-" "Mozilla/5.0 AppleWebKit/537.36 (KHTML, like Gecko; compatible; GPTBot/1.2; +https://openai.com/gptbot)"
20.171.207.224 - - [26/Jul/2025:08:51:18 -0400] "GET /?path=%2F%2Fsys%2Fdev%2Fchar%2F189%3A0%2F1-7%2F1-7.1%2Fdriver%2F1-7%2F1-7.1%2F1-7.1%3A1.0%2Fdriver%2F1-7.1%3A1.0%2Fdriver%2F1-7.1%3A1.1%2Finput%2Finput2%2Fjs0%2Fsubsystem%2Fevent1%2Fsubsystem%2Fjs0 HTTP/2.0" 200 3361 "-" "Mozilla/5.0 AppleWebKit/537.36 (KHTML, like Gecko; compatible; GPTBot/1.2; +https://openai.com/gptbot)"
