192.99.15.17 - - [26/Jul/2025:08:51:19 -0400] "GET /?viewfile=//proc/73/mountstats&path=//proc/73 HTTP/1.1" 200 2668 "-" "Mozilla/5.0 (compatible; MJ12bot/v1.4.8; http://mj12bot.com/)"
20.171.207.182 - - [26/Jul/2025:08:51:19 -0400] "GET /?path=%2F%2Fsys%2Fdev%2Fchar%2F189%3A0%2F1-7%2Fdriver%2F1-7%2F1-7.1%2F1-7.1%3A1.1%2Fdriver%2F1-7.1%3A1.1%2Fdriver%2F1-7.1%3A1.0%2Fdriver%2F1-7.1%3A1.0%2Fsubsystem%2Fdevices%2F2-0%3A1.0%2Fusb2-port10%2Ffirmware_node HTTP/2.0" 200 3422 "-" "Mozilla/5.0 AppleWebKit/537.36 (KHTML, like Gecko; compatible; GPTBot/1.2; +https://openai.com/gptbot)"
20.171.207.224 - - [26/Jul/2025:08:51:19 -0400] "GET /?path=%2F%2Fsys%2Fdev%2Fchar%2F189%3A0%2F1-7%2F1-7.1%2Fdriver%2F1-7%2F1-7.1%2F1-7.1%3A1.0%2Fdriver%2F1-7.1%3A1.0%2Fdriver%2F1-7.1%3A1.1%2Finput%2Finput2%2Fdevice%2Fsubsystem%2Fdevices%2F2-0%3A1.0%2Fusb2-port9 HTTP/2.0" 200 3483 "-" "Mozilla/5.0 AppleWebKit/537.36 (KHTML, like Gecko; compatible; GPTBot/1.2; +https://openai.com/gptbot)"
20.171.207.182 - - [26/Jul/2025:08:51:20 -0400] "GET /?path=%2F%2Fsys%2Fdev%2Fchar%2F189%3A0%2F1-7%2Fdriver%2F1-7%2F1-7.1%2F1-7.1%3A1.1%2Fdriver%2F1-7.1%3A1.1%2Fdriver%2F1-7.1%3A1.0%2Fdriver%2F1-7.1%3A1.0%2Fsubsystem%2Fdevices%2F2-0%3A1.0%2Fusb2-port1%2Ffirmware_node HTTP/2.0" 200 3417 "-" "Mozilla/5.0 AppleWebKit/537.36 (KHTML, like Gecko; compatible; GPTBot/1.2; +https://openai.com/gptbot)"
20.171.207.224 - - [26/Jul/2025:08:51:21 -0400] "GET /?path=%2F%2Fsys%2Fdev%2Fchar%2F189%3A0%2F1-7%2F1-7.1%2Fdriver%2F1-7%2F1-7.1%2F1-7.1%3A1.0%2Fdriver%2F1-7.1%3A1.0%2Fdriver%2F1-7.1%3A1.1%2Finput%2Finput2%2Fjs0%2Fsubsystem%2Finput2%2Fsubsystem%2Fevent2 HTTP/2.0" 200 3362 "-" "Mozilla/5.0 AppleWebKit/537.36 (KHTML, like Gecko; compatible; GPTBot/1.2; +https://openai.com/gptbot)"
20.171.207.224 - - [26/Jul/2025:08:51:22 -0400] "GET /?path=%2F%2Fsys%2Fdev%2Fchar%2F189%3A0%2F1-7%2F1-7.1%2Fdriver%2F1-7%2F1-7.1%2F1-7.1%3A1.0%2Fdriver%2F1-7.1%3A1.0%2Fdriver%2F1-7.1%3A1.1%2Finput%2Finput2%2Fmouse0%2Fsubsystem%2Finput2%2Fid HTTP/2.0" 200 3175 "-" "Mozilla/5.0 AppleWebKit/537.36 (KHTML, like Gecko; compatible; GPTBot/1.2; +https://openai.com/gptbot)"
20.171.207.182 - - [26/Jul/2025:08:51:22 -0400] "GET /?path=%2F%2Fsys%2Fdev%2Fchar%2F189%3A0%2F1-7%2Fdriver%2F1-7%2F1-7.1%2F1-7.1%3A1.1%2Fdriver%2F1-7.1%3A1.1%2Fdriver%2F1-7.1%3A1.0%2Fdriver%2F1-7.1%3A1.0%2Fsubsystem%2Fdevices%2F2-0%3A1.0%2Fusb2-port1%2Fpeer HTTP/2.0" 200 3454 "-" "Mozilla/5.0 AppleWebKit/537.36 (KHTML, like Gecko; compatible; GPTBot/1.2; +https://openai.com/gptbot)"
192.99.15.17 - - [26/Jul/2025:08:51:22 -0400] "GET /?viewfile=//proc/73/numa_maps&path=//proc/73 HTTP/1.1" 200 2670 "-" "Mozilla/5.0 (compatible; MJ12bot/v1.4.8; http://mj12bot.com/)"
20.171.207.224 - - [26/Jul/2025:08:51:23 -0400] "GET /?path=%2F%2Fsys%2Fdev%2Fchar%2F189%3A0%2F1-7%2F1-7.1%2Fdriver%2F1-7%2F1-7.1%2F1-7.1%3A1.0%2Fdriver%2F1-7.1%3A1.0%2Fdriver%2F1-7.1%3A1.1%2Finput%2Finput2%2Fmouse0%2Fsubsystem%2Fevent1 HTTP/2.0" 200 3348 "-" "Mozilla/5.0 AppleWebKit/537.36 (KHTML, like Gecko; compatible; GPTBot/1.2; +https://openai.com/gptbot)"
20.171.207.182 - - [26/Jul/2025:08:51:23 -0400] "GET /?path=%2F%2Fsys%2Fdev%2Fchar%2F189%3A0%2F1-7%2Fdriver%2F1-7%2F1-7.1%2F1-7.1%3A1.1%2Fdriver%2F1-7.1%3A1.1%2Fdriver%2F1-7.1%3A1.0%2Fdriver%2F1-7.1%3A1.0%2Fsubsystem%2Fdevices%2F1-7.1%2Fsubsystem%2Fdevices%2Fusb2 HTTP/2.0" 200 4710 "-" "Mozilla/5.0 AppleWebKit/537.36 (KHTML, like Gecko; compatible; GPTBot/1.2; +https://openai.com/gptbot)"
192.99.15.17 - - [26/Jul/2025:08:51:25 -0400] "GET /?viewfile=//proc/73/oom_adj&path=//proc/73 HTTP/1.1" 200 2670 "-" "Mozilla/5.0 (compatible; MJ12bot/v1.4.8; http://mj12bot.com/)"
20.171.207.224 - - [26/Jul/2025:08:51:24 -0400] "GET /?path=%2F%2Fsys%2Fdev%2Fchar%2F189%3A0%2F1-7%2F1-7.1%2Fdriver%2F1-7%2F1-7.1%2F1-7.1%3A1.0%2Fdriver%2F1-7.1%3A1.0%2Fdriver%2F1-7.1%3A1.1%2Finput%2Finput2%2Fjs0%2Fsubsystem%2Finput3%2Fdevice%2Fdriver HTTP/2.0" 200 3385 "-" "Mozilla/5.0 AppleWebKit/537.36 (KHTML, like Gecko; compatible; GPTBot/1.2; +https://openai.com/gptbot)"
20.171.207.182 - - [26/Jul/2025:08:51:25 -0400] "GET /?path=%2F%2Fsys%2Fdev%2Fchar%2F189%3A0%2F1-7%2Fdriver%2F1-7%2F1-7.1%2F1-7.1%3A1.1%2Fdriver%2F1-7.1%3A1.1%2Fdriver%2F1-7.1%3A1.0%2Fdriver%2F1-7.1%3A1.0%2Fsubsystem%2Fdevices%2F1-7.1%2Fsubsystem%2Fdevices%2F2-0%3A1.0 HTTP/2.0" 200 3999 "-" "Mozilla/5.0 AppleWebKit/537.36 (KHTML, like Gecko; compatible; GPTBot/1.2; +https://openai.com/gptbot)"
20.171.207.182 - - [26/Jul/2025:08:51:26 -0400] "GET /?path=%2F%2Fsys%2Fdev%2Fchar%2F189%3A0%2F1-7%2Fdriver%2F1-7%2F1-7.1%2F1-7.1%3A1.1%2Fdriver%2F1-7.1%3A1.1%2Fdriver%2F1-7.1%3A1.0%2Fdriver%2F1-7.1%3A1.0%2Fsubsystem%2Fdevices%2F1-0%3A1.0%2Fusb1-port1%2Fpeer HTTP/2.0" 200 3494 "-" "Mozilla/5.0 AppleWebKit/537.36 (KHTML, like Gecko; compatible; GPTBot/1.2; +https://openai.com/gptbot)"
20.171.207.224 - - [26/Jul/2025:08:51:26 -0400] "GET /?path=%2F%2Fsys%2Fdev%2Fchar%2F189%3A0%2F1-7%2F1-7.1%2Fdriver%2F1-7%2F1-7.1%2F1-7.1%3A1.0%2Fdriver%2F1-7.1%3A1.0%2Fdriver%2F1-7.1%3A1.1%2Finput%2Finput2%2Fjs0%2Fsubsystem%2Fjs0%2Fpower HTTP/2.0" 200 3377 "-" "Mozilla/5.0 AppleWebKit/537.36 (KHTML, like Gecko; compatible; GPTBot/1.2; +https://openai.com/gptbot)"
192.99.15.17 - - [26/Jul/2025:08:51:27 -0400] "GET /?viewfile=//proc/73/oom_score&path=//proc/73 HTTP/1.1" 200 2671 "-" "Mozilla/5.0 (compatible; MJ12bot/v1.4.8; http://mj12bot.com/)"
20.171.207.182 - - [26/Jul/2025:08:51:27 -0400] "GET /?path=%2F%2Fsys%2Fdev%2Fchar%2F189%3A0%2F1-7%2Fdriver%2F1-7%2F1-7.1%2F1-7.1%3A1.1%2Fdriver%2F1-7.1%3A1.1%2Fdriver%2F1-7.1%3A1.0%2Fdriver%2F1-7.1%3A1.0%2Fsubsystem%2Fdevices%2F1-7.1%2Fsubsystem%2Fdevices%2Fusb1 HTTP/2.0" 200 4730 "-" "Mozilla/5.0 AppleWebKit/537.36 (KHTML, like Gecko; compatible; GPTBot/1.2; +https://openai.com/gptbot)"
20.171.207.224 - - [26/Jul/2025:08:51:27 -0400] "GET /?path=%2F%2Fsys%2Fdev%2Fchar%2F189%3A0%2F1-7%2F1-7.1%2Fdriver%2F1-7%2F1-7.1%2F1-7.1%3A1.0%2Fdriver%2F1-7.1%3A1.0%2Fdriver%2F1-7.1%3A1.1%2Finput%2Finput2%2Fdevice%2Fsubsystem%2Fdevices%2F1-0%3A1.0%2Fpower HTTP/2.0" 200 3254 "-" "Mozilla/5.0 AppleWebKit/537.36 (KHTML, like Gecko; compatible; GPTBot/1.2; +https://openai.com/gptbot)"
20.171.207.182 - - [26/Jul/2025:08:51:29 -0400] "GET /?path=%2F%2Fsys%2Fdev%2Fchar%2F189%3A0%2F1-7%2Fdriver%2F1-7%2F1-7.1%2F1-7.1%3A1.1%2Fdriver%2F1-7.1%3A1.1%2Fdriver%2F1-7.1%3A1.0%2Fdriver%2F1-7.1%3A1.0%2Fsubsystem%2Fdevices%2F1-7.1%2Fsubsystem%2Fdevices%2F1-7.1 HTTP/2.0" 200 4514 "-" "Mozilla/5.0 AppleWebKit/537.36 (KHTML, like Gecko; compatible; GPTBot/1.2; +https://openai.com/gptbot)"
20.171.207.224 - - [26/Jul/2025:08:51:29 -0400] "GET /?path=%2F%2Fsys%2Fdev%2Fchar%2F189%3A0%2F1-7%2F1-7.1%2Fdriver%2F1-7%2F1-7.1%2F1-7.1%3A1.0%2Fdriver%2F1-7.1%3A1.0%2Fdriver%2F1-7.1%3A1.1%2Finput%2Finput2%2Fjs0%2Fsubsystem%2Finput2%2Fevent2%2Fsubsystem HTTP/2.0" 200 3308 "-" "Mozilla/5.0 AppleWebKit/537.36 (KHTML, like Gecko; compatible; GPTBot/1.2; +https://openai.com/gptbot)"
20.171.207.182 - - [26/Jul/2025:08:51:30 -0400] "GET /?path=%2F%2Fsys%2Fdev%2Fchar%2F189%3A0%2F1-7%2Fdriver%2F1-7%2F1-7.1%2F1-7.1%3A1.1%2Fdriver%2F1-7.1%3A1.1%2Fdriver%2F1-7.1%3A1.0%2Fdriver%2F1-7.1%3A1.0%2Fsubsystem%2Fdevices%2F1-7.1%2Fsubsystem%2Fdevices%2F1-0%3A1.0 HTTP/2.0" 200 4144 "-" "Mozilla/5.0 AppleWebKit/537.36 (KHTML, like Gecko; compatible; GPTBot/1.2; +https://openai.com/gptbot)"
192.99.15.17 - - [26/Jul/2025:08:51:30 -0400] "GET /?viewfile=//proc/73/oom_score_adj&path=//proc/73 HTTP/1.1" 200 2675 "-" "Mozilla/5.0 (compatible; MJ12bot/v1.4.8; http://mj12bot.com/)"
20.171.207.224 - - [26/Jul/2025:08:51:30 -0400] "GET /?path=%2F%2Fsys%2Fdev%2Fchar%2F189%3A0%2F1-7%2F1-7.1%2Fdriver%2F1-7%2F1-7.1%2F1-7.1%3A1.0%2Fdriver%2F1-7.1%3A1.0%2Fdriver%2F1-7.1%3A1.1%2Finput%2Finput2%2Fdevice%2Fsubsystem%2Fdevices%2Fusb2%2F2-0%3A1.0%2Fusb2-port9 HTTP/2.0" 200 3497 "-" "Mozilla/5.0 AppleWebKit/537.36 (KHTML, like Gecko; compatible; GPTBot/1.2; +https://openai.com/gptbot)"
20.171.207.182 - - [26/Jul/2025:08:51:31 -0400] "GET /?path=%2F%2Fsys%2Fdev%2Fchar%2F189%3A0%2F1-7%2Fdriver%2F1-7%2F1-7.1%2F1-7.1%3A1.1%2Fdriver%2F1-7.1%3A1.1%2Fdriver%2F1-7.1%3A1.0%2Fdriver%2F1-7.1%3A1.0%2Fsubsystem%2Fdevices%2F1-0%3A1.0%2Fusb1-port9 HTTP/2.0" 200 3442 "-" "Mozilla/5.0 AppleWebKit/537.36 (KHTML, like Gecko; compatible; GPTBot/1.2; +https://openai.com/gptbot)"
20.171.207.224 - - [26/Jul/2025:08:51:31 -0400] "GET /?path=%2F%2Fsys%2Fdev%2Fchar%2F189%3A0%2F1-7%2F1-7.1%2Fdriver%2F1-7.1%2F1-7.1%3A1.0%2Fdriver%2F1-7.1%3A1.1%2Fdriver%2F1-7.1%3A1.0%2Finput%2Finput1%2Fsubsystem%2Finput0 HTTP/2.0" 200 3567 "-" "Mozilla/5.0 AppleWebKit/537.36 (KHTML, like Gecko; compatible; GPTBot/1.2; +https://openai.com/gptbot)"
20.171.207.182 - - [26/Jul/2025:08:51:32 -0400] "GET /?path=%2F%2Fsys%2Fdev%2Fchar%2F189%3A0%2F1-7%2Fdriver%2F1-7%2F1-7.1%2F1-7.1%3A1.1%2Fdriver%2F1-7.1%3A1.1%2Fdriver%2F1-7.1%3A1.0%2Fdriver%2F1-7.1%3A1.0%2Fsubsystem%2Fdevices%2F2-0%3A1.0%2Fusb2-port3 HTTP/2.0" 200 3484 "-" "Mozilla/5.0 AppleWebKit/537.36 (KHTML, like Gecko; compatible; GPTBot/1.2; +https://openai.com/gptbot)"
192.99.15.17 - - [26/Jul/2025:08:51:33 -0400] "GET /?viewfile=//proc/73/pagemap&path=//proc/73 HTTP/1.1" 200 2666 "-" "Mozilla/5.0 (compatible; MJ12bot/v1.4.8; http://mj12bot.com/)"
20.171.207.224 - - [26/Jul/2025:08:51:33 -0400] "GET /?path=%2F%2Fsys%2Fdev%2Fchar%2F189%3A0%2F1-7%2F1-7.1%2Fdriver%2F1-7%2F1-7.1%2F1-7.1%3A1.0%2Fdriver%2F1-7.1%3A1.0%2Fdriver%2F1-7.1%3A1.1%2Finput%2Finput2%2Fdevice%2Fsubsystem%2Fdevices%2Fusb2%2F2-0%3A1.0%2Fusb2-port8 HTTP/2.0" 200 3498 "-" "Mozilla/5.0 AppleWebKit/537.36 (KHTML, like Gecko; compatible; GPTBot/1.2; +https://openai.com/gptbot)"
20.171.207.182 - - [26/Jul/2025:08:51:34 -0400] "GET /?path=%2F%2Fsys%2Fdev%2Fchar%2F189%3A0%2F1-7%2Fdriver%2F1-7%2F1-7.1%2F1-7.1%3A1.1%2Fdriver%2F1-7.1%3A1.1%2Fdriver%2F1-7.1%3A1.0%2Fdriver%2F1-7.1%3A1.0%2Fsubsystem%2Fdevices%2F1-0%3A1.0%2Fusb1-port16 HTTP/2.0" 200 3413 "-" "Mozilla/5.0 AppleWebKit/537.36 (KHTML, like Gecko; compatible; GPTBot/1.2; +https://openai.com/gptbot)"
20.171.207.224 - - [26/Jul/2025:08:51:34 -0400] "GET /?path=%2F%2Fsys%2Fdev%2Fchar%2F189%3A0%2F1-7%2F1-7.1%2Fdriver%2F1-7%2F1-7.1%2F1-7.1%3A1.0%2Fdriver%2F1-7.1%3A1.0%2Fdriver%2F1-7.1%3A1.1%2Finput%2Finput2%2Fjs0%2Fsubsystem%2Finput2%2Fsubsystem%2Fevent2 HTTP/2.0" 200 3362 "-" "Mozilla/5.0 AppleWebKit/537.36 (KHTML, like Gecko; compatible; GPTBot/1.2; +https://openai.com/gptbot)"
20.171.207.182 - - [26/Jul/2025:08:51:35 -0400] "GET /?path=%2F%2Fsys%2Fdev%2Fchar%2F189%3A0%2F1-7%2Fdriver%2F1-7%2F1-7.1%2F1-7.1%3A1.1%2Fdriver%2F1-7.1%3A1.1%2Fdriver%2F1-7.1%3A1.0%2Fdriver%2F1-7.1%3A1.0%2Fsubsystem%2Fdevices%2F1-0%3A1.0%2Fusb1-port2 HTTP/2.0" 200 3412 "-" "Mozilla/5.0 AppleWebKit/537.36 (KHTML, like Gecko; compatible; GPTBot/1.2; +https://openai.com/gptbot)"
192.99.15.17 - - [26/Jul/2025:08:51:35 -0400] "GET /?viewfile=//proc/73/patch_state&path=//proc/73 HTTP/1.1" 200 2669 "-" "Mozilla/5.0 (compatible; MJ12bot/v1.4.8; http://mj12bot.com/)"
20.171.207.224 - - [26/Jul/2025:08:51:35 -0400] "GET /?path=%2F%2Fsys%2Fdev%2Fchar%2F189%3A0%2F1-7%2F1-7.1%2F1-7.1%3A1.0%2Fdriver%2F1-7.1%3A1.0%2Fdriver%2F1-7.1%3A1.1%2Fdriver%2F1-7.1%3A1.1%2Finput%2Finput2%2Fevent2%2Fdevice%2Fsubsystem%2Fmouse0 HTTP/2.0" 200 3345 "-" "Mozilla/5.0 AppleWebKit/537.36 (KHTML, like Gecko; compatible; GPTBot/1.2; +https://openai.com/gptbot)"
20.171.207.182 - - [26/Jul/2025:08:51:36 -0400] "GET /?path=%2F%2Fsys%2Fdev%2Fchar%2F189%3A0%2F1-7%2Fdriver%2F1-7%2F1-7.1%2F1-7.1%3A1.1%2Fdriver%2F1-7.1%3A1.1%2Fdriver%2F1-7.1%3A1.0%2Fdriver%2F1-7.1%3A1.0%2Fsubsystem%2Fdevices%2F2-0%3A1.0%2Fusb2-port1%2Fpeer%2Fpeer HTTP/2.0" 200 3502 "-" "Mozilla/5.0 AppleWebKit/537.36 (KHTML, like Gecko; compatible; GPTBot/1.2; +https://openai.com/gptbot)"
20.171.207.224 - - [26/Jul/2025:08:51:37 -0400] "GET /?path=%2F%2Fsys%2Fdev%2Fchar%2F189%3A0%2F1-7%2F1-7.1%2Fdriver%2F1-7.1%2F1-7.1%3A1.0%2Fdriver%2F1-7.1%3A1.1%2Fdriver%2F1-7.1%3A1.0%2Finput%2Finput1%2Fsubsystem%2Fevent3%2Fdevice HTTP/2.0" 200 3572 "-" "Mozilla/5.0 AppleWebKit/537.36 (KHTML, like Gecko; compatible; GPTBot/1.2; +https://openai.com/gptbot)"
20.171.207.182 - - [26/Jul/2025:08:51:38 -0400] "GET /?path=%2F%2Fsys%2Fdev%2Fchar%2F189%3A0%2F1-7%2Fdriver%2F1-7%2F1-7.1%2F1-7.1%3A1.1%2Fdriver%2F1-7.1%3A1.1%2Fdriver%2F1-7.1%3A1.0%2Fdriver%2F1-7.1%3A1.0%2Fsubsystem%2Fdevices%2F1-0%3A1.0%2Fusb1-port15 HTTP/2.0" 200 3413 "-" "Mozilla/5.0 AppleWebKit/537.36 (KHTML, like Gecko; compatible; GPTBot/1.2; +https://openai.com/gptbot)"
20.171.207.224 - - [26/Jul/2025:08:51:38 -0400] "GET /?path=%2F%2Fsys%2Fdev%2Fchar%2F189%3A0%2F1-7%2F1-7.1%2Fdriver%2F1-7%2F1-7.1%2F1-7.1%3A1.0%2Fdriver%2F1-7.1%3A1.0%2Fdriver%2F1-7.1%3A1.1%2Finput%2Finput2%2Fdevice%2Fsubsystem%2Fdevices%2Fusb2%2F2-0%3A1.0%2Fusb2-port7 HTTP/2.0" 200 3497 "-" "Mozilla/5.0 AppleWebKit/537.36 (KHTML, like Gecko; compatible; GPTBot/1.2; +https://openai.com/gptbot)"
192.99.15.17 - - [26/Jul/2025:08:51:38 -0400] "GET /?viewfile=//proc/73/personality&path=//proc/73 HTTP/1.1" 200 2669 "-" "Mozilla/5.0 (compatible; MJ12bot/v1.4.8; http://mj12bot.com/)"
20.171.207.182 - - [26/Jul/2025:08:51:39 -0400] "GET /?path=%2F%2Fsys%2Fdev%2Fchar%2F189%3A0%2F1-7%2Fdriver%2F1-7%2F1-7.1%2F1-7.1%3A1.1%2Fdriver%2F1-7.1%3A1.1%2Fdriver%2F1-7.1%3A1.0%2Fdriver%2F1-7.1%3A1.0%2Fsubsystem%2Fdevices%2F1-0%3A1.0%2Fusb1-port1%2Fpeer%2Fpeer HTTP/2.0" 200 3459 "-" "Mozilla/5.0 AppleWebKit/537.36 (KHTML, like Gecko; compatible; GPTBot/1.2; +https://openai.com/gptbot)"
20.171.207.224 - - [26/Jul/2025:08:51:39 -0400] "GET /?path=%2F%2Fsys%2Fdev%2Fchar%2F189%3A0%2F1-7%2F1-7.1%2Fdriver%2F1-7%2F1-7.1%2F1-7.1%3A1.0%2Fdriver%2F1-7.1%3A1.0%2Fdriver%2F1-7.1%3A1.1%2Finput%2Finput2%2Fmouse0%2Fsubsystem%2Finput3%2Fid HTTP/2.0" 200 3181 "-" "Mozilla/5.0 AppleWebKit/537.36 (KHTML, like Gecko; compatible; GPTBot/1.2; +https://openai.com/gptbot)"
20.171.207.182 - - [26/Jul/2025:08:51:40 -0400] "GET /?path=%2F%2Fsys%2Fdev%2Fchar%2F189%3A0%2F1-7%2Fdriver%2F1-7%2F1-7.1%2F1-7.1%3A1.1%2Fdriver%2F1-7.1%3A1.1%2Fdriver%2F1-7.1%3A1.0%2Fdriver%2F1-7.1%3A1.0%2Fsubsystem%2Fdevices%2F1-7.1%2Fsubsystem%2Fdevices%2Fusb1%2F1-7 HTTP/2.0" 200 4544 "-" "Mozilla/5.0 AppleWebKit/537.36 (KHTML, like Gecko; compatible; GPTBot/1.2; +https://openai.com/gptbot)"
20.171.207.224 - - [26/Jul/2025:08:51:41 -0400] "GET /?path=%2F%2Fsys%2Fdev%2Fchar%2F189%3A0%2F1-7%2F1-7.1%2Fdriver%2F1-7%2F1-7.1%2F1-7.1%3A1.0%2Fdriver%2F1-7.1%3A1.0%2Fdriver%2F1-7.1%3A1.1%2Finput%2Finput2%2Fjs0%2Fsubsystem%2Finput2%2Fsubsystem%2Finput2 HTTP/2.0" 200 3654 "-" "Mozilla/5.0 AppleWebKit/537.36 (KHTML, like Gecko; compatible; GPTBot/1.2; +https://openai.com/gptbot)"
192.99.15.17 - - [26/Jul/2025:08:51:41 -0400] "GET /?viewfile=//proc/73/projid_map&path=//proc/73 HTTP/1.1" 200 2685 "-" "Mozilla/5.0 (compatible; MJ12bot/v1.4.8; http://mj12bot.com/)"
20.171.207.182 - - [26/Jul/2025:08:51:41 -0400] "GET /?path=%2F%2Fsys%2Fdev%2Fchar%2F189%3A0%2F1-7%2Fdriver%2F1-7%2F1-7.1%2F1-7.1%3A1.1%2Fdriver%2F1-7.1%3A1.1%2Fdriver%2F1-7.1%3A1.0%2Fdriver%2F1-7.1%3A1.0%2Fsubsystem%2Fdevices%2F1-7.1%2Fsubsystem%2Fdevices%2F1-7.1%2Fport HTTP/2.0" 200 3418 "-" "Mozilla/5.0 AppleWebKit/537.36 (KHTML, like Gecko; compatible; GPTBot/1.2; +https://openai.com/gptbot)"
20.171.207.224 - - [26/Jul/2025:08:51:42 -0400] "GET /?path=%2F%2Fsys%2Fdev%2Fchar%2F189%3A0%2F1-7%2F1-7.1%2Fdriver%2F1-7%2F1-7.1%2F1-7.1%3A1.0%2Fdriver%2F1-7.1%3A1.0%2Fdriver%2F1-7.1%3A1.1%2Finput%2Finput2%2Fjs0%2Fsubsystem%2Fjs0%2Fsubsystem HTTP/2.0" 200 3294 "-" "Mozilla/5.0 AppleWebKit/537.36 (KHTML, like Gecko; compatible; GPTBot/1.2; +https://openai.com/gptbot)"
20.171.207.182 - - [26/Jul/2025:08:51:43 -0400] "GET /?path=%2F%2Fsys%2Fdev%2Fchar%2F189%3A0%2F1-7%2Fdriver%2F1-7%2F1-7.1%2F1-7.1%3A1.1%2Fdriver%2F1-7.1%3A1.1%2Fdriver%2F1-7.1%3A1.0%2Fdriver%2F1-7.1%3A1.0%2Fsubsystem%2Fdevices%2F2-0%3A1.0%2Fusb2-port7 HTTP/2.0" 200 3454 "-" "Mozilla/5.0 AppleWebKit/537.36 (KHTML, like Gecko; compatible; GPTBot/1.2; +https://openai.com/gptbot)"
20.171.207.224 - - [26/Jul/2025:08:51:43 -0400] "GET /?path=%2F%2Fsys%2Fdev%2Fchar%2F189%3A0%2F1-7%2F1-7.1%2Fdriver%2F1-7%2F1-7.1%2F1-7.1%3A1.0%2Fdriver%2F1-7.1%3A1.0%2Fdriver%2F1-7.1%3A1.1%2Finput%2Finput2%2Fmouse0%2Fsubsystem%2Fjs0 HTTP/2.0" 200 3345 "-" "Mozilla/5.0 AppleWebKit/537.36 (KHTML, like Gecko; compatible; GPTBot/1.2; +https://openai.com/gptbot)"
20.171.207.182 - - [26/Jul/2025:08:51:44 -0400] "GET /?path=%2F%2Fsys%2Fdev%2Fchar%2F189%3A0%2F1-7%2Fdriver%2F1-7%2F1-7.1%2F1-7.1%3A1.1%2Fdriver%2F1-7.1%3A1.1%2Fdriver%2F1-7.1%3A1.0%2Fdriver%2F1-7.1%3A1.0%2Fsubsystem%2Fdevices%2F1-0%3A1.0%2Fusb1-port9%2Fpower HTTP/2.0" 200 3394 "-" "Mozilla/5.0 AppleWebKit/537.36 (KHTML, like Gecko; compatible; GPTBot/1.2; +https://openai.com/gptbot)"
192.99.15.17 - - [26/Jul/2025:08:51:44 -0400] "GET /?viewfile=//proc/73/sched&path=//proc/73 HTTP/1.1" 200 2893 "-" "Mozilla/5.0 (compatible; MJ12bot/v1.4.8; http://mj12bot.com/)"
20.171.207.224 - - [26/Jul/2025:08:51:45 -0400] "GET /?path=%2F%2Fsys%2Fdev%2Fchar%2F189%3A0%2F1-7%2F1-7.1%2Fdriver%2F1-7%2F1-7.1%2F1-7.1%3A1.0%2Fdriver%2F1-7.1%3A1.0%2Fdriver%2F1-7.1%3A1.1%2Finput%2Finput2%2Fdevice%2Fsubsystem%2Fdevices%2F1-0%3A1.0%2Fusb1-port7 HTTP/2.0" 200 3465 "-" "Mozilla/5.0 AppleWebKit/537.36 (KHTML, like Gecko; compatible; GPTBot/1.2; +https://openai.com/gptbot)"
20.171.207.182 - - [26/Jul/2025:08:51:45 -0400] "GET /?path=%2F%2Fsys%2Fdev%2Fchar%2F189%3A0%2F1-7%2Fdriver%2F1-7%2F1-7.1%2F1-7.1%3A1.1%2Fdriver%2F1-7.1%3A1.1%2Fdriver%2F1-7.1%3A1.0%2Fdriver%2F1-7.1%3A1.0%2Fsubsystem%2Fdevices%2F2-0%3A1.0%2Fusb2-port3%2Fpower HTTP/2.0" 200 3395 "-" "Mozilla/5.0 AppleWebKit/537.36 (KHTML, like Gecko; compatible; GPTBot/1.2; +https://openai.com/gptbot)"
20.171.207.224 - - [26/Jul/2025:08:51:46 -0400] "GET /?path=%2F%2Fsys%2Fdev%2Fchar%2F189%3A0%2F1-7%2F1-7.1%2Fdriver%2F1-7.1%2F1-7.1%3A1.0%2Fdriver%2F1-7.1%3A1.1%2Fdriver%2F1-7.1%3A1.0%2Finput%2Finput1%2Fsubsystem%2Finput0%2Fid HTTP/2.0" 200 3157 "-" "Mozilla/5.0 AppleWebKit/537.36 (KHTML, like Gecko; compatible; GPTBot/1.2; +https://openai.com/gptbot)"
20.171.207.182 - - [26/Jul/2025:08:51:46 -0400] "GET /?path=%2F%2Fsys%2Fdev%2Fchar%2F189%3A0%2F1-7%2Fdriver%2F1-7%2F1-7.1%2F1-7.1%3A1.1%2Fdriver%2F1-7.1%3A1.1%2Fdriver%2F1-7.1%3A1.0%2Fdriver%2F1-7.1%3A1.0%2Fsubsystem%2Fdevices%2F1-0%3A1.0%2Fusb1-port16%2Ffirmware_node HTTP/2.0" 200 3422 "-" "Mozilla/5.0 AppleWebKit/537.36 (KHTML, like Gecko; compatible; GPTBot/1.2; +https://openai.com/gptbot)"
192.99.15.17 - - [26/Jul/2025:08:51:47 -0400] "GET /?viewfile=//proc/73/schedstat&path=//proc/73 HTTP/1.1" 200 2693 "-" "Mozilla/5.0 (compatible; MJ12bot/v1.4.8; http://mj12bot.com/)"
20.171.207.224 - - [26/Jul/2025:08:51:47 -0400] "GET /?path=%2F%2Fsys%2Fdev%2Fchar%2F189%3A0%2F1-7%2F1-7.1%2Fdriver%2F1-7%2F1-7.1%2F1-7.1%3A1.0%2Fdriver%2F1-7.1%3A1.0%2Fdriver%2F1-7.1%3A1.1%2Finput%2Finput2%2Fjs0%2Fsubsystem%2Finput2%2Fdevice%2Finput HTTP/2.0" 200 3013 "-" "Mozilla/5.0 AppleWebKit/537.36 (KHTML, like Gecko; compatible; GPTBot/1.2; +https://openai.com/gptbot)"
20.171.207.182 - - [26/Jul/2025:08:51:48 -0400] "GET /?path=%2F%2Fsys%2Fdev%2Fchar%2F189%3A0%2F1-7%2Fdriver%2F1-7%2F1-7.1%2F1-7.1%3A1.1%2Fdriver%2F1-7.1%3A1.1%2Fdriver%2F1-7.1%3A1.0%2Fdriver%2F1-7.1%3A1.0%2Fsubsystem%2Fdevices%2F1-0%3A1.0%2Fusb1-port2%2Fpower HTTP/2.0" 200 3394 "-" "Mozilla/5.0 AppleWebKit/537.36 (KHTML, like Gecko; compatible; GPTBot/1.2; +https://openai.com/gptbot)"
20.171.207.224 - - [26/Jul/2025:08:51:49 -0400] "GET /?path=%2F%2Fsys%2Fdev%2Fchar%2F189%3A0%2F1-7%2F1-7.1%2Fdriver%2F1-7%2F1-7.1%2F1-7.1%3A1.0%2Fdriver%2F1-7.1%3A1.0%2Fdriver%2F1-7.1%3A1.1%2Finput%2Finput2%2Fjs0%2Fsubsystem%2Fjs0%2Fdevice%2Fjs0%2Fdevice%2Fmouse0 HTTP/2.0" 200 3368 "-" "Mozilla/5.0 AppleWebKit/537.36 (KHTML, like Gecko; compatible; GPTBot/1.2; +https://openai.com/gptbot)"
20.171.207.182 - - [26/Jul/2025:08:51:49 -0400] "GET /?path=%2F%2Fsys%2Fdev%2Fchar%2F189%3A0%2F1-7%2Fdriver%2F1-7%2F1-7.1%2F1-7.1%3A1.1%2Fdriver%2F1-7.1%3A1.1%2Fdriver%2F1-7.1%3A1.0%2Fdriver%2F1-7.1%3A1.0%2Fsubsystem%2Fdevices%2F1-0%3A1.0%2Fusb1-port9%2Ffirmware_node HTTP/2.0" 200 3416 "-" "Mozilla/5.0 AppleWebKit/537.36 (KHTML, like Gecko; compatible; GPTBot/1.2; +https://openai.com/gptbot)"
51.222.253.16 - - [26/Jul/2025:08:51:51 -0400] "GET /shopdetail/244123917 HTTP/2.0" 404 - "-" "Mozilla/5.0 (compatible; AhrefsBot/7.0; +http://ahrefs.com/robot/)"
192.99.15.17 - - [26/Jul/2025:08:51:50 -0400] "GET /?viewfile=//proc/73/sessionid&path=//proc/73 HTTP/1.1" 200 2678 "-" "Mozilla/5.0 (compatible; MJ12bot/v1.4.8; http://mj12bot.com/)"
20.171.207.224 - - [26/Jul/2025:08:51:50 -0400] "GET /?path=%2F%2Fsys%2Fdev%2Fchar%2F189%3A0%2F1-7%2F1-7.1%2Fdriver%2F1-7.1%2F1-7.1%3A1.0%2Fdriver%2F1-7.1%3A1.1%2Fdriver%2F1-7.1%3A1.0%2Finput%2Finput1%2Fsubsystem%2Fevent3%2Fdevice%2Fid HTTP/2.0" 200 3180 "-" "Mozilla/5.0 AppleWebKit/537.36 (KHTML, like Gecko; compatible; GPTBot/1.2; +https://openai.com/gptbot)"
20.171.207.182 - - [26/Jul/2025:08:51:51 -0400] "GET /?path=%2F%2Fsys%2Fdev%2Fchar%2F189%3A0%2F1-7%2Fdriver%2F1-7%2F1-7.1%2F1-7.1%3A1.1%2Fdriver%2F1-7.1%3A1.1%2Fdriver%2F1-7.1%3A1.0%2Fdriver%2F1-7.1%3A1.0%2Fsubsystem%2Fdevices%2F1-0%3A1.0%2Fusb1-port15%2Fpower HTTP/2.0" 200 3396 "-" "Mozilla/5.0 AppleWebKit/537.36 (KHTML, like Gecko; compatible; GPTBot/1.2; +https://openai.com/gptbot)"
20.171.207.224 - - [26/Jul/2025:08:51:51 -0400] "GET /?path=%2F%2Fsys%2Fdev%2Fchar%2F189%3A0%2F1-7%2F1-7.1%2Fdriver%2F1-7%2F1-7.1%2F1-7.1%3A1.0%2Fdriver%2F1-7.1%3A1.0%2Fdriver%2F1-7.1%3A1.1%2Finput%2Finput2%2Fjs0%2Fsubsystem%2Finput2%2Fsubsystem%2Finput1 HTTP/2.0" 200 3794 "-" "Mozilla/5.0 AppleWebKit/537.36 (KHTML, like Gecko; compatible; GPTBot/1.2; +https://openai.com/gptbot)"
20.171.207.182 - - [26/Jul/2025:08:51:52 -0400] "GET /?path=%2F%2Fsys%2Fdev%2Fchar%2F189%3A0%2F1-7%2Fdriver%2F1-7%2F1-7.1%2F1-7.1%3A1.1%2Fdriver%2F1-7.1%3A1.1%2Fdriver%2F1-7.1%3A1.0%2Fdriver%2F1-7.1%3A1.0%2Fsubsystem%2Fdevices%2F1-0%3A1.0%2Fusb1-port15%2Ffirmware_node HTTP/2.0" 200 3422 "-" "Mozilla/5.0 AppleWebKit/537.36 (KHTML, like Gecko; compatible; GPTBot/1.2; +https://openai.com/gptbot)"
20.171.207.224 - - [26/Jul/2025:08:51:52 -0400] "GET /?path=%2F%2Fsys%2Fdev%2Fchar%2F189%3A0%2F1-7%2F1-7.1%2Fdriver%2F1-7%2F1-7.1%2F1-7.1%3A1.0%2Fdriver%2F1-7.1%3A1.0%2Fdriver%2F1-7.1%3A1.1%2Finput%2Finput2%2Fjs0%2Fsubsystem%2Finput1%2Fsubsystem%2Finput1 HTTP/2.0" 200 3794 "-" "Mozilla/5.0 AppleWebKit/537.36 (KHTML, like Gecko; compatible; GPTBot/1.2; +https://openai.com/gptbot)"
192.99.15.17 - - [26/Jul/2025:08:51:52 -0400] "GET /?viewfile=//proc/73/setgroups&path=//proc/73 HTTP/1.1" 200 2672 "-" "Mozilla/5.0 (compatible; MJ12bot/v1.4.8; http://mj12bot.com/)"
20.171.207.182 - - [26/Jul/2025:08:51:53 -0400] "GET /?path=%2F%2Fsys%2Fdev%2Fchar%2F189%3A0%2F1-7%2Fdriver%2F1-7%2F1-7.1%2F1-7.1%3A1.1%2Fdriver%2F1-7.1%3A1.1%2Fdriver%2F1-7.1%3A1.0%2Fdriver%2F1-7.1%3A1.0%2Fsubsystem%2Fdevices%2F2-0%3A1.0%2Fusb2-port3%2Ffirmware_node HTTP/2.0" 200 3416 "-" "Mozilla/5.0 AppleWebKit/537.36 (KHTML, like Gecko; compatible; GPTBot/1.2; +https://openai.com/gptbot)"
20.171.207.224 - - [26/Jul/2025:08:51:53 -0400] "GET /?path=%2F%2Fsys%2Fdev%2Fchar%2F189%3A0%2F1-7%2F1-7.1%2Fdriver%2F1-7%2F1-7.1%2F1-7.1%3A1.0%2Fdriver%2F1-7.1%3A1.0%2Fdriver%2F1-7.1%3A1.1%2Finput%2Finput2%2Fjs0%2Fsubsystem%2Finput2%2Fsubsystem%2Finput2%2Fjs0 HTTP/2.0" 200 3360 "-" "Mozilla/5.0 AppleWebKit/537.36 (KHTML, like Gecko; compatible; GPTBot/1.2; +https://openai.com/gptbot)"
20.171.207.182 - - [26/Jul/2025:08:51:55 -0400] "GET /?path=%2F%2Fsys%2Fdev%2Fchar%2F189%3A0%2F1-7%2Fdriver%2F1-7%2F1-7.1%2F1-7.1%3A1.1%2Fdriver%2F1-7.1%3A1.1%2Fdriver%2F1-7.1%3A1.0%2Fdriver%2F1-7.1%3A1.0%2Fsubsystem%2Fdevices%2F1-0%3A1.0%2Fusb1-port2%2Ffirmware_node HTTP/2.0" 200 3417 "-" "Mozilla/5.0 AppleWebKit/537.36 (KHTML, like Gecko; compatible; GPTBot/1.2; +https://openai.com/gptbot)"
20.171.207.224 - - [26/Jul/2025:08:51:55 -0400] "GET /?path=%2F%2Fsys%2Fdev%2Fchar%2F189%3A0%2F1-7%2F1-7.1%2Fdriver%2F1-7%2F1-7.1%2F1-7.1%3A1.0%2Fdriver%2F1-7.1%3A1.0%2Fdriver%2F1-7.1%3A1.1%2Finput%2Finput2%2Fjs0%2Fsubsystem%2Fjs0%2Fsubsystem%2Fevent0 HTTP/2.0" 200 3364 "-" "Mozilla/5.0 AppleWebKit/537.36 (KHTML, like Gecko; compatible; GPTBot/1.2; +https://openai.com/gptbot)"
192.99.15.17 - - [26/Jul/2025:08:51:55 -0400] "GET /?viewfile=//proc/73/smaps&path=//proc/73 HTTP/1.1" 200 2664 "-" "Mozilla/5.0 (compatible; MJ12bot/v1.4.8; http://mj12bot.com/)"
20.171.207.182 - - [26/Jul/2025:08:51:56 -0400] "GET /?path=%2F%2Fsys%2Fdev%2Fchar%2F189%3A0%2F1-7%2Fdriver%2F1-7%2F1-7.1%2F1-7.1%3A1.1%2Fdriver%2F1-7.1%3A1.1%2Fdriver%2F1-7.1%3A1.0%2Fdriver%2F1-7.1%3A1.0%2Fsubsystem%2Fdevices%2F2-0%3A1.0%2Fusb2-port7%2Fpower HTTP/2.0" 200 3395 "-" "Mozilla/5.0 AppleWebKit/537.36 (KHTML, like Gecko; compatible; GPTBot/1.2; +https://openai.com/gptbot)"
20.171.207.224 - - [26/Jul/2025:08:51:56 -0400] "GET /?path=%2F%2Fsys%2Fdev%2Fchar%2F189%3A0%2F1-7%2F1-7.1%2Fdriver%2F1-7%2F1-7.1%2F1-7.1%3A1.0%2Fdriver%2F1-7.1%3A1.0%2Fdriver%2F1-7.1%3A1.1%2Finput%2Finput2%2Fjs0%2Fsubsystem%2Fjs0%2Fsubsystem%2Finput2 HTTP/2.0" 200 3652 "-" "Mozilla/5.0 AppleWebKit/537.36 (KHTML, like Gecko; compatible; GPTBot/1.2; +https://openai.com/gptbot)"
20.171.207.182 - - [26/Jul/2025:08:51:57 -0400] "GET /?path=%2F%2Fsys%2Fdev%2Fchar%2F189%3A0%2F1-7%2Fdriver%2F1-7%2F1-7.1%2F1-7.1%3A1.1%2Fdriver%2F1-7.1%3A1.1%2Fdriver%2F1-7.1%3A1.0%2Fdriver%2F1-7.1%3A1.0%2Fsubsystem%2Fdevices%2F2-0%3A1.0%2Fusb2-port7%2Ffirmware_node HTTP/2.0" 200 3417 "-" "Mozilla/5.0 AppleWebKit/537.36 (KHTML, like Gecko; compatible; GPTBot/1.2; +https://openai.com/gptbot)"
20.171.207.224 - - [26/Jul/2025:08:51:58 -0400] "GET /?path=%2F%2Fsys%2Fdev%2Fchar%2F189%3A0%2F1-7%2F1-7.1%2Fdriver%2F1-7%2F1-7.1%2F1-7.1%3A1.0%2Fdriver%2F1-7.1%3A1.0%2Fdriver%2F1-7.1%3A1.1%2Finput%2Finput2%2Fjs0%2Fsubsystem%2Fjs0%2Fsubsystem%2Finput1 HTTP/2.0" 200 3780 "-" "Mozilla/5.0 AppleWebKit/537.36 (KHTML, like Gecko; compatible; GPTBot/1.2; +https://openai.com/gptbot)"
20.171.207.182 - - [26/Jul/2025:08:51:59 -0400] "GET /?path=%2F%2Fsys%2Fdev%2Fchar%2F189%3A0%2F1-7%2Fdriver%2F1-7%2F1-7.1%2F1-7.1%3A1.1%2Fdriver%2F1-7.1%3A1.1%2Fdriver%2F1-7.1%3A1.0%2Fdriver%2F1-7.1%3A1.0%2Fsubsystem%2Fdevices%2F1-0%3A1.0%2Fusb1-port14 HTTP/2.0" 200 3413 "-" "Mozilla/5.0 AppleWebKit/537.36 (KHTML, like Gecko; compatible; GPTBot/1.2; +https://openai.com/gptbot)"
20.171.207.224 - - [26/Jul/2025:08:51:59 -0400] "GET /?path=%2F%2Fsys%2Fdev%2Fchar%2F189%3A0%2F1-7%2F1-7.1%2Fdriver%2F1-7.1%2F1-7.1%3A1.0%2Fdriver%2F1-7.1%3A1.1%2Fdriver%2F1-7.1%3A1.0%2Finput%2Finput1%2Fsubsystem%2Finput1%2Fdevice HTTP/2.0" 200 3768 "-" "Mozilla/5.0 AppleWebKit/537.36 (KHTML, like Gecko; compatible; GPTBot/1.2; +https://openai.com/gptbot)"
20.171.207.182 - - [26/Jul/2025:08:52:00 -0400] "GET /?path=%2F%2Fsys%2Fdev%2Fchar%2F189%3A0%2F1-7%2Fdriver%2F1-7%2F1-7.1%2F1-7.1%3A1.0%2Fdriver%2F1-7.1%3A1.0%2Fdriver%2F1-7.1%3A1.1%2Fdriver%2F1-7.1%3A1.1%2Fsubsystem%2Fdrivers%2Fusb%2F1-7.1%2Fep_00%2Fpower HTTP/2.0" 200 3393 "-" "Mozilla/5.0 AppleWebKit/537.36 (KHTML, like Gecko; compatible; GPTBot/1.2; +https://openai.com/gptbot)"
20.171.207.224 - - [26/Jul/2025:08:52:00 -0400] "GET /?path=%2F%2Fsys%2Fdev%2Fchar%2F189%3A0%2F1-7%2F1-7.1%2Fdriver%2F1-7%2F1-7.1%2F1-7.1%3A1.0%2Fdriver%2F1-7.1%3A1.0%2Fdriver%2F1-7.1%3A1.1%2Finput%2Finput2%2Fmouse0%2Fsubsystem%2Fevent3 HTTP/2.0" 200 3348 "-" "Mozilla/5.0 AppleWebKit/537.36 (KHTML, like Gecko; compatible; GPTBot/1.2; +https://openai.com/gptbot)"
20.171.207.182 - - [26/Jul/2025:08:52:01 -0400] "GET /?path=%2F%2Fsys%2Fdev%2Fchar%2F189%3A0%2F1-7%2Fdriver%2F1-7%2F1-7.1%2F1-7.1%3A1.1%2Fdriver%2F1-7.1%3A1.1%2Fdriver%2F1-7.1%3A1.0%2Fdriver%2F1-7.1%3A1.0%2Fsubsystem%2Fdevices%2F1-7%3A1.0%2F1-7-port1%2Fdevice%2Fep_00 HTTP/2.0" 200 3578 "-" "Mozilla/5.0 AppleWebKit/537.36 (KHTML, like Gecko; compatible; GPTBot/1.2; +https://openai.com/gptbot)"
20.171.207.224 - - [26/Jul/2025:08:52:02 -0400] "GET /?path=%2F%2Fsys%2Fdev%2Fchar%2F189%3A0%2F1-7%2F1-7.1%2Fdriver%2F1-7.1%2F1-7.1%3A1.0%2Fdriver%2F1-7.1%3A1.1%2Fdriver%2F1-7.1%3A1.0%2Finput%2Finput1%2Finput1%3A%3Acompose%2Fdevice HTTP/2.0" 200 3737 "-" "Mozilla/5.0 AppleWebKit/537.36 (KHTML, like Gecko; compatible; GPTBot/1.2; +https://openai.com/gptbot)"
20.171.207.182 - - [26/Jul/2025:08:52:02 -0400] "GET /?path=%2F%2Fsys%2Fdev%2Fchar%2F189%3A0%2F1-7%2Fdriver%2F1-7%2F1-7.1%2F1-7.1%3A1.1%2Fdriver%2F1-7.1%3A1.1%2Fdriver%2F1-7.1%3A1.0%2Fdriver%2F1-7.1%3A1.0%2Fsubsystem%2Fdevices%2F2-0%3A1.0%2Fusb2-port2 HTTP/2.0" 200 3454 "-" "Mozilla/5.0 AppleWebKit/537.36 (KHTML, like Gecko; compatible; GPTBot/1.2; +https://openai.com/gptbot)"
20.171.207.224 - - [26/Jul/2025:08:52:03 -0400] "GET /?path=%2F%2Fsys%2Fdev%2Fchar%2F189%3A0%2F1-7%2F1-7.1%2Fdriver%2F1-7.1%2F1-7.1%3A1.0%2Fdriver%2F1-7.1%3A1.1%2Fdriver%2F1-7.1%3A1.0%2Finput%2Finput1%2Fsubsystem%2Finput2%2Fdevice HTTP/2.0" 200 3773 "-" "Mozilla/5.0 AppleWebKit/537.36 (KHTML, like Gecko; compatible; GPTBot/1.2; +https://openai.com/gptbot)"
20.171.207.182 - - [26/Jul/2025:08:52:04 -0400] "GET /?path=%2F%2Fsys%2Fdev%2Fchar%2F189%3A0%2F1-7%2Fdriver%2F1-7%2F1-7.1%2F1-7.1%3A1.1%2Fdriver%2F1-7.1%3A1.1%2Fdriver%2F1-7.1%3A1.0%2Fdriver%2F1-7.1%3A1.0%2Fsubsystem%2Fdevices%2F1-0%3A1.0%2Fusb1-port8 HTTP/2.0" 200 3442 "-" "Mozilla/5.0 AppleWebKit/537.36 (KHTML, like Gecko; compatible; GPTBot/1.2; +https://openai.com/gptbot)"
20.171.207.224 - - [26/Jul/2025:08:52:05 -0400] "GET /?path=%2F%2Fsys%2Fdev%2Fchar%2F189%3A0%2F1-7%2F1-7.1%2Fdriver%2F1-7%2F1-7.1%2F1-7.1%3A1.0%2Fdriver%2F1-7.1%3A1.0%2Fdriver%2F1-7.1%3A1.1%2Finput%2Finput2%2Fjs0%2Fsubsystem%2Fevent2%2Fdevice%2Fdevice%2Fep_82 HTTP/2.0" 200 3587 "-" "Mozilla/5.0 AppleWebKit/537.36 (KHTML, like Gecko; compatible; GPTBot/1.2; +https://openai.com/gptbot)"
20.171.207.182 - - [26/Jul/2025:08:52:05 -0400] "GET /?path=%2F%2Fsys%2Fdev%2Fchar%2F189%3A0%2F1-7%2Fdriver%2F1-7%2F1-7.1%2F1-7.1%3A1.1%2Fdriver%2F1-7.1%3A1.1%2Fdriver%2F1-7.1%3A1.0%2Fdriver%2F1-7.1%3A1.0%2Fsubsystem%2Fdevices%2F1-0%3A1.0%2Fusb1-port7 HTTP/2.0" 200 3438 "-" "Mozilla/5.0 AppleWebKit/537.36 (KHTML, like Gecko; compatible; GPTBot/1.2; +https://openai.com/gptbot)"
20.171.207.224 - - [26/Jul/2025:08:52:06 -0400] "GET /?path=%2F%2Fsys%2Fdev%2Fchar%2F189%3A0%2F1-7%2F1-7.1%2Fdriver%2F1-7%2F1-7.1%2F1-7.1%3A1.0%2Fdriver%2F1-7.1%3A1.0%2Fdriver%2F1-7.1%3A1.1%2Finput%2Finput2%2Fdevice%2Fsubsystem%2Fdevices%2F1-7%3A1.0%2F1-7-port3%2Fpower HTTP/2.0" 200 3511 "-" "Mozilla/5.0 AppleWebKit/537.36 (KHTML, like Gecko; compatible; GPTBot/1.2; +https://openai.com/gptbot)"
20.171.207.182 - - [26/Jul/2025:08:52:06 -0400] "GET /?path=%2F%2Fsys%2Fdev%2Fchar%2F189%3A0%2F1-7%2Fdriver%2F1-7%2F1-7.1%2F1-7.1%3A1.1%2Fdriver%2F1-7.1%3A1.1%2Fdriver%2F1-7.1%3A1.0%2Fdriver%2F1-7.1%3A1.0%2Fsubsystem%2Fdevices%2F2-0%3A1.0%2Fusb2-port3%2Ffirmware_node%2Fsubsystem HTTP/2.0" 200 3385 "-" "Mozilla/5.0 AppleWebKit/537.36 (KHTML, like Gecko; compatible; GPTBot/1.2; +https://openai.com/gptbot)"
20.171.207.224 - - [26/Jul/2025:08:52:07 -0400] "GET /?path=%2F%2Fsys%2Fdev%2Fchar%2F189%3A0%2F1-7%2F1-7.1%2Fdriver%2F1-7%2F1-7.1%2F1-7.1%3A1.0%2Fdriver%2F1-7.1%3A1.0%2Fdriver%2F1-7.1%3A1.1%2Finput%2Finput2%2Fmouse0%2Fsubsystem%2Finput2%2Fevent2 HTTP/2.0" 200 3353 "-" "Mozilla/5.0 AppleWebKit/537.36 (KHTML, like Gecko; compatible; GPTBot/1.2; +https://openai.com/gptbot)"
20.171.207.182 - - [26/Jul/2025:08:52:07 -0400] "GET /?path=%2F%2Fsys%2Fdev%2Fchar%2F189%3A0%2F1-7%2Fdriver%2F1-7%2F1-7.1%2F1-7.1%3A1.1%2Fdriver%2F1-7.1%3A1.1%2Fdriver%2F1-7.1%3A1.0%2Fdriver%2F1-7.1%3A1.0%2Fsubsystem%2Fdevices%2F1-0%3A1.0%2Fusb1-port10 HTTP/2.0" 200 3442 "-" "Mozilla/5.0 AppleWebKit/537.36 (KHTML, like Gecko; compatible; GPTBot/1.2; +https://openai.com/gptbot)"
192.99.15.17 - - [26/Jul/2025:08:52:07 -0400] "GET /?viewfile=//proc/73/stack&path=//proc/73 HTTP/1.1" 200 2662 "-" "Mozilla/5.0 (compatible; MJ12bot/v1.4.8; http://mj12bot.com/)"
20.171.207.182 - - [26/Jul/2025:08:52:08 -0400] "GET /?path=%2F%2Fsys%2Fdev%2Fchar%2F189%3A0%2F1-7%2Fdriver%2F1-7%2F1-7.1%2F1-7.1%3A1.1%2Fdriver%2F1-7.1%3A1.1%2Fdriver%2F1-7.1%3A1.0%2Fdriver%2F1-7.1%3A1.0%2Fsubsystem%2Fdevices%2F1-0%3A1.0%2Fusb1-port3 HTTP/2.0" 200 3411 "-" "Mozilla/5.0 AppleWebKit/537.36 (KHTML, like Gecko; compatible; GPTBot/1.2; +https://openai.com/gptbot)"
20.171.207.224 - - [26/Jul/2025:08:52:08 -0400] "GET /?path=%2F%2Fsys%2Fdev%2Fchar%2F189%3A0%2F1-7%2F1-7.1%2Fdriver%2F1-7%2F1-7.1%2F1-7.1%3A1.0%2Fdriver%2F1-7.1%3A1.0%2Fdriver%2F1-7.1%3A1.1%2Finput%2Finput2%2Fdevice%2Fsubsystem%2Fdevices%2F2-0%3A1.0%2Fpower HTTP/2.0" 200 3254 "-" "Mozilla/5.0 AppleWebKit/537.36 (KHTML, like Gecko; compatible; GPTBot/1.2; +https://openai.com/gptbot)"
20.171.207.182 - - [26/Jul/2025:08:52:10 -0400] "GET /?path=%2F%2Fsys%2Fdev%2Fchar%2F189%3A0%2F1-7%2Fdriver%2F1-7%2F1-7.1%2F1-7.1%3A1.1%2Fdriver%2F1-7.1%3A1.1%2Fdriver%2F1-7.1%3A1.0%2Fdriver%2F1-7.1%3A1.0%2Fsubsystem%2Fdevices%2F2-0%3A1.0%2Fusb2-port7%2Ffirmware_node&viewfile=%2F%2Fsys%2Fdev%2Fchar%2F189%3A0%2F1-7%2Fdriver%2F1-7%2F1-7.1%2F1-7.1%3A1.1%2Fdriver%2F1-7.1%3A1.1%2Fdriver%2F1-7.1%3A1.0%2Fdriver%2F1-7.1%3A1.0%2Fsubsystem%2Fdevices%2F2-0%3A1.0%2Fusb2-port7%2Ffirmware_node%2Fpath HTTP/2.0" 200 2910 "-" "Mozilla/5.0 AppleWebKit/537.36 (KHTML, like Gecko; compatible; GPTBot/1.2; +https://openai.com/gptbot)"
20.171.207.224 - - [26/Jul/2025:08:52:09 -0400] "GET /?path=%2F%2Fsys%2Fdev%2Fchar%2F189%3A0%2F1-7%2F1-7.1%2Fdriver%2F1-7%2F1-7.1%2F1-7.1%3A1.0%2Fdriver%2F1-7.1%3A1.0%2Fdriver%2F1-7.1%3A1.1%2Finput%2Finput2%2Fjs0%2Fsubsystem%2Fjs0%2Fsubsystem%2Finput2%2Fevent2 HTTP/2.0" 200 3368 "-" "Mozilla/5.0 AppleWebKit/537.36 (KHTML, like Gecko; compatible; GPTBot/1.2; +https://openai.com/gptbot)"
192.99.15.17 - - [26/Jul/2025:08:52:10 -0400] "GET /?viewfile=//proc/73/stat&path=//proc/73 HTTP/1.1" 200 2749 "-" "Mozilla/5.0 (compatible; MJ12bot/v1.4.8; http://mj12bot.com/)"
20.171.207.224 - - [26/Jul/2025:08:52:11 -0400] "GET /?path=%2F%2Fsys%2Fdev%2Fchar%2F189%3A0%2F1-7%2F1-7.1%2Fdriver%2F1-7%2F1-7.1%2F1-7.1%3A1.0%2Fdriver%2F1-7.1%3A1.0%2Fdriver%2F1-7.1%3A1.1%2Finput%2Finput2%2Fjs0%2Fsubsystem%2Fevent1%2Fsubsystem%2Fevent2 HTTP/2.0" 200 3363 "-" "Mozilla/5.0 AppleWebKit/537.36 (KHTML, like Gecko; compatible; GPTBot/1.2; +https://openai.com/gptbot)"
20.171.207.182 - - [26/Jul/2025:08:52:11 -0400] "GET /?path=%2F%2Fsys%2Fdev%2Fchar%2F189%3A0%2F1-7%2Fdriver%2F1-7%2F1-7.1%2F1-7.1%3A1.1%2Fdriver%2F1-7.1%3A1.1%2Fdriver%2F1-7.1%3A1.0%2Fdriver%2F1-7.1%3A1.0%2Fsubsystem%2Fdevices%2F1-0%3A1.0%2Fusb1-port14%2Fpower HTTP/2.0" 200 3396 "-" "Mozilla/5.0 AppleWebKit/537.36 (KHTML, like Gecko; compatible; GPTBot/1.2; +https://openai.com/gptbot)"
20.171.207.224 - - [26/Jul/2025:08:52:12 -0400] "GET /?path=%2F%2Fsys%2Fdev%2Fchar%2F189%3A0%2F1-7%2F1-7.1%2Fdriver%2F1-7%2F1-7.1%2F1-7.1%3A1.0%2Fdriver%2F1-7.1%3A1.0%2Fdriver%2F1-7.1%3A1.1%2Finput%2Finput2%2Fjs0%2Fsubsystem%2Finput1%2Fsubsystem%2Fjs0 HTTP/2.0" 200 3362 "-" "Mozilla/5.0 AppleWebKit/537.36 (KHTML, like Gecko; compatible; GPTBot/1.2; +https://openai.com/gptbot)"
20.171.207.182 - - [26/Jul/2025:08:52:12 -0400] "GET /?path=%2F%2Fsys%2Fdev%2Fchar%2F189%3A0%2F1-7%2Fdriver%2F1-7%2F1-7.1%2F1-7.1%3A1.1%2Fdriver%2F1-7.1%3A1.1%2Fdriver%2F1-7.1%3A1.0%2Fdriver%2F1-7.1%3A1.0%2Fsubsystem%2Fdevices%2F1-0%3A1.0%2Fusb1-port14%2Ffirmware_node HTTP/2.0" 200 3422 "-" "Mozilla/5.0 AppleWebKit/537.36 (KHTML, like Gecko; compatible; GPTBot/1.2; +https://openai.com/gptbot)"
192.99.15.17 - - [26/Jul/2025:08:52:13 -0400] "GET /?viewfile=//proc/73/statm&path=//proc/73 HTTP/1.1" 200 2671 "-" "Mozilla/5.0 (compatible; MJ12bot/v1.4.8; http://mj12bot.com/)"
20.171.207.182 - - [26/Jul/2025:08:52:13 -0400] "GET /?path=%2F%2Fsys%2Fdev%2Fchar%2F189%3A0%2F1-7%2Fdriver%2F1-7%2F1-7.1%2F1-7.1%3A1.1%2Fdriver%2F1-7.1%3A1.1%2Fdriver%2F1-7.1%3A1.0%2Fdriver%2F1-7.1%3A1.0%2Fsubsystem%2Fdevices%2F2-0%3A1.0%2Fusb2-port8 HTTP/2.0" 200 3455 "-" "Mozilla/5.0 AppleWebKit/537.36 (KHTML, like Gecko; compatible; GPTBot/1.2; +https://openai.com/gptbot)"
20.171.207.224 - - [26/Jul/2025:08:52:13 -0400] "GET /?path=%2F%2Fsys%2Fdev%2Fchar%2F189%3A0%2F1-7%2F1-7.1%2Fdriver%2F1-7%2F1-7.1%2F1-7.1%3A1.0%2Fdriver%2F1-7.1%3A1.0%2Fdriver%2F1-7.1%3A1.1%2Finput%2Finput2%2Fdevice%2Fsubsystem%2Fdevices%2F2-0%3A1.0%2Fusb2-port8 HTTP/2.0" 200 3483 "-" "Mozilla/5.0 AppleWebKit/537.36 (KHTML, like Gecko; compatible; GPTBot/1.2; +https://openai.com/gptbot)"
20.171.207.224 - - [26/Jul/2025:08:52:15 -0400] "GET /?path=%2F%2Fsys%2Fdev%2Fchar%2F189%3A0%2F1-7%2F1-7.1%2Fdriver%2F1-7.1%2F1-7.1%3A1.0%2Fdriver%2F1-7.1%3A1.1%2Fdriver%2F1-7.1%3A1.0%2Finput%2Finput1%2Finput1%3A%3Acompose%2Fdevice%2Fid HTTP/2.0" 200 3167 "-" "Mozilla/5.0 AppleWebKit/537.36 (KHTML, like Gecko; compatible; GPTBot/1.2; +https://openai.com/gptbot)"
20.171.207.182 - - [26/Jul/2025:08:52:15 -0400] "GET /?path=%2F%2Fsys%2Fdev%2Fchar%2F189%3A0%2F1-7%2Fdriver%2F1-7%2F1-7.1%2F1-7.1%3A1.1%2Fdriver%2F1-7.1%3A1.1%2Fdriver%2F1-7.1%3A1.0%2Fdriver%2F1-7.1%3A1.0%2Fsubsystem%2Fdevices%2F2-0%3A1.0%2Fusb2-port2%2Fpower HTTP/2.0" 200 3395 "-" "Mozilla/5.0 AppleWebKit/537.36 (KHTML, like Gecko; compatible; GPTBot/1.2; +https://openai.com/gptbot)"
20.171.207.224 - - [26/Jul/2025:08:52:16 -0400] "GET /?path=%2F%2Fsys%2Fdev%2Fchar%2F189%3A0%2F1-7%2F1-7.1%2Fdriver%2F1-7%2F1-7.1%2F1-7.1%3A1.0%2Fdriver%2F1-7.1%3A1.0%2Fdriver%2F1-7.1%3A1.1%2Finput%2Finput2%2Fmouse0%2Fsubsystem%2Finput2%2Fdevice HTTP/2.0" 200 3797 "-" "Mozilla/5.0 AppleWebKit/537.36 (KHTML, like Gecko; compatible; GPTBot/1.2; +https://openai.com/gptbot)"
192.99.15.17 - - [26/Jul/2025:08:52:16 -0400] "GET /?viewfile=//proc/73/status&path=//proc/73 HTTP/1.1" 200 2965 "-" "Mozilla/5.0 (compatible; MJ12bot/v1.4.8; http://mj12bot.com/)"
20.171.207.182 - - [26/Jul/2025:08:52:16 -0400] "GET /?path=%2F%2Fsys%2Fdev%2Fchar%2F189%3A0%2F1-7%2Fdriver%2F1-7%2F1-7.1%2F1-7.1%3A1.1%2Fdriver%2F1-7.1%3A1.1%2Fdriver%2F1-7.1%3A1.0%2Fdriver%2F1-7.1%3A1.0%2Fsubsystem%2Fdevices%2F2-0%3A1.0%2Fusb2-port2%2Ffirmware_node HTTP/2.0" 200 3417 "-" "Mozilla/5.0 AppleWebKit/537.36 (KHTML, like Gecko; compatible; GPTBot/1.2; +https://openai.com/gptbot)"
20.171.207.224 - - [26/Jul/2025:08:52:17 -0400] "GET /?path=%2F%2Fsys%2Fdev%2Fchar%2F189%3A0%2F1-7%2F1-7.1%2Fdriver%2F1-7%2F1-7.1%2F1-7.1%3A1.0%2Fdriver%2F1-7.1%3A1.0%2Fdriver%2F1-7.1%3A1.1%2Finput%2Finput2%2Fmouse0%2Fsubsystem%2Finput2%2Fjs0 HTTP/2.0" 200 3354 "-" "Mozilla/5.0 AppleWebKit/537.36 (KHTML, like Gecko; compatible; GPTBot/1.2; +https://openai.com/gptbot)"
20.171.207.182 - - [26/Jul/2025:08:52:17 -0400] "GET /?path=%2F%2Fsys%2Fdev%2Fchar%2F189%3A0%2F1-7%2Fdriver%2F1-7%2F1-7.1%2F1-7.1%3A1.1%2Fdriver%2F1-7.1%3A1.1%2Fdriver%2F1-7.1%3A1.0%2Fdriver%2F1-7.1%3A1.0%2Fsubsystem%2Fdevices%2F1-0%3A1.0%2Fusb1-port8%2Fpeer HTTP/2.0" 200 3494 "-" "Mozilla/5.0 AppleWebKit/537.36 (KHTML, like Gecko; compatible; GPTBot/1.2; +https://openai.com/gptbot)"
20.171.207.224 - - [26/Jul/2025:08:52:18 -0400] "GET /?path=%2F%2Fsys%2Fdev%2Fchar%2F189%3A0%2F1-7%2F1-7.1%2Fdriver%2F1-7%2F1-7.1%2F1-7.1%3A1.0%2Fdriver%2F1-7.1%3A1.0%2Fdriver%2F1-7.1%3A1.1%2Finput%2Finput2%2Fjs0%2Fsubsystem%2Finput3%2Fdevice%2Finput HTTP/2.0" 200 3019 "-" "Mozilla/5.0 AppleWebKit/537.36 (KHTML, like Gecko; compatible; GPTBot/1.2; +https://openai.com/gptbot)"
20.171.207.182 - - [26/Jul/2025:08:52:18 -0400] "GET /?path=%2F%2Fsys%2Fdev%2Fchar%2F189%3A0%2F1-7%2Fdriver%2F1-7%2F1-7.1%2F1-7.1%3A1.1%2Fdriver%2F1-7.1%3A1.1%2Fdriver%2F1-7.1%3A1.0%2Fdriver%2F1-7.1%3A1.0%2Fsubsystem%2Fdevices%2F1-0%3A1.0%2Fusb1-port8%2Fpower HTTP/2.0" 200 3394 "-" "Mozilla/5.0 AppleWebKit/537.36 (KHTML, like Gecko; compatible; GPTBot/1.2; +https://openai.com/gptbot)"
192.99.15.17 - - [26/Jul/2025:08:52:19 -0400] "GET /?viewfile=//proc/73/syscall&path=//proc/73 HTTP/1.1" 200 2666 "-" "Mozilla/5.0 (compatible; MJ12bot/v1.4.8; http://mj12bot.com/)"
20.171.207.224 - - [26/Jul/2025:08:52:20 -0400] "GET /?path=%2F%2Fsys%2Fdev%2Fchar%2F189%3A0%2F1-7%2F1-7.1%2Fdriver%2F1-7%2F1-7.1%2F1-7.1%3A1.0%2Fdriver%2F1-7.1%3A1.0%2Fdriver%2F1-7.1%3A1.1%2Finput%2Finput2%2Fmouse0%2Fsubsystem%2Finput2%2Fevent2%2Fdevice HTTP/2.0" 200 3659 "-" "Mozilla/5.0 AppleWebKit/537.36 (KHTML, like Gecko; compatible; GPTBot/1.2; +https://openai.com/gptbot)"
20.171.207.182 - - [26/Jul/2025:08:52:20 -0400] "GET /?path=%2F%2Fsys%2Fdev%2Fchar%2F189%3A0%2F1-7%2Fdriver%2F1-7%2F1-7.1%2F1-7.1%3A1.1%2Fdriver%2F1-7.1%3A1.1%2Fdriver%2F1-7.1%3A1.0%2Fdriver%2F1-7.1%3A1.0%2Fsubsystem%2Fdevices%2F1-0%3A1.0%2Fusb1-port10%2Fpower HTTP/2.0" 200 3395 "-" "Mozilla/5.0 AppleWebKit/537.36 (KHTML, like Gecko; compatible; GPTBot/1.2; +https://openai.com/gptbot)"
20.171.207.224 - - [26/Jul/2025:08:52:21 -0400] "GET /?path=%2F%2Fsys%2Fdev%2Fchar%2F189%3A0%2F1-7%2F1-7.1%2Fdriver%2F1-7.1%2F1-7.1%3A1.0%2Fdriver%2F1-7.1%3A1.1%2Fdriver%2F1-7.1%3A1.0%2Finput%2Finput1%2Fsubsystem%2Fjs0 HTTP/2.0" 200 3327 "-" "Mozilla/5.0 AppleWebKit/537.36 (KHTML, like Gecko; compatible; GPTBot/1.2; +https://openai.com/gptbot)"
20.171.207.182 - - [26/Jul/2025:08:52:21 -0400] "GET /?path=%2F%2Fsys%2Fdev%2Fchar%2F189%3A0%2F1-7%2Fdriver%2F1-7%2F1-7.1%2F1-7.1%3A1.1%2Fdriver%2F1-7.1%3A1.1%2Fdriver%2F1-7.1%3A1.0%2Fdriver%2F1-7.1%3A1.0%2Fsubsystem%2Fdevices%2F1-0%3A1.0%2Fusb1-port3%2Fpower HTTP/2.0" 200 3394 "-" "Mozilla/5.0 AppleWebKit/537.36 (KHTML, like Gecko; compatible; GPTBot/1.2; +https://openai.com/gptbot)"
192.99.15.17 - - [26/Jul/2025:08:52:21 -0400] "GET /?viewfile=//proc/73/timers&path=//proc/73 HTTP/1.1" 200 2664 "-" "Mozilla/5.0 (compatible; MJ12bot/v1.4.8; http://mj12bot.com/)"
20.171.207.182 - - [26/Jul/2025:08:52:22 -0400] "GET /?path=%2F%2Fsys%2Fdev%2Fchar%2F189%3A0%2F1-7%2Fdriver%2F1-7%2F1-7.1%2F1-7.1%3A1.1%2Fdriver%2F1-7.1%3A1.1%2Fdriver%2F1-7.1%3A1.0%2Fdriver%2F1-7.1%3A1.0%2Fsubsystem%2Fdevices%2F1-0%3A1.0%2Fusb1-port7%2Fpower HTTP/2.0" 200 3394 "-" "Mozilla/5.0 AppleWebKit/537.36 (KHTML, like Gecko; compatible; GPTBot/1.2; +https://openai.com/gptbot)"
20.171.207.224 - - [26/Jul/2025:08:52:22 -0400] "GET /?path=%2F%2Fsys%2Fdev%2Fchar%2F189%3A0%2F1-7%2F1-7.1%2Fdriver%2F1-7%2F1-7.1%2F1-7.1%3A1.0%2Fdriver%2F1-7.1%3A1.0%2Fdriver%2F1-7.1%3A1.1%2Finput%2Finput2%2Fdevice%2Fsubsystem%2Fdevices%2F2-0%3A1.0%2Fusb2-port10 HTTP/2.0" 200 3484 "-" "Mozilla/5.0 AppleWebKit/537.36 (KHTML, like Gecko; compatible; GPTBot/1.2; +https://openai.com/gptbot)"
20.171.207.224 - - [26/Jul/2025:08:52:23 -0400] "GET /?path=%2F%2Fsys%2Fdev%2Fchar%2F189%3A0%2F1-7%2F1-7.1%2Fdriver%2F1-7%2F1-7.1%2F1-7.1%3A1.0%2Fdriver%2F1-7.1%3A1.0%2Fdriver%2F1-7.1%3A1.1%2Finput%2Finput2%2Fdevice%2Fsubsystem%2Fdevices%2F1-7%3A1.0%2F1-7-port2%2Fpower HTTP/2.0" 200 3511 "-" "Mozilla/5.0 AppleWebKit/537.36 (KHTML, like Gecko; compatible; GPTBot/1.2; +https://openai.com/gptbot)"
20.171.207.182 - - [26/Jul/2025:08:52:23 -0400] "GET /?path=%2F%2Fsys%2Fdev%2Fchar%2F189%3A0%2F1-7%2Fdriver%2F1-7%2F1-7.1%2F1-7.1%3A1.1%2Fdriver%2F1-7.1%3A1.1%2Fdriver%2F1-7.1%3A1.0%2Fdriver%2F1-7.1%3A1.0%2Fsubsystem%2Fdevices%2F1-0%3A1.0%2Fusb1-port8%2Ffirmware_node HTTP/2.0" 200 3417 "-" "Mozilla/5.0 AppleWebKit/537.36 (KHTML, like Gecko; compatible; GPTBot/1.2; +https://openai.com/gptbot)"
192.99.15.17 - - [26/Jul/2025:08:52:24 -0400] "GET /?viewfile=//proc/73/uid_map&path=//proc/73 HTTP/1.1" 200 2683 "-" "Mozilla/5.0 (compatible; MJ12bot/v1.4.8; http://mj12bot.com/)"
20.171.207.224 - - [26/Jul/2025:08:52:24 -0400] "GET /?path=%2F%2Fsys%2Fdev%2Fchar%2F189%3A0%2F1-7%2F1-7.1%2Fdriver%2F1-7%2F1-7.1%2F1-7.1%3A1.0%2Fdriver%2F1-7.1%3A1.0%2Fdriver%2F1-7.1%3A1.1%2Finput%2Finput2%2Fjs0%2Fsubsystem%2Fjs0%2Fdevice%2Fdevice%2Fep_82 HTTP/2.0" 200 3578 "-" "Mozilla/5.0 AppleWebKit/537.36 (KHTML, like Gecko; compatible; GPTBot/1.2; +https://openai.com/gptbot)"
20.171.207.182 - - [26/Jul/2025:08:52:25 -0400] "GET /?path=%2F%2Fsys%2Fdev%2Fchar%2F189%3A0%2F1-7%2Fdriver%2F1-7%2F1-7.1%2F1-7.1%3A1.1%2Fdriver%2F1-7.1%3A1.1%2Fdriver%2F1-7.1%3A1.0%2Fdriver%2F1-7.1%3A1.0%2Fsubsystem%2Fdevices%2F1-0%3A1.0%2Fusb1-port7%2Ffirmware_node HTTP/2.0" 200 3416 "-" "Mozilla/5.0 AppleWebKit/537.36 (KHTML, like Gecko; compatible; GPTBot/1.2; +https://openai.com/gptbot)"
20.171.207.224 - - [26/Jul/2025:08:52:26 -0400] "GET /?path=%2F%2Fsys%2Fdev%2Fchar%2F189%3A0%2F1-7%2F1-7.1%2Fdriver%2F1-7%2F1-7.1%2F1-7.1%3A1.0%2Fdriver%2F1-7.1%3A1.0%2Fdriver%2F1-7.1%3A1.1%2Finput%2Finput2%2Fmouse0%2Fsubsystem%2Fevent1%2Fdevice HTTP/2.0" 200 3780 "-" "Mozilla/5.0 AppleWebKit/537.36 (KHTML, like Gecko; compatible; GPTBot/1.2; +https://openai.com/gptbot)"
20.171.207.182 - - [26/Jul/2025:08:52:26 -0400] "GET /?path=%2F%2Fsys%2Fdev%2Fchar%2F189%3A0%2F1-7%2Fdriver%2F1-7%2F1-7.1%2F1-7.1%3A1.1%2Fdriver%2F1-7.1%3A1.1%2Fdriver%2F1-7.1%3A1.0%2Fdriver%2F1-7.1%3A1.0%2Fsubsystem%2Fdevices%2F2-0%3A1.0%2Fusb2-port8%2Fpower HTTP/2.0" 200 3395 "-" "Mozilla/5.0 AppleWebKit/537.36 (KHTML, like Gecko; compatible; GPTBot/1.2; +https://openai.com/gptbot)"
192.99.15.17 - - [26/Jul/2025:08:52:27 -0400] "GET /?viewfile=//proc/73/wchan&path=//proc/73 HTTP/1.1" 200 2678 "-" "Mozilla/5.0 (compatible; MJ12bot/v1.4.8; http://mj12bot.com/)"
20.171.207.224 - - [26/Jul/2025:08:52:27 -0400] "GET /?path=%2F%2Fsys%2Fdev%2Fchar%2F189%3A0%2F1-7%2F1-7.1%2Fdriver%2F1-7%2F1-7.1%2F1-7.1%3A1.0%2Fdriver%2F1-7.1%3A1.0%2Fdriver%2F1-7.1%3A1.1%2Finput%2Finput2%2Fjs0%2Fsubsystem%2Finput2%2Fevent2%2Fsubsystem%2Fjs0 HTTP/2.0" 200 3369 "-" "Mozilla/5.0 AppleWebKit/537.36 (KHTML, like Gecko; compatible; GPTBot/1.2; +https://openai.com/gptbot)"
20.171.207.182 - - [26/Jul/2025:08:52:27 -0400] "GET /?path=%2F%2Fsys%2Fdev%2Fchar%2F189%3A0%2F1-7%2Fdriver%2F1-7%2F1-7.1%2F1-7.1%3A1.1%2Fdriver%2F1-7.1%3A1.1%2Fdriver%2F1-7.1%3A1.0%2Fdriver%2F1-7.1%3A1.0%2Fsubsystem%2Fdevices%2F2-0%3A1.0%2Fusb2-port2%2Fpower&viewfile=%2F%2Fsys%2Fdev%2Fchar%2F189%3A0%2F1-7%2Fdriver%2F1-7%2F1-7.1%2F1-7.1%3A1.1%2Fdriver%2F1-7.1%3A1.1%2Fdriver%2F1-7.1%3A1.0%2Fdriver%2F1-7.1%3A1.0%2Fsubsystem%2Fdevices%2F2-0%3A1.0%2Fusb2-port2%2Fpower%2Fruntime_active_time HTTP/2.0" 200 2895 "-" "Mozilla/5.0 AppleWebKit/537.36 (KHTML, like Gecko; compatible; GPTBot/1.2; +https://openai.com/gptbot)"
20.171.207.224 - - [26/Jul/2025:08:52:28 -0400] "GET /?path=%2F%2Fsys%2Fdev%2Fchar%2F189%3A0%2F1-7%2F1-7.1%2Fdriver%2F1-7.1%2F1-7.1%3A1.0%2Fdriver%2F1-7.1%3A1.1%2Fdriver%2F1-7.1%3A1.0%2Finput%2Finput1%2Fsubsystem%2Finput0%2Fdevice HTTP/2.0" 200 3409 "-" "Mozilla/5.0 AppleWebKit/537.36 (KHTML, like Gecko; compatible; GPTBot/1.2; +https://openai.com/gptbot)"
20.171.207.182 - - [26/Jul/2025:08:52:28 -0400] "GET /?path=%2F%2Fsys%2Fdev%2Fchar%2F189%3A0%2F1-7%2Fdriver%2F1-7%2F1-7.1%2F1-7.1%3A1.1%2Fdriver%2F1-7.1%3A1.1%2Fdriver%2F1-7.1%3A1.0%2Fdriver%2F1-7.1%3A1.0%2Fsubsystem%2Fdevices%2F2-0%3A1.0%2Fusb2-port8%2Ffirmware_node HTTP/2.0" 200 3417 "-" "Mozilla/5.0 AppleWebKit/537.36 (KHTML, like Gecko; compatible; GPTBot/1.2; +https://openai.com/gptbot)"
20.171.207.224 - - [26/Jul/2025:08:52:29 -0400] "GET /?path=%2F%2Fsys%2Fdev%2Fchar%2F189%3A0%2F1-7%2F1-7.1%2Fdriver%2F1-7%2F1-7.1%2F1-7.1%3A1.0%2Fdriver%2F1-7.1%3A1.0%2Fdriver%2F1-7.1%3A1.1%2Finput%2Finput2%2Fjs0%2Fsubsystem%2Fjs0%2Fsubsystem%2Fevent2 HTTP/2.0" 200 3356 "-" "Mozilla/5.0 AppleWebKit/537.36 (KHTML, like Gecko; compatible; GPTBot/1.2; +https://openai.com/gptbot)"
192.99.15.17 - - [26/Jul/2025:08:52:30 -0400] "GET /?viewfile=//proc/73748/autogroup&path=//proc/73748 HTTP/1.1" 200 2669 "-" "Mozilla/5.0 (compatible; MJ12bot/v1.4.8; http://mj12bot.com/)"
20.171.207.182 - - [26/Jul/2025:08:52:30 -0400] "GET /?path=%2F%2Fsys%2Fdev%2Fchar%2F189%3A0%2F1-7%2Fdriver%2F1-7%2F1-7.1%2F1-7.1%3A1.1%2Fdriver%2F1-7.1%3A1.1%2Fdriver%2F1-7.1%3A1.0%2Fdriver%2F1-7.1%3A1.0%2Fsubsystem%2Fdevices%2F1-0%3A1.0%2Fusb1-port8%2Fpeer%2Fpower HTTP/2.0" 200 3406 "-" "Mozilla/5.0 AppleWebKit/537.36 (KHTML, like Gecko; compatible; GPTBot/1.2; +https://openai.com/gptbot)"
20.171.207.224 - - [26/Jul/2025:08:52:31 -0400] "GET /?path=%2F%2Fsys%2Fdev%2Fchar%2F189%3A0%2F1-7%2F1-7.1%2Fdriver%2F1-7%2F1-7.1%2F1-7.1%3A1.0%2Fdriver%2F1-7.1%3A1.0%2Fdriver%2F1-7.1%3A1.1%2Finput%2Finput2%2Fjs0%2Fsubsystem%2Fjs0%2Fsubsystem%2Finput2%2Fid HTTP/2.0" 200 3191 "-" "Mozilla/5.0 AppleWebKit/537.36 (KHTML, like Gecko; compatible; GPTBot/1.2; +https://openai.com/gptbot)"
20.171.207.182 - - [26/Jul/2025:08:52:31 -0400] "GET /?path=%2F%2Fsys%2Fdev%2Fchar%2F189%3A0%2F1-7%2Fdriver%2F1-7%2F1-7.1%2F1-7.1%3A1.1%2Fdriver%2F1-7.1%3A1.1%2Fdriver%2F1-7.1%3A1.0%2Fdriver%2F1-7.1%3A1.0%2Fsubsystem%2Fdevices%2F1-7.1%3A1.1%2Finput%2Finput2 HTTP/2.0" 200 3649 "-" "Mozilla/5.0 AppleWebKit/537.36 (KHTML, like Gecko; compatible; GPTBot/1.2; +https://openai.com/gptbot)"
20.171.207.224 - - [26/Jul/2025:08:52:32 -0400] "GET /?path=%2F%2Fsys%2Fdev%2Fchar%2F189%3A0%2F1-7%2F1-7.1%2Fdriver%2F1-7%2F1-7.1%2F1-7.1%3A1.0%2Fdriver%2F1-7.1%3A1.0%2Fdriver%2F1-7.1%3A1.1%2Finput%2Finput2%2Fmouse0%2Fsubsystem%2Finput2%2Fevent2%2Fdevice HTTP/2.0" 200 3659 "-" "Mozilla/5.0 AppleWebKit/537.36 (KHTML, like Gecko; compatible; GPTBot/1.2; +https://openai.com/gptbot)"
20.171.207.182 - - [26/Jul/2025:08:52:32 -0400] "GET /?path=%2F%2Fsys%2Fdev%2Fchar%2F189%3A0%2F1-7%2Fdriver%2F1-7%2F1-7.1%2F1-7.1%3A1.1%2Fdriver%2F1-7.1%3A1.1%2Fdriver%2F1-7.1%3A1.0%2Fdriver%2F1-7.1%3A1.0%2Fsubsystem%2Fdevices%2F1-7.1%3A1.0%2Finput%2Finput1 HTTP/2.0" 200 3777 "-" "Mozilla/5.0 AppleWebKit/537.36 (KHTML, like Gecko; compatible; GPTBot/1.2; +https://openai.com/gptbot)"
192.99.15.17 - - [26/Jul/2025:08:52:32 -0400] "GET /?viewfile=//proc/73748/auxv&path=//proc/73748 HTTP/1.1" 200 2667 "-" "Mozilla/5.0 (compatible; MJ12bot/v1.4.8; http://mj12bot.com/)"
20.171.207.224 - - [26/Jul/2025:08:52:33 -0400] "GET /?path=%2F%2Fsys%2Fdev%2Fchar%2F189%3A0%2F1-7%2F1-7.1%2Fdriver%2F1-7%2F1-7.1%2F1-7.1%3A1.0%2Fdriver%2F1-7.1%3A1.0%2Fdriver%2F1-7.1%3A1.1%2Finput%2Finput2%2Fmouse0%2Fsubsystem%2Finput2%2Fevent2%2Fdevice%2Fjs0 HTTP/2.0" 200 3375 "-" "Mozilla/5.0 AppleWebKit/537.36 (KHTML, like Gecko; compatible; GPTBot/1.2; +https://openai.com/gptbot)"
20.171.207.182 - - [26/Jul/2025:08:52:34 -0400] "GET /?path=%2F%2Fsys%2Fdev%2Fchar%2F189%3A0%2F1-7%2F1-7.1%2Fdriver%2F1-7%2F1-7.1%2Fdriver%2F1-7%2F1-7%3A1.0%2Fdriver%2F1-7%3A1.0%2Fsubsystem%2Fdevices%2F1-7.1%2Fdriver%2Fusb2%2F2-0%3A1.0%2Fdriver%2F2-0%3A1.0%2Fep_81 HTTP/2.0" 200 3580 "-" "Mozilla/5.0 AppleWebKit/537.36 (KHTML, like Gecko; compatible; GPTBot/1.2; +https://openai.com/gptbot)"
