20.171.207.84 - - [11/Sep/2025:09:20:04 -0400] "GET /?path=//sys/class/net/eth0/subsystem/lo/subsystem/eth0/device/net/eth0/device/firmware_node/subsystem/devices/device:da/subsystem/devices/device:de/subsystem/devices/device:8d/device:8e/subsystem/devices/device:0b HTTP/2.0" 200 3434 "-" "Mozilla/5.0 AppleWebKit/537.36 (KHTML, like Gecko; compatible; GPTBot/1.2; +https://openai.com/gptbot)"
20.171.207.84 - - [11/Sep/2025:09:20:06 -0400] "GET /?path=//sys/class/net/eth0/subsystem/lo/subsystem/eth0/device/net/eth0/device/firmware_node/subsystem/devices/device:da/subsystem/devices/device:de/subsystem/devices/device:8d/device:8e/subsystem/devices/device:1e HTTP/2.0" 200 3433 "-" "Mozilla/5.0 AppleWebKit/537.36 (KHTML, like Gecko; compatible; GPTBot/1.2; +https://openai.com/gptbot)"
20.171.207.84 - - [11/Sep/2025:09:20:08 -0400] "GET /?path=//sys/class/net/eth0/subsystem/lo/subsystem/eth0/device/net/eth0/device/firmware_node/subsystem/devices/device:da/subsystem/devices/device:de/subsystem/devices/device:8d/device:8e/subsystem/devices/device:9e HTTP/2.0" 200 3432 "-" "Mozilla/5.0 AppleWebKit/537.36 (KHTML, like Gecko; compatible; GPTBot/1.2; +https://openai.com/gptbot)"
217.113.194.197 - - [11/Sep/2025:09:20:09 -0400] "GET /?viewfile=//usr/lib64/python2.7/py_compile.py&path=//usr/lib64/python2.7 HTTP/1.1" 200 4863 "-" "Mozilla/5.0 (compatible; Barkrowler/0.9; +https://babbar.tech/crawler)"
20.171.207.218 - - [11/Sep/2025:09:20:10 -0400] "GET /?path=//sys/class/net/eth1/subsystem/eth1/statistics&viewfile=//sys/class/net/eth1/subsystem/eth1/statistics/rx_nohandler HTTP/2.0" 200 2740 "-" "Mozilla/5.0 AppleWebKit/537.36 (KHTML, like Gecko; compatible; GPTBot/1.2; +https://openai.com/gptbot)"
20.171.207.84 - - [11/Sep/2025:09:20:10 -0400] "GET /?path=//sys/class/net/eth0/subsystem/lo/subsystem/eth0/device/net/eth0/device/firmware_node/subsystem/devices/device:da/subsystem/devices/device:de/subsystem/devices/device:8d/device:8e/subsystem/devices/device:ea HTTP/2.0" 200 3504 "-" "Mozilla/5.0 AppleWebKit/537.36 (KHTML, like Gecko; compatible; GPTBot/1.2; +https://openai.com/gptbot)"
20.171.207.84 - - [11/Sep/2025:09:20:12 -0400] "GET /?path=//sys/class/net/eth0/subsystem/lo/subsystem/eth0/device/net/eth0/device/firmware_node/subsystem/devices/device:da/subsystem/devices/device:de/subsystem/devices/device:8d/device:8e/subsystem/devices/device:ff&viewfile=//sys/class/net/eth0/subsystem/lo/subsystem/eth0/device/net/eth0/device/firmware_node/subsystem/devices/device:da/subsystem/devices/device:de/subsystem/devices/device:8d/device:8e/subsystem/devices/device:ff/adr HTTP/2.0" 200 2937 "-" "Mozilla/5.0 AppleWebKit/537.36 (KHTML, like Gecko; compatible; GPTBot/1.2; +https://openai.com/gptbot)"
20.171.207.84 - - [11/Sep/2025:09:20:15 -0400] "GET /?path=//sys/class/net/eth0/subsystem/lo/subsystem/eth0/device/net/eth0/device/firmware_node/subsystem/devices/device:da/subsystem/devices/device:de/subsystem/devices/device:8d/device:8e/subsystem/devices/device:cc HTTP/2.0" 200 3476 "-" "Mozilla/5.0 AppleWebKit/537.36 (KHTML, like Gecko; compatible; GPTBot/1.2; +https://openai.com/gptbot)"
20.171.207.84 - - [11/Sep/2025:09:20:17 -0400] "GET /?path=//sys/class/net/eth0/subsystem/lo/subsystem/eth0/device/net/eth0/device/firmware_node/subsystem/devices/device:da/subsystem/devices/device:de/subsystem/devices/device:8d/device:8e/subsystem/devices/device:ac HTTP/2.0" 200 3475 "-" "Mozilla/5.0 AppleWebKit/537.36 (KHTML, like Gecko; compatible; GPTBot/1.2; +https://openai.com/gptbot)"
20.171.207.84 - - [11/Sep/2025:09:20:18 -0400] "GET /?path=//sys/class/net/eth0/subsystem/lo/subsystem/eth0/device/net/eth0/device/firmware_node/subsystem/devices/device:da/subsystem/devices/device:de/subsystem/devices/device:8d/device:8e/subsystem/devices/device:e7 HTTP/2.0" 200 3434 "-" "Mozilla/5.0 AppleWebKit/537.36 (KHTML, like Gecko; compatible; GPTBot/1.2; +https://openai.com/gptbot)"
20.171.207.84 - - [11/Sep/2025:09:20:20 -0400] "GET /?path=//sys/class/net/eth0/subsystem/lo/subsystem/eth0/device/net/eth0/device/firmware_node/subsystem/devices/device:da/subsystem/devices/device:de/subsystem/devices/device:8d/device:8e/subsystem/devices/device:8e HTTP/2.0" 200 3429 "-" "Mozilla/5.0 AppleWebKit/537.36 (KHTML, like Gecko; compatible; GPTBot/1.2; +https://openai.com/gptbot)"
20.171.207.84 - - [11/Sep/2025:09:20:22 -0400] "GET /?path=//sys/class/net/eth0/subsystem/lo/subsystem/eth0/device/net/eth0/device/firmware_node/subsystem/devices/device:da/subsystem/devices/device:de/subsystem/devices/device:8d/device:8e/subsystem/devices/device:e0 HTTP/2.0" 200 3433 "-" "Mozilla/5.0 AppleWebKit/537.36 (KHTML, like Gecko; compatible; GPTBot/1.2; +https://openai.com/gptbot)"
20.171.207.84 - - [11/Sep/2025:09:20:24 -0400] "GET /?path=//sys/class/net/eth0/subsystem/lo/subsystem/eth0/device/net/eth0/device/firmware_node/subsystem/devices/device:da/subsystem/devices/device:de/subsystem/devices/device:8d/device:8e/subsystem/devices/device:0e HTTP/2.0" 200 3433 "-" "Mozilla/5.0 AppleWebKit/537.36 (KHTML, like Gecko; compatible; GPTBot/1.2; +https://openai.com/gptbot)"
20.171.207.84 - - [11/Sep/2025:09:20:25 -0400] "GET /?path=//sys/class/net/eth0/subsystem/lo/subsystem/eth0/device/net/eth0/device/firmware_node/subsystem/devices/device:da/subsystem/devices/device:de/subsystem/devices/device:8d/device:8e/subsystem/devices/device:0c HTTP/2.0" 200 3434 "-" "Mozilla/5.0 AppleWebKit/537.36 (KHTML, like Gecko; compatible; GPTBot/1.2; +https://openai.com/gptbot)"
217.113.194.192 - - [11/Sep/2025:09:20:27 -0400] "GET /?viewfile=//usr/lib64/python2.7/ihooks.pyo&path=//usr/lib64/python2.7 HTTP/1.1" 200 10057 "-" "Mozilla/5.0 (compatible; Barkrowler/0.9; +https://babbar.tech/crawler)"
20.171.207.84 - - [11/Sep/2025:09:20:27 -0400] "GET /?path=//sys/class/net/eth0/subsystem/lo/subsystem/eth0/device/net/eth0/device/firmware_node/subsystem/devices/device:da/subsystem/devices/device:de/subsystem/devices/device:8d/device:8e/subsystem/devices/device:d0 HTTP/2.0" 200 3470 "-" "Mozilla/5.0 AppleWebKit/537.36 (KHTML, like Gecko; compatible; GPTBot/1.2; +https://openai.com/gptbot)"
20.171.207.218 - - [11/Sep/2025:09:20:29 -0400] "GET /?path=//sys/class/net/eth1/subsystem/eth1/statistics&viewfile=//sys/class/net/eth1/subsystem/eth1/statistics/tx_dropped HTTP/2.0" 200 2739 "-" "Mozilla/5.0 AppleWebKit/537.36 (KHTML, like Gecko; compatible; GPTBot/1.2; +https://openai.com/gptbot)"
20.171.207.84 - - [11/Sep/2025:09:20:29 -0400] "GET /?path=//sys/class/net/eth0/subsystem/lo/subsystem/eth0/device/net/eth0/device/firmware_node/subsystem/devices/device:da/subsystem/devices/device:de/subsystem/devices/device:8d/device:8e/subsystem/devices/device:ab HTTP/2.0" 200 3475 "-" "Mozilla/5.0 AppleWebKit/537.36 (KHTML, like Gecko; compatible; GPTBot/1.2; +https://openai.com/gptbot)"
20.171.207.84 - - [11/Sep/2025:09:20:31 -0400] "GET /?path=//sys/class/net/eth0/subsystem/lo/subsystem/eth0/device/net/eth0/device/firmware_node/subsystem/devices/device:da/subsystem/devices/device:de/subsystem/devices/device:8d/device:8e/subsystem/devices/device:ed HTTP/2.0" 200 3473 "-" "Mozilla/5.0 AppleWebKit/537.36 (KHTML, like Gecko; compatible; GPTBot/1.2; +https://openai.com/gptbot)"
20.171.207.84 - - [11/Sep/2025:09:20:33 -0400] "GET /?path=//sys/class/net/eth0/subsystem/lo/subsystem/eth0/device/net/eth0/device/firmware_node/subsystem/devices/device:da/subsystem/devices/device:de/subsystem/devices/device:8d/device:8e/subsystem/devices/device:7c HTTP/2.0" 200 3434 "-" "Mozilla/5.0 AppleWebKit/537.36 (KHTML, like Gecko; compatible; GPTBot/1.2; +https://openai.com/gptbot)"
20.171.207.84 - - [11/Sep/2025:09:20:34 -0400] "GET /?path=//sys/class/net/eth0/subsystem/lo/subsystem/eth0/device/net/eth0/device/firmware_node/subsystem/devices/device:da/subsystem/devices/device:de/subsystem/devices/device:8d/device:8e/subsystem/devices/device:c4 HTTP/2.0" 200 3476 "-" "Mozilla/5.0 AppleWebKit/537.36 (KHTML, like Gecko; compatible; GPTBot/1.2; +https://openai.com/gptbot)"
20.171.207.218 - - [11/Sep/2025:09:20:36 -0400] "GET /?path=//sys/class/net/eth1/subsystem/eth1/statistics&viewfile=//sys/class/net/eth1/subsystem/eth1/statistics/rx_frame_errors HTTP/2.0" 200 2742 "-" "Mozilla/5.0 AppleWebKit/537.36 (KHTML, like Gecko; compatible; GPTBot/1.2; +https://openai.com/gptbot)"
20.171.207.84 - - [11/Sep/2025:09:20:36 -0400] "GET /?path=//sys/class/net/eth0/subsystem/lo/subsystem/eth0/device/net/eth0/device/firmware_node/subsystem/devices/device:da/subsystem/devices/device:de/subsystem/devices/device:8d/device:8e/subsystem/devices/device:5d HTTP/2.0" 200 3474 "-" "Mozilla/5.0 AppleWebKit/537.36 (KHTML, like Gecko; compatible; GPTBot/1.2; +https://openai.com/gptbot)"
20.171.207.84 - - [11/Sep/2025:09:20:38 -0400] "GET /?path=//sys/class/net/eth0/subsystem/lo/subsystem/eth0/device/net/eth0/device/firmware_node/subsystem/devices/device:da/subsystem/devices/device:de/subsystem/devices/device:8d/device:8e/subsystem/devices/device:9d HTTP/2.0" 200 3467 "-" "Mozilla/5.0 AppleWebKit/537.36 (KHTML, like Gecko; compatible; GPTBot/1.2; +https://openai.com/gptbot)"
20.171.207.84 - - [11/Sep/2025:09:20:40 -0400] "GET /?path=//sys/class/net/eth0/subsystem/lo/subsystem/eth0/device/net/eth0/device/firmware_node/subsystem/devices/device:da/subsystem/devices/device:de/subsystem/devices/device:8d/device:8e/subsystem/devices/device:fd HTTP/2.0" 200 3431 "-" "Mozilla/5.0 AppleWebKit/537.36 (KHTML, like Gecko; compatible; GPTBot/1.2; +https://openai.com/gptbot)"
20.171.207.218 - - [11/Sep/2025:09:20:40 -0400] "GET /?path=//sys/class/net/eth1/subsystem/eth0/statistics&viewfile=//sys/class/net/eth1/subsystem/eth0/statistics/rx_packets HTTP/2.0" 200 2752 "-" "Mozilla/5.0 AppleWebKit/537.36 (KHTML, like Gecko; compatible; GPTBot/1.2; +https://openai.com/gptbot)"
20.171.207.84 - - [11/Sep/2025:09:20:41 -0400] "GET /?path=//sys/class/net/eth0/subsystem/lo/subsystem/eth0/device/net/eth0/device/firmware_node/subsystem/devices/device:da/subsystem/devices/device:de/subsystem/devices/device:8d/device:8e/subsystem/devices/device:7e HTTP/2.0" 200 3433 "-" "Mozilla/5.0 AppleWebKit/537.36 (KHTML, like Gecko; compatible; GPTBot/1.2; +https://openai.com/gptbot)"
20.171.207.84 - - [11/Sep/2025:09:20:43 -0400] "GET /?path=//sys/class/net/eth0/subsystem/lo/subsystem/eth0/device/net/eth0/device/firmware_node/subsystem/devices/device:da/subsystem/devices/device:de/subsystem/devices/device:8d/device:8e/subsystem/devices/device:8c HTTP/2.0" 200 3432 "-" "Mozilla/5.0 AppleWebKit/537.36 (KHTML, like Gecko; compatible; GPTBot/1.2; +https://openai.com/gptbot)"
217.113.194.200 - - [11/Sep/2025:09:20:44 -0400] "GET /?viewfile=//usr/lib64/python2.7/ihooks.pyc&path=//usr/lib64/python2.7 HTTP/1.1" 200 10057 "-" "Mozilla/5.0 (compatible; Barkrowler/0.9; +https://babbar.tech/crawler)"
20.171.207.218 - - [11/Sep/2025:09:20:45 -0400] "GET /?path=//sys/class/net/eth0/subsystem/eth0/statistics&viewfile=//sys/class/net/eth0/subsystem/eth0/statistics/rx_frame_errors HTTP/2.0" 200 2742 "-" "Mozilla/5.0 AppleWebKit/537.36 (KHTML, like Gecko; compatible; GPTBot/1.2; +https://openai.com/gptbot)"
20.171.207.84 - - [11/Sep/2025:09:20:45 -0400] "GET /?path=//sys/class/net/eth0/subsystem/lo/subsystem/eth0/device/net/eth0/device/firmware_node/subsystem/devices/device:da/subsystem/devices/device:de/subsystem/devices/device:8d/device:8e/subsystem/devices/device:e3 HTTP/2.0" 200 3607 "-" "Mozilla/5.0 AppleWebKit/537.36 (KHTML, like Gecko; compatible; GPTBot/1.2; +https://openai.com/gptbot)"
20.171.207.84 - - [11/Sep/2025:09:20:47 -0400] "GET /?path=//sys/class/net/eth0/subsystem/lo/subsystem/eth0/device/net/eth0/device/firmware_node/subsystem/devices/device:da/subsystem/devices/device:de/subsystem/devices/device:8d/device:8e/subsystem/devices/device:b9 HTTP/2.0" 200 3434 "-" "Mozilla/5.0 AppleWebKit/537.36 (KHTML, like Gecko; compatible; GPTBot/1.2; +https://openai.com/gptbot)"
20.171.207.84 - - [11/Sep/2025:09:20:48 -0400] "GET /?path=//sys/class/net/eth0/subsystem/lo/subsystem/eth0/device/net/eth0/device/firmware_node/subsystem/devices/device:da/subsystem/devices/device:de/subsystem/devices/device:8d/device:8e/subsystem/devices/device:bc HTTP/2.0" 200 3507 "-" "Mozilla/5.0 AppleWebKit/537.36 (KHTML, like Gecko; compatible; GPTBot/1.2; +https://openai.com/gptbot)"
20.171.207.84 - - [11/Sep/2025:09:20:50 -0400] "GET /?path=//sys/class/net/eth0/subsystem/lo/subsystem/eth0/device/net/eth0/device/firmware_node/subsystem/devices/device:da/subsystem/devices/device:de/subsystem/devices/device:8d/device:8e/subsystem/devices/device:cf HTTP/2.0" 200 3434 "-" "Mozilla/5.0 AppleWebKit/537.36 (KHTML, like Gecko; compatible; GPTBot/1.2; +https://openai.com/gptbot)"
20.171.207.84 - - [11/Sep/2025:09:20:52 -0400] "GET /?path=//sys/class/net/eth0/subsystem/lo/subsystem/eth0/device/net/eth0/device/firmware_node/subsystem/devices/device:da/subsystem/devices/device:de/subsystem/devices/device:8d/device:8e/subsystem/devices/device:3d HTTP/2.0" 200 3472 "-" "Mozilla/5.0 AppleWebKit/537.36 (KHTML, like Gecko; compatible; GPTBot/1.2; +https://openai.com/gptbot)"
20.171.207.84 - - [11/Sep/2025:09:20:54 -0400] "GET /?path=//sys/class/net/eth0/subsystem/lo/subsystem/eth0/device/net/eth0/device/firmware_node/subsystem/devices/device:da/subsystem/devices/device:de/subsystem/devices/device:8d/device:8e/subsystem/devices/device:6c HTTP/2.0" 200 3476 "-" "Mozilla/5.0 AppleWebKit/537.36 (KHTML, like Gecko; compatible; GPTBot/1.2; +https://openai.com/gptbot)"
20.171.207.218 - - [11/Sep/2025:09:20:56 -0400] "GET /?path=//sys/class/net/eth0/subsystem/eth0/statistics&viewfile=//sys/class/net/eth0/subsystem/eth0/statistics/tx_dropped HTTP/2.0" 200 2739 "-" "Mozilla/5.0 AppleWebKit/537.36 (KHTML, like Gecko; compatible; GPTBot/1.2; +https://openai.com/gptbot)"
20.171.207.84 - - [11/Sep/2025:09:20:56 -0400] "GET /?path=//sys/class/net/eth0/subsystem/lo/subsystem/eth0/device/net/eth0/device/firmware_node/subsystem/devices/device:da/subsystem/devices/device:de/subsystem/devices/device:8d/device:8e/subsystem/devices/device:b0 HTTP/2.0" 200 3475 "-" "Mozilla/5.0 AppleWebKit/537.36 (KHTML, like Gecko; compatible; GPTBot/1.2; +https://openai.com/gptbot)"
20.171.207.84 - - [11/Sep/2025:09:20:58 -0400] "GET /?path=//sys/class/net/eth0/subsystem/lo/subsystem/eth0/device/net/eth0/device/firmware_node/subsystem/devices/device:da/subsystem/devices/device:de/subsystem/devices/device:8d/device:8e/subsystem/devices/device:c9 HTTP/2.0" 200 3433 "-" "Mozilla/5.0 AppleWebKit/537.36 (KHTML, like Gecko; compatible; GPTBot/1.2; +https://openai.com/gptbot)"
20.171.207.84 - - [11/Sep/2025:09:21:00 -0400] "GET /?path=//sys/class/net/eth0/subsystem/lo/subsystem/eth0/device/net/eth0/device/firmware_node/subsystem/devices/device:da/subsystem/devices/device:de/subsystem/devices/device:8d/device:8e/subsystem/devices/device:5c HTTP/2.0" 200 3476 "-" "Mozilla/5.0 AppleWebKit/537.36 (KHTML, like Gecko; compatible; GPTBot/1.2; +https://openai.com/gptbot)"
217.113.194.199 - - [11/Sep/2025:09:21:01 -0400] "GET /?viewfile=//usr/lib64/python2.7/sgmllib.py&path=//usr/lib64/python2.7 HTTP/1.1" 200 7449 "-" "Mozilla/5.0 (compatible; Barkrowler/0.9; +https://babbar.tech/crawler)"
20.171.207.84 - - [11/Sep/2025:09:21:02 -0400] "GET /?path=//sys/class/net/eth0/subsystem/lo/subsystem/eth0/device/net/eth0/device/firmware_node/subsystem/devices/device:da/subsystem/devices/device:de/subsystem/devices/device:8d/device:8e/subsystem/devices/device:5e HTTP/2.0" 200 3476 "-" "Mozilla/5.0 AppleWebKit/537.36 (KHTML, like Gecko; compatible; GPTBot/1.2; +https://openai.com/gptbot)"
20.171.207.84 - - [11/Sep/2025:09:21:03 -0400] "GET /?path=//sys/class/net/eth0/subsystem/lo/subsystem/eth0/device/net/eth0/device/firmware_node/subsystem/devices/device:da/subsystem/devices/device:de/subsystem/devices/device:8d/device:8e/subsystem/devices/device:8a HTTP/2.0" 200 3507 "-" "Mozilla/5.0 AppleWebKit/537.36 (KHTML, like Gecko; compatible; GPTBot/1.2; +https://openai.com/gptbot)"
20.171.207.84 - - [11/Sep/2025:09:21:04 -0400] "GET /?path=//sys/class/net/eth0/subsystem/lo/subsystem/eth0/device/net/eth0/device/firmware_node/subsystem/devices/device:da/subsystem/devices/device:de/subsystem/devices/device:8d/device:8e/subsystem/devices/device:d3 HTTP/2.0" 200 3474 "-" "Mozilla/5.0 AppleWebKit/537.36 (KHTML, like Gecko; compatible; GPTBot/1.2; +https://openai.com/gptbot)"
20.171.207.218 - - [11/Sep/2025:09:21:05 -0400] "GET /?path=//sys/class/net/eth0/subsystem/eth0/statistics&viewfile=//sys/class/net/eth0/subsystem/eth0/statistics/rx_nohandler HTTP/2.0" 200 2739 "-" "Mozilla/5.0 AppleWebKit/537.36 (KHTML, like Gecko; compatible; GPTBot/1.2; +https://openai.com/gptbot)"
20.171.207.84 - - [11/Sep/2025:09:21:06 -0400] "GET /?path=//sys/class/net/eth0/subsystem/lo/subsystem/eth0/device/net/eth0/device/firmware_node/subsystem/devices/device:da/subsystem/devices/device:de/subsystem/devices/device:8d/device:8e/subsystem/devices/device:cf/power HTTP/2.0" 200 3489 "-" "Mozilla/5.0 AppleWebKit/537.36 (KHTML, like Gecko; compatible; GPTBot/1.2; +https://openai.com/gptbot)"
20.171.207.84 - - [11/Sep/2025:09:21:08 -0400] "GET /?path=//sys/class/net/eth0/subsystem/lo/subsystem/eth0/device/net/eth0/device/firmware_node/subsystem/devices/device:da/subsystem/devices/device:de/subsystem/devices/device:8d/device:8e/subsystem/devices/device:b4 HTTP/2.0" 200 3475 "-" "Mozilla/5.0 AppleWebKit/537.36 (KHTML, like Gecko; compatible; GPTBot/1.2; +https://openai.com/gptbot)"
20.171.207.84 - - [11/Sep/2025:09:21:10 -0400] "GET /?path=//sys/class/net/eth0/subsystem/lo/subsystem/eth0/device/net/eth0/device/firmware_node/subsystem/devices/device:da/subsystem/devices/device:de/subsystem/devices/device:8d/device:8e/subsystem/devices/device:1b HTTP/2.0" 200 3434 "-" "Mozilla/5.0 AppleWebKit/537.36 (KHTML, like Gecko; compatible; GPTBot/1.2; +https://openai.com/gptbot)"
20.171.207.218 - - [11/Sep/2025:09:21:10 -0400] "GET /?path=//sys/class/net/eth1/subsystem/eth1/statistics&viewfile=//sys/class/net/eth1/subsystem/eth1/statistics/tx_compressed HTTP/2.0" 200 2740 "-" "Mozilla/5.0 AppleWebKit/537.36 (KHTML, like Gecko; compatible; GPTBot/1.2; +https://openai.com/gptbot)"
20.171.207.84 - - [11/Sep/2025:09:21:12 -0400] "GET /?path=//sys/class/net/eth0/subsystem/lo/subsystem/eth0/device/net/eth0/device/firmware_node/subsystem/devices/device:da/subsystem/devices/device:de/subsystem/devices/device:8d/device:8e/subsystem/devices/device:8b HTTP/2.0" 200 3474 "-" "Mozilla/5.0 AppleWebKit/537.36 (KHTML, like Gecko; compatible; GPTBot/1.2; +https://openai.com/gptbot)"
20.171.207.84 - - [11/Sep/2025:09:21:14 -0400] "GET /?path=//sys/class/net/eth0/subsystem/lo/subsystem/eth0/device/net/eth0/device/firmware_node/subsystem/devices/device:da/subsystem/devices/device:de/subsystem/devices/device:8d/device:8e/subsystem/devices/device:ef HTTP/2.0" 200 3433 "-" "Mozilla/5.0 AppleWebKit/537.36 (KHTML, like Gecko; compatible; GPTBot/1.2; +https://openai.com/gptbot)"
20.171.207.84 - - [11/Sep/2025:09:21:16 -0400] "GET /?path=//sys/class/net/eth0/subsystem/lo/subsystem/eth0/device/net/eth0/device/firmware_node/subsystem/devices/device:da/subsystem/devices/device:de/subsystem/devices/device:8d/device:8e/subsystem/devices/device:3b HTTP/2.0" 200 3475 "-" "Mozilla/5.0 AppleWebKit/537.36 (KHTML, like Gecko; compatible; GPTBot/1.2; +https://openai.com/gptbot)"
20.171.207.84 - - [11/Sep/2025:09:21:18 -0400] "GET /?path=//sys/class/net/eth0/subsystem/lo/subsystem/eth0/device/net/eth0/device/firmware_node/subsystem/devices/device:da/subsystem/devices/device:de/subsystem/devices/device:8d/device:8e/subsystem/devices/device:8d HTTP/2.0" 200 3455 "-" "Mozilla/5.0 AppleWebKit/537.36 (KHTML, like Gecko; compatible; GPTBot/1.2; +https://openai.com/gptbot)"
217.113.194.241 - - [11/Sep/2025:09:21:18 -0400] "GET /?viewfile=//usr/lib64/python2.7/dummy_threading.py&path=//usr/lib64/python2.7 HTTP/1.1" 200 3499 "-" "Mozilla/5.0 (compatible; Barkrowler/0.9; +https://babbar.tech/crawler)"
20.171.207.84 - - [11/Sep/2025:09:21:19 -0400] "GET /?path=//sys/class/net/eth0/subsystem/lo/subsystem/eth0/device/net/eth0/device/firmware_node/subsystem/devices/device:da/subsystem/devices/device:de/subsystem/devices/device:8d/device:8e/subsystem/devices/device:d5 HTTP/2.0" 200 3475 "-" "Mozilla/5.0 AppleWebKit/537.36 (KHTML, like Gecko; compatible; GPTBot/1.2; +https://openai.com/gptbot)"
20.171.207.84 - - [11/Sep/2025:09:21:21 -0400] "GET /?path=//sys/class/net/eth0/subsystem/lo/subsystem/eth0/device/net/eth0/device/firmware_node/subsystem/devices/device:da/subsystem/devices/device:de/subsystem/devices/device:8d/device:8e/subsystem/devices/device:eb HTTP/2.0" 200 3433 "-" "Mozilla/5.0 AppleWebKit/537.36 (KHTML, like Gecko; compatible; GPTBot/1.2; +https://openai.com/gptbot)"
20.171.207.84 - - [11/Sep/2025:09:21:23 -0400] "GET /?path=//sys/class/net/eth0/subsystem/lo/subsystem/eth0/device/net/eth0/device/firmware_node/subsystem/devices/device:da/subsystem/devices/device:de/subsystem/devices/device:8d/device:8e/subsystem/devices/device:b4&viewfile=//sys/class/net/eth0/subsystem/lo/subsystem/eth0/device/net/eth0/device/firmware_node/subsystem/devices/device:da/subsystem/devices/device:de/subsystem/devices/device:8d/device:8e/subsystem/devices/device:b4/uevent HTTP/2.0" 200 2930 "-" "Mozilla/5.0 AppleWebKit/537.36 (KHTML, like Gecko; compatible; GPTBot/1.2; +https://openai.com/gptbot)"
20.171.207.84 - - [11/Sep/2025:09:21:25 -0400] "GET /?path=//sys/class/net/eth0/subsystem/lo/subsystem/eth0/device/net/eth0/device/firmware_node/subsystem/devices/device:da/subsystem/devices/device:de/subsystem/devices/device:8d/device:8e/subsystem/devices/device:8f HTTP/2.0" 200 3468 "-" "Mozilla/5.0 AppleWebKit/537.36 (KHTML, like Gecko; compatible; GPTBot/1.2; +https://openai.com/gptbot)"
20.171.207.84 - - [11/Sep/2025:09:21:26 -0400] "GET /?path=//sys/class/net/eth0/subsystem/lo/subsystem/eth0/device/net/eth0/device/firmware_node/subsystem/devices/device:da/subsystem/devices/device:de/subsystem/devices/device:8d/device:8e/subsystem/devices/device:e9 HTTP/2.0" 200 3433 "-" "Mozilla/5.0 AppleWebKit/537.36 (KHTML, like Gecko; compatible; GPTBot/1.2; +https://openai.com/gptbot)"
20.171.207.84 - - [11/Sep/2025:09:21:28 -0400] "GET /?path=//sys/class/net/eth0/subsystem/lo/subsystem/eth0/device/net/eth0/device/firmware_node/subsystem/devices/device:da/subsystem/devices/device:de/subsystem/devices/device:8d/device:8e/subsystem/devices/device:1b/power HTTP/2.0" 200 3489 "-" "Mozilla/5.0 AppleWebKit/537.36 (KHTML, like Gecko; compatible; GPTBot/1.2; +https://openai.com/gptbot)"
20.171.207.218 - - [11/Sep/2025:09:21:29 -0400] "GET /?path=//sys/class/net/eth1/subsystem/eth0/statistics&viewfile=//sys/class/net/eth1/subsystem/eth0/statistics/tx_dropped HTTP/2.0" 200 2746 "-" "Mozilla/5.0 AppleWebKit/537.36 (KHTML, like Gecko; compatible; GPTBot/1.2; +https://openai.com/gptbot)"
20.171.207.84 - - [11/Sep/2025:09:21:29 -0400] "GET /?path=//sys/class/net/eth0/subsystem/lo/subsystem/eth0/device/net/eth0/device/firmware_node/subsystem/devices/device:da/subsystem/devices/device:de/subsystem/devices/device:8d/device:8e/subsystem/devices/device:af HTTP/2.0" 200 3475 "-" "Mozilla/5.0 AppleWebKit/537.36 (KHTML, like Gecko; compatible; GPTBot/1.2; +https://openai.com/gptbot)"
20.171.207.84 - - [11/Sep/2025:09:21:32 -0400] "GET /?path=//sys/class/net/eth0/subsystem/lo/subsystem/eth0/device/net/eth0/device/firmware_node/subsystem/devices/device:da/subsystem/devices/device:de/subsystem/devices/device:8d/device:8e/subsystem/devices/device:bb HTTP/2.0" 200 3434 "-" "Mozilla/5.0 AppleWebKit/537.36 (KHTML, like Gecko; compatible; GPTBot/1.2; +https://openai.com/gptbot)"
20.171.207.84 - - [11/Sep/2025:09:21:34 -0400] "GET /?path=//sys/class/net/eth0/subsystem/lo/subsystem/eth0/device/net/eth0/device/firmware_node/subsystem/devices/device:da/subsystem/devices/device:de/subsystem/devices/device:8d/device:8e/subsystem/devices/device:b8 HTTP/2.0" 200 3434 "-" "Mozilla/5.0 AppleWebKit/537.36 (KHTML, like Gecko; compatible; GPTBot/1.2; +https://openai.com/gptbot)"
217.113.194.195 - - [11/Sep/2025:09:21:35 -0400] "GET /?viewfile=//usr/lib64/python2.7/opcode.pyo&path=//usr/lib64/python2.7 HTTP/1.1" 200 4944 "-" "Mozilla/5.0 (compatible; Barkrowler/0.9; +https://babbar.tech/crawler)"
20.171.207.84 - - [11/Sep/2025:09:21:35 -0400] "GET /?path=//sys/class/net/eth0/subsystem/lo/subsystem/eth0/device/net/eth0/device/firmware_node/subsystem/devices/device:da/subsystem/devices/device:de/subsystem/devices/device:8d/device:8e/subsystem/devices/device:0f HTTP/2.0" 200 3434 "-" "Mozilla/5.0 AppleWebKit/537.36 (KHTML, like Gecko; compatible; GPTBot/1.2; +https://openai.com/gptbot)"
20.171.207.84 - - [11/Sep/2025:09:21:37 -0400] "GET /?path=//sys/class/net/eth0/subsystem/lo/subsystem/eth0/device/net/eth0/device/firmware_node/subsystem/devices/device:da/subsystem/devices/device:de/subsystem/devices/device:8d/device:8e/subsystem/devices/device:a8 HTTP/2.0" 200 3509 "-" "Mozilla/5.0 AppleWebKit/537.36 (KHTML, like Gecko; compatible; GPTBot/1.2; +https://openai.com/gptbot)"
20.171.207.84 - - [11/Sep/2025:09:21:39 -0400] "GET /?path=//sys/class/net/eth0/subsystem/lo/subsystem/eth0/device/net/eth0/device/firmware_node/subsystem/devices/device:da/subsystem/devices/device:de/subsystem/devices/device:8d/device:8e/subsystem/devices/device:ae HTTP/2.0" 200 3475 "-" "Mozilla/5.0 AppleWebKit/537.36 (KHTML, like Gecko; compatible; GPTBot/1.2; +https://openai.com/gptbot)"
20.171.207.84 - - [11/Sep/2025:09:21:40 -0400] "GET /?path=//sys/class/net/eth0/subsystem/lo/subsystem/eth0/device/net/eth0/device/firmware_node/subsystem/devices/device:da/subsystem/devices/device:de/subsystem/devices/device:8d/device:8e/subsystem/devices/device:b2 HTTP/2.0" 200 3476 "-" "Mozilla/5.0 AppleWebKit/537.36 (KHTML, like Gecko; compatible; GPTBot/1.2; +https://openai.com/gptbot)"
20.171.207.84 - - [11/Sep/2025:09:21:42 -0400] "GET /?path=//sys/class/net/eth0/subsystem/lo/subsystem/eth0/device/net/eth0/device/firmware_node/subsystem/devices/device:da/subsystem/devices/device:de/subsystem/devices/device:8d/device:8e/subsystem/devices/device:df HTTP/2.0" 200 3467 "-" "Mozilla/5.0 AppleWebKit/537.36 (KHTML, like Gecko; compatible; GPTBot/1.2; +https://openai.com/gptbot)"
20.171.207.84 - - [11/Sep/2025:09:21:44 -0400] "GET /?path=//sys/class/net/eth0/subsystem/lo/subsystem/eth0/device/net/eth0/device/firmware_node/subsystem/devices/device:da/subsystem/devices/device:de/subsystem/devices/device:8d/device:8e/subsystem/devices/device:2d HTTP/2.0" 200 3431 "-" "Mozilla/5.0 AppleWebKit/537.36 (KHTML, like Gecko; compatible; GPTBot/1.2; +https://openai.com/gptbot)"
20.171.207.84 - - [11/Sep/2025:09:21:45 -0400] "GET /?path=//sys/class/net/eth0/subsystem/lo/subsystem/eth0/device/net/eth0/device/firmware_node/subsystem/devices/device:da/subsystem/devices/device:de/subsystem/devices/device:8d/device:8e/subsystem/devices/device:bb/subsystem HTTP/2.0" 200 3439 "-" "Mozilla/5.0 AppleWebKit/537.36 (KHTML, like Gecko; compatible; GPTBot/1.2; +https://openai.com/gptbot)"
20.171.207.84 - - [11/Sep/2025:09:21:47 -0400] "GET /?path=//sys/class/net/eth0/subsystem/lo/subsystem/eth0/device/net/eth0/device/firmware_node/subsystem/devices/device:da/subsystem/devices/device:de/subsystem/devices/device:8d/device:8e/subsystem/devices/device:cd HTTP/2.0" 200 3431 "-" "Mozilla/5.0 AppleWebKit/537.36 (KHTML, like Gecko; compatible; GPTBot/1.2; +https://openai.com/gptbot)"
20.171.207.84 - - [11/Sep/2025:09:21:49 -0400] "GET /?path=//sys/class/net/eth0/subsystem/lo/subsystem/eth0/device/net/eth0/device/firmware_node/subsystem/devices/device:da/subsystem/devices/device:de/subsystem/devices/device:8d/device:8e/subsystem/devices/device:1c HTTP/2.0" 200 3434 "-" "Mozilla/5.0 AppleWebKit/537.36 (KHTML, like Gecko; compatible; GPTBot/1.2; +https://openai.com/gptbot)"
20.171.207.84 - - [11/Sep/2025:09:21:51 -0400] "GET /?path=//sys/class/net/eth0/subsystem/lo/subsystem/eth0/device/net/eth0/device/firmware_node/subsystem/devices/device:da/subsystem/devices/device:de/subsystem/devices/device:8d/device:8e/subsystem/devices/device:c6 HTTP/2.0" 200 3434 "-" "Mozilla/5.0 AppleWebKit/537.36 (KHTML, like Gecko; compatible; GPTBot/1.2; +https://openai.com/gptbot)"
217.113.194.241 - - [11/Sep/2025:09:21:52 -0400] "GET /?viewfile=//usr/lib64/python2.7/pydoc.pyo&path=//usr/lib64/python2.7 HTTP/1.1" 200 36225 "-" "Mozilla/5.0 (compatible; Barkrowler/0.9; +https://babbar.tech/crawler)"
20.171.207.84 - - [11/Sep/2025:09:21:53 -0400] "GET /?path=//sys/class/net/eth0/subsystem/lo/subsystem/eth0/device/net/eth0/device/firmware_node/subsystem/devices/device:da/subsystem/devices/device:de/subsystem/devices/device:8d/device:8e/subsystem/devices/device:db HTTP/2.0" 200 3544 "-" "Mozilla/5.0 AppleWebKit/537.36 (KHTML, like Gecko; compatible; GPTBot/1.2; +https://openai.com/gptbot)"
20.171.207.218 - - [11/Sep/2025:09:21:53 -0400] "GET /?path=//sys/class/net/eth1/subsystem/eth0/statistics&viewfile=//sys/class/net/eth1/subsystem/eth0/statistics/rx_frame_errors HTTP/2.0" 200 2749 "-" "Mozilla/5.0 AppleWebKit/537.36 (KHTML, like Gecko; compatible; GPTBot/1.2; +https://openai.com/gptbot)"
20.171.207.84 - - [11/Sep/2025:09:21:54 -0400] "GET /?path=//sys/class/net/eth0/subsystem/lo/subsystem/eth0/device/net/eth0/device/firmware_node/subsystem/devices/device:da/subsystem/devices/device:de/subsystem/devices/device:8d/device:8e/subsystem/devices/device:e4 HTTP/2.0" 200 3476 "-" "Mozilla/5.0 AppleWebKit/537.36 (KHTML, like Gecko; compatible; GPTBot/1.2; +https://openai.com/gptbot)"
20.171.207.84 - - [11/Sep/2025:09:21:56 -0400] "GET /?path=//sys/class/net/eth0/subsystem/lo/subsystem/eth0/device/net/eth0/device/firmware_node/subsystem/devices/device:da/subsystem/devices/device:de/subsystem/devices/device:8d/device:8e/subsystem/devices/device:b3 HTTP/2.0" 200 3475 "-" "Mozilla/5.0 AppleWebKit/537.36 (KHTML, like Gecko; compatible; GPTBot/1.2; +https://openai.com/gptbot)"
20.171.207.84 - - [11/Sep/2025:09:21:58 -0400] "GET /?path=//sys/class/net/eth0/subsystem/lo/subsystem/eth0/device/net/eth0/device/firmware_node/subsystem/devices/device:da/subsystem/devices/device:de/subsystem/devices/device:8d/device:8e/subsystem/devices/device:2b HTTP/2.0" 200 3434 "-" "Mozilla/5.0 AppleWebKit/537.36 (KHTML, like Gecko; compatible; GPTBot/1.2; +https://openai.com/gptbot)"
20.171.207.218 - - [11/Sep/2025:09:21:59 -0400] "GET /?path=//sys/class/net/eth1/subsystem/eth1/statistics&viewfile=//sys/class/net/eth1/subsystem/eth1/statistics/rx_dropped HTTP/2.0" 200 2739 "-" "Mozilla/5.0 AppleWebKit/537.36 (KHTML, like Gecko; compatible; GPTBot/1.2; +https://openai.com/gptbot)"
20.171.207.84 - - [11/Sep/2025:09:21:59 -0400] "GET /?path=//sys/class/net/eth0/subsystem/lo/subsystem/eth0/device/net/eth0/device/firmware_node/subsystem/devices/device:da/subsystem/devices/device:de/subsystem/devices/device:8d/device:8e/subsystem/devices/device:6d HTTP/2.0" 200 3473 "-" "Mozilla/5.0 AppleWebKit/537.36 (KHTML, like Gecko; compatible; GPTBot/1.2; +https://openai.com/gptbot)"
20.171.207.84 - - [11/Sep/2025:09:22:01 -0400] "GET /?path=//sys/class/net/eth0/subsystem/lo/subsystem/eth0/device/net/eth0/device/firmware_node/subsystem/devices/device:da/subsystem/devices/device:de/subsystem/devices/device:8d/device:8e/subsystem/devices/device:e6 HTTP/2.0" 200 3434 "-" "Mozilla/5.0 AppleWebKit/537.36 (KHTML, like Gecko; compatible; GPTBot/1.2; +https://openai.com/gptbot)"
20.171.207.84 - - [11/Sep/2025:09:22:02 -0400] "GET /?path=//sys/class/net/eth0/subsystem/lo/subsystem/eth0/device/net/eth0/device/firmware_node/subsystem/devices/device:da/subsystem/devices/device:de/subsystem/devices/device:8d/device:8e/subsystem/devices/device:7b HTTP/2.0" 200 3467 "-" "Mozilla/5.0 AppleWebKit/537.36 (KHTML, like Gecko; compatible; GPTBot/1.2; +https://openai.com/gptbot)"
20.171.207.84 - - [11/Sep/2025:09:22:04 -0400] "GET /?path=//sys/class/net/eth0/subsystem/lo/subsystem/eth0/device/net/eth0/device/firmware_node/subsystem/devices/device:da/subsystem/devices/device:de/subsystem/devices/device:8d/device:8e/subsystem/devices/device:6b HTTP/2.0" 200 3475 "-" "Mozilla/5.0 AppleWebKit/537.36 (KHTML, like Gecko; compatible; GPTBot/1.2; +https://openai.com/gptbot)"
20.171.207.84 - - [11/Sep/2025:09:22:06 -0400] "GET /?path=//sys/class/net/eth0/subsystem/lo/subsystem/eth0/device/net/eth0/device/firmware_node/subsystem/devices/device:da/subsystem/devices/device:de/subsystem/devices/device:8d/device:8e/subsystem/devices/device:dc HTTP/2.0" 200 3607 "-" "Mozilla/5.0 AppleWebKit/537.36 (KHTML, like Gecko; compatible; GPTBot/1.2; +https://openai.com/gptbot)"
20.171.207.84 - - [11/Sep/2025:09:22:07 -0400] "GET /?path=//sys/class/net/eth0/subsystem/lo/subsystem/eth0/device/net/eth0/device/firmware_node/subsystem/devices/device:da/subsystem/devices/device:de/subsystem/devices/device:8d/device:8e/subsystem/devices/device:5b HTTP/2.0" 200 3477 "-" "Mozilla/5.0 AppleWebKit/537.36 (KHTML, like Gecko; compatible; GPTBot/1.2; +https://openai.com/gptbot)"
20.171.207.84 - - [11/Sep/2025:09:22:09 -0400] "GET /?path=//sys/class/net/eth0/subsystem/lo/subsystem/eth0/device/net/eth0/device/firmware_node/subsystem/devices/device:da/subsystem/devices/device:de/subsystem/devices/device:8d/device:8e/subsystem/devices/device:ec HTTP/2.0" 200 3471 "-" "Mozilla/5.0 AppleWebKit/537.36 (KHTML, like Gecko; compatible; GPTBot/1.2; +https://openai.com/gptbot)"
217.113.194.194 - - [11/Sep/2025:09:22:09 -0400] "GET /?viewfile=//usr/lib64/python2.7/getopt.pyo&path=//usr/lib64/python2.7 HTTP/1.1" 200 5700 "-" "Mozilla/5.0 (compatible; Barkrowler/0.9; +https://babbar.tech/crawler)"
20.171.207.218 - - [11/Sep/2025:09:22:10 -0400] "GET /?path=//sys/class/net/eth1/subsystem/eth0/statistics&viewfile=//sys/class/net/eth1/subsystem/eth0/statistics/rx_dropped HTTP/2.0" 200 2749 "-" "Mozilla/5.0 AppleWebKit/537.36 (KHTML, like Gecko; compatible; GPTBot/1.2; +https://openai.com/gptbot)"
20.171.207.84 - - [11/Sep/2025:09:22:10 -0400] "GET /?path=//sys/class/net/eth0/subsystem/lo/subsystem/eth0/device/net/eth0/device/firmware_node/subsystem/devices/device:da/subsystem/devices/device:de/subsystem/devices/device:8d/device:8e/subsystem/devices/device:b7 HTTP/2.0" 200 3541 "-" "Mozilla/5.0 AppleWebKit/537.36 (KHTML, like Gecko; compatible; GPTBot/1.2; +https://openai.com/gptbot)"
20.171.207.84 - - [11/Sep/2025:09:22:12 -0400] "GET /?path=//sys/class/net/eth0/subsystem/lo/subsystem/eth0/device/net/eth0/device/firmware_node/subsystem/devices/device:da/subsystem/devices/device:de/subsystem/devices/device:8d/device:8e/subsystem/devices/device:b6 HTTP/2.0" 200 3434 "-" "Mozilla/5.0 AppleWebKit/537.36 (KHTML, like Gecko; compatible; GPTBot/1.2; +https://openai.com/gptbot)"
20.171.207.84 - - [11/Sep/2025:09:22:13 -0400] "GET /?path=//sys/class/net/eth0/subsystem/lo/subsystem/eth0/device/net/eth0/device/firmware_node/subsystem/devices/device:da/subsystem/devices/device:de/subsystem/devices/device:8d/device:8e/subsystem/devices/device:dd HTTP/2.0" 200 3458 "-" "Mozilla/5.0 AppleWebKit/537.36 (KHTML, like Gecko; compatible; GPTBot/1.2; +https://openai.com/gptbot)"
20.171.207.84 - - [11/Sep/2025:09:22:15 -0400] "GET /?path=//sys/class/net/eth0/subsystem/lo/subsystem/eth0/device/net/eth0/device/firmware_node/subsystem/devices/device:da/subsystem/devices/device:de/subsystem/devices/device:8d/device:8e/subsystem/devices/device:6d&viewfile=//sys/class/net/eth0/subsystem/lo/subsystem/eth0/device/net/eth0/device/firmware_node/subsystem/devices/device:da/subsystem/devices/device:de/subsystem/devices/device:8d/device:8e/subsystem/devices/device:6d/uevent HTTP/2.0" 200 2929 "-" "Mozilla/5.0 AppleWebKit/537.36 (KHTML, like Gecko; compatible; GPTBot/1.2; +https://openai.com/gptbot)"
20.171.207.84 - - [11/Sep/2025:09:22:17 -0400] "GET /?path=//sys/class/net/eth0/subsystem/lo/subsystem/eth0/device/net/eth0/device/firmware_node/subsystem/devices/device:da/subsystem/devices/device:de/subsystem/devices/device:8d/device:8e/subsystem/devices/device:d9 HTTP/2.0" 200 3432 "-" "Mozilla/5.0 AppleWebKit/537.36 (KHTML, like Gecko; compatible; GPTBot/1.2; +https://openai.com/gptbot)"
20.171.207.218 - - [11/Sep/2025:09:22:17 -0400] "GET /?path=//sys/class/net/eth0/subsystem/eth0/statistics&viewfile=//sys/class/net/eth0/subsystem/eth0/statistics/rx_missed_errors HTTP/2.0" 200 2744 "-" "Mozilla/5.0 AppleWebKit/537.36 (KHTML, like Gecko; compatible; GPTBot/1.2; +https://openai.com/gptbot)"
20.171.207.84 - - [11/Sep/2025:09:22:18 -0400] "GET /?path=//sys/class/net/eth0/subsystem/lo/subsystem/eth0/device/net/eth0/device/firmware_node/subsystem/devices/device:da/subsystem/devices/device:de/subsystem/devices/device:8d/device:8e/subsystem/devices/device:cb HTTP/2.0" 200 3475 "-" "Mozilla/5.0 AppleWebKit/537.36 (KHTML, like Gecko; compatible; GPTBot/1.2; +https://openai.com/gptbot)"
20.171.207.84 - - [11/Sep/2025:09:22:20 -0400] "GET /?path=//sys/class/net/eth0/subsystem/lo/subsystem/eth0/device/net/eth0/device/firmware_node/subsystem/devices/device:da/subsystem/devices/device:de/subsystem/devices/device:8d/device:8e/subsystem/devices/device:3e HTTP/2.0" 200 3475 "-" "Mozilla/5.0 AppleWebKit/537.36 (KHTML, like Gecko; compatible; GPTBot/1.2; +https://openai.com/gptbot)"
20.171.207.84 - - [11/Sep/2025:09:22:21 -0400] "GET /?path=//sys/class/net/eth0/subsystem/lo/subsystem/eth0/device/net/eth0/device/firmware_node/subsystem/devices/device:da/subsystem/devices/device:de/subsystem/devices/device:8d/device:8e/subsystem/devices/device:d8 HTTP/2.0" 200 3475 "-" "Mozilla/5.0 AppleWebKit/537.36 (KHTML, like Gecko; compatible; GPTBot/1.2; +https://openai.com/gptbot)"
20.171.207.84 - - [11/Sep/2025:09:22:23 -0400] "GET /?path=//sys/class/net/eth0/subsystem/lo/subsystem/eth0/device/net/eth0/device/firmware_node/subsystem/devices/device:da/subsystem/devices/device:de/subsystem/devices/device:8d/device:8e/subsystem/devices/device:4b HTTP/2.0" 200 3475 "-" "Mozilla/5.0 AppleWebKit/537.36 (KHTML, like Gecko; compatible; GPTBot/1.2; +https://openai.com/gptbot)"
20.171.207.218 - - [11/Sep/2025:09:22:23 -0400] "GET /?path=//sys/class/net/eth1/subsystem/eth0/statistics&viewfile=//sys/class/net/eth1/subsystem/eth0/statistics/tx_heartbeat_errors HTTP/2.0" 200 2751 "-" "Mozilla/5.0 AppleWebKit/537.36 (KHTML, like Gecko; compatible; GPTBot/1.2; +https://openai.com/gptbot)"
20.171.207.84 - - [11/Sep/2025:09:22:24 -0400] "GET /?path=//sys/class/net/eth0/subsystem/lo/subsystem/eth0/device/net/eth0/device/firmware_node/subsystem/devices/device:da/subsystem/devices/device:de/subsystem/devices/device:8d/device:8e/subsystem/devices/device:f8 HTTP/2.0" 200 3473 "-" "Mozilla/5.0 AppleWebKit/537.36 (KHTML, like Gecko; compatible; GPTBot/1.2; +https://openai.com/gptbot)"
217.113.194.241 - - [11/Sep/2025:09:22:26 -0400] "GET /?viewfile=//usr/lib64/python2.7/genericpath.py&path=//usr/lib64/python2.7 HTTP/1.1" 200 3769 "-" "Mozilla/5.0 (compatible; Barkrowler/0.9; +https://babbar.tech/crawler)"
20.171.207.84 - - [11/Sep/2025:09:22:26 -0400] "GET /?path=//sys/class/net/eth0/subsystem/lo/subsystem/eth0/device/net/eth0/device/firmware_node/subsystem/devices/device:da/subsystem/devices/device:de/subsystem/devices/device:8d/device:8e/subsystem/devices/device:dd&viewfile=//sys/class/net/eth0/subsystem/lo/subsystem/eth0/device/net/eth0/device/firmware_node/subsystem/devices/device:da/subsystem/devices/device:de/subsystem/devices/device:8d/device:8e/subsystem/devices/device:dd/uevent HTTP/2.0" 200 2928 "-" "Mozilla/5.0 AppleWebKit/537.36 (KHTML, like Gecko; compatible; GPTBot/1.2; +https://openai.com/gptbot)"
20.171.207.84 - - [11/Sep/2025:09:22:27 -0400] "GET /?path=//sys/class/net/eth0/subsystem/lo/subsystem/eth0/device/net/eth0/device/firmware_node/subsystem/devices/device:da/subsystem/devices/device:de/subsystem/devices/device:8d/device:8e/subsystem/devices/device:bd HTTP/2.0" 200 3431 "-" "Mozilla/5.0 AppleWebKit/537.36 (KHTML, like Gecko; compatible; GPTBot/1.2; +https://openai.com/gptbot)"
20.171.207.218 - - [11/Sep/2025:09:22:28 -0400] "GET /?path=//sys/class/net/eth0/subsystem/eth0/statistics&viewfile=//sys/class/net/eth0/subsystem/eth0/statistics/rx_dropped HTTP/2.0" 200 2742 "-" "Mozilla/5.0 AppleWebKit/537.36 (KHTML, like Gecko; compatible; GPTBot/1.2; +https://openai.com/gptbot)"
20.171.207.84 - - [11/Sep/2025:09:22:29 -0400] "GET /?path=//sys/class/net/eth0/subsystem/lo/subsystem/eth0/device/net/eth0/device/firmware_node/subsystem/devices/device:da/subsystem/devices/device:de/subsystem/devices/device:8d/device:8e/subsystem/devices/device:e8 HTTP/2.0" 200 3504 "-" "Mozilla/5.0 AppleWebKit/537.36 (KHTML, like Gecko; compatible; GPTBot/1.2; +https://openai.com/gptbot)"
20.171.207.84 - - [11/Sep/2025:09:22:31 -0400] "GET /?path=//sys/class/net/eth0/subsystem/lo/subsystem/eth0/device/net/eth0/device/firmware_node/subsystem/devices/device:da/subsystem/devices/device:de/subsystem/devices/device:8d/device:8e/subsystem/devices/device:9c HTTP/2.0" 200 3433 "-" "Mozilla/5.0 AppleWebKit/537.36 (KHTML, like Gecko; compatible; GPTBot/1.2; +https://openai.com/gptbot)"
20.171.207.218 - - [11/Sep/2025:09:22:32 -0400] "GET /?path=//sys/class/net/eth0/subsystem/eth1/statistics&viewfile=//sys/class/net/eth0/subsystem/eth1/statistics/rx_dropped HTTP/2.0" 200 2746 "-" "Mozilla/5.0 AppleWebKit/537.36 (KHTML, like Gecko; compatible; GPTBot/1.2; +https://openai.com/gptbot)"
20.171.207.84 - - [11/Sep/2025:09:22:33 -0400] "GET /?path=//sys/class/net/eth0/subsystem/lo/subsystem/eth0/device/net/eth0/device/firmware_node/subsystem/devices/device:da/subsystem/devices/device:de/subsystem/devices/device:8d/device:8e/subsystem/devices/device:9b HTTP/2.0" 200 3468 "-" "Mozilla/5.0 AppleWebKit/537.36 (KHTML, like Gecko; compatible; GPTBot/1.2; +https://openai.com/gptbot)"
20.171.207.84 - - [11/Sep/2025:09:22:34 -0400] "GET /?path=//sys/class/net/eth0/subsystem/lo/subsystem/eth0/device/net/eth0/device/firmware_node/subsystem/devices/device:da/subsystem/devices/device:de/subsystem/devices/device:8d/device:8e/subsystem/devices/device:aa HTTP/2.0" 200 3433 "-" "Mozilla/5.0 AppleWebKit/537.36 (KHTML, like Gecko; compatible; GPTBot/1.2; +https://openai.com/gptbot)"
20.171.207.84 - - [11/Sep/2025:09:22:36 -0400] "GET /?path=//sys/class/net/eth0/subsystem/lo/subsystem/eth0/device/net/eth0/device/firmware_node/subsystem/devices/device:da/subsystem/devices/device:de/subsystem/devices/device:8d/device:8e/subsystem/devices/device:e2 HTTP/2.0" 200 3433 "-" "Mozilla/5.0 AppleWebKit/537.36 (KHTML, like Gecko; compatible; GPTBot/1.2; +https://openai.com/gptbot)"
20.171.207.84 - - [11/Sep/2025:09:22:38 -0400] "GET /?path=//sys/class/net/eth0/subsystem/lo/subsystem/eth0/device/net/eth0/device/firmware_node/subsystem/devices/device:da/subsystem/devices/device:de/subsystem/devices/device:8d/device:8e/subsystem/devices/device:b1 HTTP/2.0" 200 3475 "-" "Mozilla/5.0 AppleWebKit/537.36 (KHTML, like Gecko; compatible; GPTBot/1.2; +https://openai.com/gptbot)"
20.171.207.84 - - [11/Sep/2025:09:22:39 -0400] "GET /?path=//sys/class/net/eth0/subsystem/lo/subsystem/eth0/device/net/eth0/device/firmware_node/subsystem/devices/device:da/subsystem/devices/device:de/subsystem/devices/device:8d/device:8e/subsystem/devices/device:6e HTTP/2.0" 200 3475 "-" "Mozilla/5.0 AppleWebKit/537.36 (KHTML, like Gecko; compatible; GPTBot/1.2; +https://openai.com/gptbot)"
20.171.207.84 - - [11/Sep/2025:09:22:40 -0400] "GET /?path=//sys/class/net/eth0/subsystem/lo/subsystem/eth0/device/net/eth0/device/firmware_node/subsystem/devices/device:da/subsystem/devices/device:de/subsystem/devices/device:8d/device:8e/subsystem/devices/device:bf HTTP/2.0" 200 3476 "-" "Mozilla/5.0 AppleWebKit/537.36 (KHTML, like Gecko; compatible; GPTBot/1.2; +https://openai.com/gptbot)"
20.171.207.84 - - [11/Sep/2025:09:22:42 -0400] "GET /?path=//sys/class/net/eth0/subsystem/lo/subsystem/eth0/device/net/eth0/device/firmware_node/subsystem/devices/device:da/subsystem/devices/device:de/subsystem/devices/device:8d/device:8e/subsystem/devices/device:7d HTTP/2.0" 200 3466 "-" "Mozilla/5.0 AppleWebKit/537.36 (KHTML, like Gecko; compatible; GPTBot/1.2; +https://openai.com/gptbot)"
20.171.207.218 - - [11/Sep/2025:09:22:42 -0400] "GET /?path=//sys/class/net/eth0/subsystem/eth1/statistics&viewfile=//sys/class/net/eth0/subsystem/eth1/statistics/rx_nohandler HTTP/2.0" 200 2746 "-" "Mozilla/5.0 AppleWebKit/537.36 (KHTML, like Gecko; compatible; GPTBot/1.2; +https://openai.com/gptbot)"
217.113.194.199 - - [11/Sep/2025:09:22:43 -0400] "GET /?viewfile=//usr/lib64/python2.7/gettext.pyo&path=//usr/lib64/python2.7 HTTP/1.1" 200 8539 "-" "Mozilla/5.0 (compatible; Barkrowler/0.9; +https://babbar.tech/crawler)"
20.171.207.84 - - [11/Sep/2025:09:22:43 -0400] "GET /?path=//sys/class/net/eth0/subsystem/lo/subsystem/eth0/device/net/eth0/device/firmware_node/subsystem/devices/device:da/subsystem/devices/device:de/subsystem/devices/device:8d/device:8e/subsystem/devices/device:d1 HTTP/2.0" 200 3470 "-" "Mozilla/5.0 AppleWebKit/537.36 (KHTML, like Gecko; compatible; GPTBot/1.2; +https://openai.com/gptbot)"
20.171.207.84 - - [11/Sep/2025:09:22:45 -0400] "GET /?path=//sys/class/net/eth0/subsystem/lo/subsystem/eth0/device/net/eth0/device/firmware_node/subsystem/devices/device:da/subsystem/devices/device:de/subsystem/devices/device:8d/device:8e/subsystem/devices/device:ba HTTP/2.0" 200 3504 "-" "Mozilla/5.0 AppleWebKit/537.36 (KHTML, like Gecko; compatible; GPTBot/1.2; +https://openai.com/gptbot)"
20.171.207.84 - - [11/Sep/2025:09:22:47 -0400] "GET /?path=//sys/class/net/eth0/subsystem/lo/subsystem/eth0/device/net/eth0/device/firmware_node/subsystem/devices/device:da/subsystem/devices/device:de/subsystem/devices/device:8d/device:8e/subsystem/drivers/ec HTTP/2.0" 200 3221 "-" "Mozilla/5.0 AppleWebKit/537.36 (KHTML, like Gecko; compatible; GPTBot/1.2; +https://openai.com/gptbot)"
20.171.207.84 - - [11/Sep/2025:09:22:48 -0400] "GET /?path=//sys/class/net/eth0/subsystem/lo/subsystem/eth0/device/net/eth0/device/firmware_node/subsystem/devices/device:da/subsystem/devices/device:de/subsystem/devices/device:8d/device:8e/subsystem/devices/device:fe HTTP/2.0" 200 3433 "-" "Mozilla/5.0 AppleWebKit/537.36 (KHTML, like Gecko; compatible; GPTBot/1.2; +https://openai.com/gptbot)"
20.171.207.84 - - [11/Sep/2025:09:22:50 -0400] "GET /?path=//sys/class/net/eth0/subsystem/lo/subsystem/eth0/device/net/eth0/device/firmware_node/subsystem/devices/device:da/subsystem/devices/device:de/subsystem/devices/device:8d/device:8e/subsystem/devices/device:c7 HTTP/2.0" 200 3434 "-" "Mozilla/5.0 AppleWebKit/537.36 (KHTML, like Gecko; compatible; GPTBot/1.2; +https://openai.com/gptbot)"
20.171.207.84 - - [11/Sep/2025:09:22:52 -0400] "GET /?path=//sys/class/net/eth0/subsystem/lo/subsystem/eth0/device/net/eth0/device/firmware_node/subsystem/devices/device:da/subsystem/devices/device:de/subsystem/devices/device:8d/device:8e/subsystem/devices/device:ee HTTP/2.0" 200 3475 "-" "Mozilla/5.0 AppleWebKit/537.36 (KHTML, like Gecko; compatible; GPTBot/1.2; +https://openai.com/gptbot)"
20.171.207.84 - - [11/Sep/2025:09:22:53 -0400] "GET /?path=//sys/class/net/eth0/subsystem/lo/subsystem/eth0/device/net/eth0/device/firmware_node/subsystem/devices/device:da/subsystem/devices/device:de/subsystem/devices/device:8d/device:8e/subsystem/devices/device:e1 HTTP/2.0" 200 3467 "-" "Mozilla/5.0 AppleWebKit/537.36 (KHTML, like Gecko; compatible; GPTBot/1.2; +https://openai.com/gptbot)"
20.171.207.84 - - [11/Sep/2025:09:22:55 -0400] "GET /?path=//sys/class/net/eth0/subsystem/lo/subsystem/eth0/device/net/eth0/device/firmware_node/subsystem/devices/device:da/subsystem/devices/device:de/subsystem/devices/device:8d/device:8e/subsystem/devices/device:e5 HTTP/2.0" 200 3476 "-" "Mozilla/5.0 AppleWebKit/537.36 (KHTML, like Gecko; compatible; GPTBot/1.2; +https://openai.com/gptbot)"
20.171.207.84 - - [11/Sep/2025:09:22:56 -0400] "GET /?path=//sys/class/net/eth0/subsystem/lo/subsystem/eth0/device/net/eth0/device/firmware_node/subsystem/devices/device:da/subsystem/devices/device:de/subsystem/devices/device:8d/device:8e/subsystem/devices/device:b5 HTTP/2.0" 200 3434 "-" "Mozilla/5.0 AppleWebKit/537.36 (KHTML, like Gecko; compatible; GPTBot/1.2; +https://openai.com/gptbot)"
20.171.207.84 - - [11/Sep/2025:09:22:58 -0400] "GET /?path=//sys/class/net/eth0/subsystem/lo/subsystem/eth0/device/net/eth0/device/firmware_node/subsystem/devices/device:da/subsystem/devices/device:de/subsystem/devices/device:8d/device:8e/subsystem/devices/device:3e/subsystem HTTP/2.0" 200 3440 "-" "Mozilla/5.0 AppleWebKit/537.36 (KHTML, like Gecko; compatible; GPTBot/1.2; +https://openai.com/gptbot)"
20.171.207.84 - - [11/Sep/2025:09:22:59 -0400] "GET /?path=//sys/class/net/eth0/subsystem/lo/subsystem/eth0/device/net/eth0/device/firmware_node/subsystem/devices/device:da/subsystem/devices/device:de/subsystem/devices/device:8d/device:8e/subsystem/devices/device:d2 HTTP/2.0" 200 3470 "-" "Mozilla/5.0 AppleWebKit/537.36 (KHTML, like Gecko; compatible; GPTBot/1.2; +https://openai.com/gptbot)"
217.113.194.199 - - [11/Sep/2025:09:23:00 -0400] "GET /?viewfile=//usr/lib64/python2.7/fractions.pyo&path=//usr/lib64/python2.7 HTTP/1.1" 200 9685 "-" "Mozilla/5.0 (compatible; Barkrowler/0.9; +https://babbar.tech/crawler)"
20.171.207.84 - - [11/Sep/2025:09:23:01 -0400] "GET /?path=//sys/class/net/eth0/subsystem/lo/subsystem/eth0/device/net/eth0/device/firmware_node/subsystem/devices/device:da/subsystem/devices/device:de/subsystem/devices/device:8d/device:8e/subsystem/devices/device:3c HTTP/2.0" 200 3781 "-" "Mozilla/5.0 AppleWebKit/537.36 (KHTML, like Gecko; compatible; GPTBot/1.2; +https://openai.com/gptbot)"
