20.171.207.84 - - [11/Sep/2025:08:10:03 -0400] "GET /?path=//sys/class/net/eth0/subsystem/lo/subsystem/eth0/device/net/eth0/device/firmware_node/subsystem/devices/device:da/subsystem/devices/device:de/subsystem/devices/device:ce/device:cf/subsystem/devices/device:105 HTTP/2.0" 200 3433 "-" "Mozilla/5.0 AppleWebKit/537.36 (KHTML, like Gecko; compatible; GPTBot/1.2; +https://openai.com/gptbot)"
20.171.207.84 - - [11/Sep/2025:08:10:05 -0400] "GET /?path=//sys/class/net/eth0/subsystem/lo/subsystem/eth0/device/net/eth0/device/firmware_node/subsystem/devices/device:da/subsystem/devices/device:de/subsystem/devices/device:fd/subsystem/devices/device:25 HTTP/2.0" 200 3416 "-" "Mozilla/5.0 AppleWebKit/537.36 (KHTML, like Gecko; compatible; GPTBot/1.2; +https://openai.com/gptbot)"
20.171.207.84 - - [11/Sep/2025:08:10:06 -0400] "GET /?path=//sys/class/net/eth0/subsystem/lo/subsystem/eth0/device/net/eth0/device/firmware_node/subsystem/devices/device:da/subsystem/devices/device:de/subsystem/devices/device:cb/subsystem/devices/device:71 HTTP/2.0" 200 3459 "-" "Mozilla/5.0 AppleWebKit/537.36 (KHTML, like Gecko; compatible; GPTBot/1.2; +https://openai.com/gptbot)"
20.171.207.218 - - [11/Sep/2025:08:10:07 -0400] "GET /?path=//etc&viewfile=//etc/exim.conf.dist HTTP/2.0" 200 9804 "-" "Mozilla/5.0 AppleWebKit/537.36 (KHTML, like Gecko; compatible; GPTBot/1.2; +https://openai.com/gptbot)"
20.171.207.84 - - [11/Sep/2025:08:10:08 -0400] "GET /?path=//sys/class/net/eth0/subsystem/lo/subsystem/eth0/device/net/eth0/device/firmware_node/subsystem/devices/device:da/subsystem/devices/device:de/subsystem/devices/device:ea/device:eb/subsystem/devices/device:146 HTTP/2.0" 200 3431 "-" "Mozilla/5.0 AppleWebKit/537.36 (KHTML, like Gecko; compatible; GPTBot/1.2; +https://openai.com/gptbot)"
20.171.207.84 - - [11/Sep/2025:08:10:10 -0400] "GET /?path=//sys/class/net/eth0/subsystem/lo/subsystem/eth0/device/net/eth0/device/firmware_node/subsystem/devices/device:da/subsystem/devices/device:de/subsystem/devices/device:ac/subsystem/devices/device:97/power HTTP/2.0" 200 3477 "-" "Mozilla/5.0 AppleWebKit/537.36 (KHTML, like Gecko; compatible; GPTBot/1.2; +https://openai.com/gptbot)"
20.171.207.84 - - [11/Sep/2025:08:10:12 -0400] "GET /?path=//sys/class/net/eth0/subsystem/lo/subsystem/eth0/device/net/eth0/device/firmware_node/subsystem/devices/device:da/subsystem/devices/device:de/subsystem/devices/device:dc/device:e3/subsystem/devices/device:26 HTTP/2.0" 200 3431 "-" "Mozilla/5.0 AppleWebKit/537.36 (KHTML, like Gecko; compatible; GPTBot/1.2; +https://openai.com/gptbot)"
20.171.207.84 - - [11/Sep/2025:08:10:13 -0400] "GET /?path=//sys/class/net/eth0/subsystem/lo/subsystem/eth0/device/net/eth0/device/firmware_node/subsystem/devices/device:da/subsystem/devices/device:de/subsystem/devices/device:cb/subsystem/devices/device:84&viewfile=//sys/class/net/eth0/subsystem/lo/subsystem/eth0/device/net/eth0/device/firmware_node/subsystem/devices/device:da/subsystem/devices/device:de/subsystem/devices/device:cb/subsystem/devices/device:84/adr HTTP/2.0" 200 2918 "-" "Mozilla/5.0 AppleWebKit/537.36 (KHTML, like Gecko; compatible; GPTBot/1.2; +https://openai.com/gptbot)"
20.171.207.84 - - [11/Sep/2025:08:10:15 -0400] "GET /?path=//sys/class/net/eth0/subsystem/lo/subsystem/eth0/device/net/eth0/device/firmware_node/subsystem/devices/device:da/subsystem/devices/device:de/subsystem/devices/device:af/subsystem/devices/device:80/power HTTP/2.0" 200 3477 "-" "Mozilla/5.0 AppleWebKit/537.36 (KHTML, like Gecko; compatible; GPTBot/1.2; +https://openai.com/gptbot)"
217.113.194.196 - - [11/Sep/2025:08:10:16 -0400] "GET /?viewfile=//etc/sysconfig/network-scripts/ifup-Team&path=//etc/sysconfig/network-scripts HTTP/1.1" 200 3653 "-" "Mozilla/5.0 (compatible; Barkrowler/0.9; +https://babbar.tech/crawler)"
20.171.207.84 - - [11/Sep/2025:08:10:16 -0400] "GET /?path=//sys/class/net/eth0/subsystem/lo/subsystem/eth0/device/net/eth0/device/firmware_node/subsystem/devices/device:da/subsystem/devices/device:de/subsystem/devices/device:cf/subsystem/devices/device:75/power HTTP/2.0" 200 3477 "-" "Mozilla/5.0 AppleWebKit/537.36 (KHTML, like Gecko; compatible; GPTBot/1.2; +https://openai.com/gptbot)"
20.171.207.84 - - [11/Sep/2025:08:10:18 -0400] "GET /?path=//sys/class/net/eth0/subsystem/lo/subsystem/eth0/device/net/eth0/device/firmware_node/subsystem/devices/device:da/subsystem/devices/device:de/subsystem/devices/device:fd/subsystem/devices/device:25/power HTTP/2.0" 200 3477 "-" "Mozilla/5.0 AppleWebKit/537.36 (KHTML, like Gecko; compatible; GPTBot/1.2; +https://openai.com/gptbot)"
20.171.207.218 - - [11/Sep/2025:08:10:19 -0400] "GET /?path=//etc&viewfile=//etc/trusted-key.key HTTP/2.0" 200 3318 "-" "Mozilla/5.0 AppleWebKit/537.36 (KHTML, like Gecko; compatible; GPTBot/1.2; +https://openai.com/gptbot)"
20.171.207.84 - - [11/Sep/2025:08:10:19 -0400] "GET /?path=//sys/class/net/eth0/subsystem/lo/subsystem/eth0/device/net/eth0/device/firmware_node/subsystem/devices/device:da/subsystem/devices/device:de/subsystem/devices/device:cb/subsystem/devices/device:71/power HTTP/2.0" 200 3477 "-" "Mozilla/5.0 AppleWebKit/537.36 (KHTML, like Gecko; compatible; GPTBot/1.2; +https://openai.com/gptbot)"
20.171.207.84 - - [11/Sep/2025:08:10:21 -0400] "GET /?path=//sys/class/net/eth0/subsystem/lo/subsystem/eth0/device/net/eth0/device/firmware_node/subsystem/devices/device:da/subsystem/devices/device:de/subsystem/devices/device:bc/device:bd/subsystem/devices/device:13a HTTP/2.0" 200 3431 "-" "Mozilla/5.0 AppleWebKit/537.36 (KHTML, like Gecko; compatible; GPTBot/1.2; +https://openai.com/gptbot)"
20.171.207.84 - - [11/Sep/2025:08:10:23 -0400] "GET /?path=//sys/class/net/eth0/subsystem/lo/subsystem/eth0/device/net/eth0/device/firmware_node/subsystem/devices/device:da/subsystem/devices/device:de/subsystem/devices/device:ca/subsystem/devices/device:19/power HTTP/2.0" 200 3479 "-" "Mozilla/5.0 AppleWebKit/537.36 (KHTML, like Gecko; compatible; GPTBot/1.2; +https://openai.com/gptbot)"
20.171.207.84 - - [11/Sep/2025:08:10:24 -0400] "GET /?path=//sys/class/net/eth0/subsystem/lo/subsystem/eth0/device/net/eth0/device/firmware_node/subsystem/devices/device:da/subsystem/devices/device:de/subsystem/devices/device:ef/subsystem/devices/device:23 HTTP/2.0" 200 3415 "-" "Mozilla/5.0 AppleWebKit/537.36 (KHTML, like Gecko; compatible; GPTBot/1.2; +https://openai.com/gptbot)"
20.171.207.218 - - [11/Sep/2025:08:10:25 -0400] "GET /?path=//etc&viewfile=//etc/my.cnf.rpmnew HTTP/2.0" 200 2769 "-" "Mozilla/5.0 AppleWebKit/537.36 (KHTML, like Gecko; compatible; GPTBot/1.2; +https://openai.com/gptbot)"
20.171.207.84 - - [11/Sep/2025:08:10:26 -0400] "GET /?path=//sys/class/net/eth0/subsystem/lo/subsystem/eth0/device/net/eth0/device/firmware_node/subsystem/devices/device:da/subsystem/devices/device:de/subsystem/devices/device:fa/subsystem/devices/device:94 HTTP/2.0" 200 3457 "-" "Mozilla/5.0 AppleWebKit/537.36 (KHTML, like Gecko; compatible; GPTBot/1.2; +https://openai.com/gptbot)"
20.171.207.84 - - [11/Sep/2025:08:10:27 -0400] "GET /?path=//sys/class/net/eth0/subsystem/lo/subsystem/eth0/device/net/eth0/device/firmware_node/subsystem/devices/device:da/subsystem/devices/device:de/subsystem/devices/device:dc/device:df/subsystem/devices/device:123 HTTP/2.0" 200 3430 "-" "Mozilla/5.0 AppleWebKit/537.36 (KHTML, like Gecko; compatible; GPTBot/1.2; +https://openai.com/gptbot)"
20.171.207.84 - - [11/Sep/2025:08:10:29 -0400] "GET /?path=//sys/class/net/eth0/subsystem/lo/subsystem/eth0/device/net/eth0/device/firmware_node/subsystem/devices/device:da/subsystem/devices/device:de/subsystem/devices/device:35/power HTTP/2.0" 200 3446 "-" "Mozilla/5.0 AppleWebKit/537.36 (KHTML, like Gecko; compatible; GPTBot/1.2; +https://openai.com/gptbot)"
20.171.207.84 - - [11/Sep/2025:08:10:30 -0400] "GET /?path=//sys/class/net/eth0/subsystem/lo/subsystem/eth0/device/net/eth0/device/firmware_node/subsystem/devices/device:da/subsystem/devices/device:de/subsystem/devices/device:db/subsystem/devices/device:96 HTTP/2.0" 200 3486 "-" "Mozilla/5.0 AppleWebKit/537.36 (KHTML, like Gecko; compatible; GPTBot/1.2; +https://openai.com/gptbot)"
20.171.207.84 - - [11/Sep/2025:08:10:32 -0400] "GET /?path=//sys/class/net/eth0/subsystem/lo/subsystem/eth0/device/net/eth0/device/firmware_node/subsystem/devices/device:da/subsystem/devices/device:de/subsystem/devices/device:df/subsystem/devices/device:47/device:5f HTTP/2.0" 200 3474 "-" "Mozilla/5.0 AppleWebKit/537.36 (KHTML, like Gecko; compatible; GPTBot/1.2; +https://openai.com/gptbot)"
20.171.207.84 - - [11/Sep/2025:08:10:33 -0400] "GET /?path=//sys/class/net/eth0/subsystem/lo/subsystem/eth0/device/net/eth0/device/firmware_node/subsystem/devices/device:da/subsystem/devices/device:de/subsystem/devices/device:cb/subsystem/devices/device:71/power&viewfile=//sys/class/net/eth0/subsystem/lo/subsystem/eth0/device/net/eth0/device/firmware_node/subsystem/devices/device:da/subsystem/devices/device:de/subsystem/devices/device:cb/subsystem/devices/device:71/power/autosuspend_delay_ms HTTP/2.0" 200 2939 "-" "Mozilla/5.0 AppleWebKit/537.36 (KHTML, like Gecko; compatible; GPTBot/1.2; +https://openai.com/gptbot)"
217.113.194.241 - - [11/Sep/2025:08:10:34 -0400] "GET /?viewfile=//etc/sysconfig/network-scripts/ifup-plip&path=//etc/sysconfig/network-scripts HTTP/1.1" 200 3031 "-" "Mozilla/5.0 (compatible; Barkrowler/0.9; +https://babbar.tech/crawler)"
20.171.207.84 - - [11/Sep/2025:08:10:35 -0400] "GET /?path=//sys/class/net/eth0/subsystem/lo/subsystem/eth0/device/net/eth0/device/firmware_node/subsystem/devices/device:da/subsystem/devices/device:de/subsystem/devices/device:ba/subsystem/devices/device:49 HTTP/2.0" 200 3462 "-" "Mozilla/5.0 AppleWebKit/537.36 (KHTML, like Gecko; compatible; GPTBot/1.2; +https://openai.com/gptbot)"
20.171.207.84 - - [11/Sep/2025:08:10:37 -0400] "GET /?path=//sys/class/net/eth0/subsystem/lo/subsystem/eth0/device/net/eth0/device/firmware_node/subsystem/devices/device:da/subsystem/devices/device:de/subsystem/devices/device:ef/subsystem/devices/device:23/power HTTP/2.0" 200 3476 "-" "Mozilla/5.0 AppleWebKit/537.36 (KHTML, like Gecko; compatible; GPTBot/1.2; +https://openai.com/gptbot)"
20.171.207.218 - - [11/Sep/2025:08:10:37 -0400] "GET /?path=//sys/class/net/lo/subsystem/lo/subsystem/lo HTTP/2.0" 200 4052 "-" "Mozilla/5.0 AppleWebKit/537.36 (KHTML, like Gecko; compatible; GPTBot/1.2; +https://openai.com/gptbot)"
20.171.207.84 - - [11/Sep/2025:08:10:38 -0400] "GET /?path=//sys/class/net/eth0/subsystem/lo/subsystem/eth0/device/net/eth0/device/firmware_node/subsystem/devices/device:da/subsystem/devices/device:de/subsystem/devices/device:fa/subsystem/devices/device:94/power HTTP/2.0" 200 3480 "-" "Mozilla/5.0 AppleWebKit/537.36 (KHTML, like Gecko; compatible; GPTBot/1.2; +https://openai.com/gptbot)"
20.171.207.84 - - [11/Sep/2025:08:10:40 -0400] "GET /?path=//sys/class/net/eth0/subsystem/lo/subsystem/eth0/device/net/eth0/device/firmware_node/subsystem/devices/device:da/subsystem/devices/device:de/subsystem/devices/device:dd/subsystem/devices/device:36/power HTTP/2.0" 200 3475 "-" "Mozilla/5.0 AppleWebKit/537.36 (KHTML, like Gecko; compatible; GPTBot/1.2; +https://openai.com/gptbot)"
20.171.207.84 - - [11/Sep/2025:08:10:41 -0400] "GET /?path=//sys/class/net/eth0/subsystem/lo/subsystem/eth0/device/net/eth0/device/firmware_node/subsystem/devices/device:da/subsystem/devices/device:de/subsystem/devices/device:bd/subsystem/devices/device:74/power HTTP/2.0" 200 3477 "-" "Mozilla/5.0 AppleWebKit/537.36 (KHTML, like Gecko; compatible; GPTBot/1.2; +https://openai.com/gptbot)"
20.171.207.84 - - [11/Sep/2025:08:10:43 -0400] "GET /?path=//sys/class/net/eth0/subsystem/lo/subsystem/eth0/device/net/eth0/device/firmware_node/subsystem/devices/device:da/subsystem/devices/device:de/subsystem/devices/device:db/subsystem/devices/device:96/power HTTP/2.0" 200 3476 "-" "Mozilla/5.0 AppleWebKit/537.36 (KHTML, like Gecko; compatible; GPTBot/1.2; +https://openai.com/gptbot)"
20.171.207.84 - - [11/Sep/2025:08:10:44 -0400] "GET /?path=//sys/class/net/eth0/subsystem/lo/subsystem/eth0/device/net/eth0/device/firmware_node/subsystem/devices/device:da/subsystem/devices/device:de/subsystem/devices/device:fd/subsystem/devices/device:15/power HTTP/2.0" 200 3477 "-" "Mozilla/5.0 AppleWebKit/537.36 (KHTML, like Gecko; compatible; GPTBot/1.2; +https://openai.com/gptbot)"
20.171.207.84 - - [11/Sep/2025:08:10:46 -0400] "GET /?path=//sys/class/net/eth0/subsystem/lo/subsystem/eth0/device/net/eth0/device/firmware_node/subsystem/devices/device:da/subsystem/devices/device:de/subsystem/devices/device:dc/device:e3/subsystem/devices/device:14f HTTP/2.0" 200 3522 "-" "Mozilla/5.0 AppleWebKit/537.36 (KHTML, like Gecko; compatible; GPTBot/1.2; +https://openai.com/gptbot)"
20.171.207.84 - - [11/Sep/2025:08:10:47 -0400] "GET /?path=//sys/class/net/eth0/subsystem/lo/subsystem/eth0/device/net/eth0/device/firmware_node/subsystem/devices/device:da/subsystem/devices/device:de/subsystem/devices/device:ed/subsystem/devices/device:47/device:5d HTTP/2.0" 200 3476 "-" "Mozilla/5.0 AppleWebKit/537.36 (KHTML, like Gecko; compatible; GPTBot/1.2; +https://openai.com/gptbot)"
20.171.207.84 - - [11/Sep/2025:08:10:49 -0400] "GET /?path=//sys/class/net/eth0/subsystem/lo/subsystem/eth0/device/net/eth0/device/firmware_node/subsystem/devices/device:da/subsystem/devices/device:de/subsystem/devices/device:ba/subsystem/devices/device:49/power HTTP/2.0" 200 3479 "-" "Mozilla/5.0 AppleWebKit/537.36 (KHTML, like Gecko; compatible; GPTBot/1.2; +https://openai.com/gptbot)"
217.113.194.240 - - [11/Sep/2025:08:10:50 -0400] "GET /?viewfile=//etc/sysconfig/network-scripts/ifup-ppp&path=//etc/sysconfig/network-scripts HTTP/1.1" 200 4224 "-" "Mozilla/5.0 (compatible; Barkrowler/0.9; +https://babbar.tech/crawler)"
20.171.207.84 - - [11/Sep/2025:08:10:51 -0400] "GET /?path=//sys/class/net/eth0/subsystem/lo/subsystem/eth0/device/net/eth0/device/firmware_node/subsystem/devices/device:da/subsystem/devices/device:de/subsystem/devices/device:db/device:dc/subsystem/devices/device:179 HTTP/2.0" 200 3431 "-" "Mozilla/5.0 AppleWebKit/537.36 (KHTML, like Gecko; compatible; GPTBot/1.2; +https://openai.com/gptbot)"
20.171.207.84 - - [11/Sep/2025:08:10:52 -0400] "GET /?path=//sys/class/net/eth0/subsystem/lo/subsystem/eth0/device/net/eth0/device/firmware_node/subsystem/devices/device:da/subsystem/devices/device:de/subsystem/devices/device:cf/subsystem/devices/device:47/device:5d HTTP/2.0" 200 3476 "-" "Mozilla/5.0 AppleWebKit/537.36 (KHTML, like Gecko; compatible; GPTBot/1.2; +https://openai.com/gptbot)"
20.171.207.84 - - [11/Sep/2025:08:10:54 -0400] "GET /?path=//sys/class/net/eth0/subsystem/lo/subsystem/eth0/device/net/eth0/device/firmware_node/subsystem/devices/device:da/subsystem/devices/device:de/subsystem/devices/device:bc/subsystem/devices/device:19 HTTP/2.0" 200 3413 "-" "Mozilla/5.0 AppleWebKit/537.36 (KHTML, like Gecko; compatible; GPTBot/1.2; +https://openai.com/gptbot)"
20.171.207.84 - - [11/Sep/2025:08:10:55 -0400] "GET /?path=//sys/class/net/eth0/subsystem/lo/subsystem/eth0/device/net/eth0/device/firmware_node/subsystem/devices/device:da/subsystem/devices/device:de/subsystem/devices/device:bc/subsystem/devices/device:34 HTTP/2.0" 200 3414 "-" "Mozilla/5.0 AppleWebKit/537.36 (KHTML, like Gecko; compatible; GPTBot/1.2; +https://openai.com/gptbot)"
20.171.207.84 - - [11/Sep/2025:08:10:57 -0400] "GET /?path=//sys/class/net/eth0/subsystem/lo/subsystem/eth0/device/net/eth0/device/firmware_node/subsystem/devices/device:da/subsystem/devices/device:de/subsystem/devices/device:ab/subsystem/devices/device:53/power HTTP/2.0" 200 3476 "-" "Mozilla/5.0 AppleWebKit/537.36 (KHTML, like Gecko; compatible; GPTBot/1.2; +https://openai.com/gptbot)"
20.171.207.84 - - [11/Sep/2025:08:10:58 -0400] "GET /?path=//sys/class/net/eth0/subsystem/lo/subsystem/eth0/device/net/eth0/device/firmware_node/subsystem/devices/device:da/subsystem/devices/device:de/subsystem/devices/device:ff/subsystem/devices/device:17/power HTTP/2.0" 200 3477 "-" "Mozilla/5.0 AppleWebKit/537.36 (KHTML, like Gecko; compatible; GPTBot/1.2; +https://openai.com/gptbot)"
20.171.207.84 - - [11/Sep/2025:08:11:00 -0400] "GET /?path=//sys/class/net/eth0/subsystem/lo/subsystem/eth0/device/net/eth0/device/firmware_node/subsystem/devices/device:da/subsystem/devices/device:de/subsystem/devices/device:6a/device:6d/subsystem/devices/device:b3 HTTP/2.0" 200 3473 "-" "Mozilla/5.0 AppleWebKit/537.36 (KHTML, like Gecko; compatible; GPTBot/1.2; +https://openai.com/gptbot)"
20.171.207.84 - - [11/Sep/2025:08:11:02 -0400] "GET /?path=//sys/class/net/eth0/subsystem/lo/subsystem/eth0/device/net/eth0/device/firmware_node/subsystem/devices/device:da/subsystem/devices/device:de/subsystem/devices/device:fa/subsystem/devices/device:09/power HTTP/2.0" 200 3479 "-" "Mozilla/5.0 AppleWebKit/537.36 (KHTML, like Gecko; compatible; GPTBot/1.2; +https://openai.com/gptbot)"
20.171.207.84 - - [11/Sep/2025:08:11:03 -0400] "GET /?path=//sys/class/net/eth0/subsystem/lo/subsystem/eth0/device/net/eth0/device/firmware_node/subsystem/devices/device:da/subsystem/devices/device:de/subsystem/devices/device:ba/subsystem/devices/device:25 HTTP/2.0" 200 3418 "-" "Mozilla/5.0 AppleWebKit/537.36 (KHTML, like Gecko; compatible; GPTBot/1.2; +https://openai.com/gptbot)"
20.171.207.84 - - [11/Sep/2025:08:11:05 -0400] "GET /?path=//sys/class/net/eth0/subsystem/lo/subsystem/eth0/device/net/eth0/device/firmware_node/subsystem/devices/device:da/subsystem/devices/device:de/subsystem/devices/device:af/subsystem/devices/device:19 HTTP/2.0" 200 3413 "-" "Mozilla/5.0 AppleWebKit/537.36 (KHTML, like Gecko; compatible; GPTBot/1.2; +https://openai.com/gptbot)"
20.171.207.84 - - [11/Sep/2025:08:11:06 -0400] "GET /?path=//sys/class/net/eth0/subsystem/lo/subsystem/eth0/device/net/eth0/device/firmware_node/subsystem/devices/device:da/subsystem/devices/device:de/subsystem/devices/device:fa/subsystem/devices/device:f9 HTTP/2.0" 200 3416 "-" "Mozilla/5.0 AppleWebKit/537.36 (KHTML, like Gecko; compatible; GPTBot/1.2; +https://openai.com/gptbot)"
217.113.194.192 - - [11/Sep/2025:08:11:07 -0400] "GET /?viewfile=//etc/sysconfig/network-scripts/ifdown&path=//etc/sysconfig/network-scripts HTTP/1.1" 200 3374 "-" "Mozilla/5.0 (compatible; Barkrowler/0.9; +https://babbar.tech/crawler)"
20.171.207.84 - - [11/Sep/2025:08:11:08 -0400] "GET /?path=//sys/class/net/eth0/subsystem/lo/subsystem/eth0/device/net/eth0/device/firmware_node/subsystem/devices/device:da/subsystem/devices/device:de/subsystem/devices/device:bc/subsystem/devices/device:34/power HTTP/2.0" 200 3476 "-" "Mozilla/5.0 AppleWebKit/537.36 (KHTML, like Gecko; compatible; GPTBot/1.2; +https://openai.com/gptbot)"
20.171.207.84 - - [11/Sep/2025:08:11:10 -0400] "GET /?path=//sys/class/net/eth0/subsystem/lo/subsystem/eth0/device/net/eth0/device/firmware_node/subsystem/devices/device:da/subsystem/devices/device:de/subsystem/devices/device:fa/subsystem/devices/device:86/power HTTP/2.0" 200 3480 "-" "Mozilla/5.0 AppleWebKit/537.36 (KHTML, like Gecko; compatible; GPTBot/1.2; +https://openai.com/gptbot)"
20.171.207.84 - - [11/Sep/2025:08:11:11 -0400] "GET /?path=//sys/class/net/eth0/subsystem/lo/subsystem/eth0/device/net/eth0/device/firmware_node/subsystem/devices/device:da/subsystem/devices/device:de/subsystem/devices/device:bc/subsystem/devices/device:19/power HTTP/2.0" 200 3477 "-" "Mozilla/5.0 AppleWebKit/537.36 (KHTML, like Gecko; compatible; GPTBot/1.2; +https://openai.com/gptbot)"
20.171.207.84 - - [11/Sep/2025:08:11:13 -0400] "GET /?path=//sys/class/net/eth0/subsystem/lo/subsystem/eth0/device/net/eth0/device/firmware_node/subsystem/devices/device:da/subsystem/devices/device:de/subsystem/devices/device:ba/device:bb/subsystem/devices/device:170 HTTP/2.0" 200 3431 "-" "Mozilla/5.0 AppleWebKit/537.36 (KHTML, like Gecko; compatible; GPTBot/1.2; +https://openai.com/gptbot)"
20.171.207.84 - - [11/Sep/2025:08:11:15 -0400] "GET /?path=//sys/class/net/eth0/subsystem/lo/subsystem/eth0/device/net/eth0/device/firmware_node/subsystem/devices/device:da/subsystem/devices/device:de/subsystem/devices/device:be/subsystem/devices/device:91/power HTTP/2.0" 200 3479 "-" "Mozilla/5.0 AppleWebKit/537.36 (KHTML, like Gecko; compatible; GPTBot/1.2; +https://openai.com/gptbot)"
20.171.207.84 - - [11/Sep/2025:08:11:16 -0400] "GET /?path=//sys/class/net/eth0/subsystem/lo/subsystem/eth0/device/net/eth0/device/firmware_node/subsystem/devices/device:da/subsystem/devices/device:de/subsystem/devices/device:ba/subsystem/devices/device:25/subsystem HTTP/2.0" 200 3427 "-" "Mozilla/5.0 AppleWebKit/537.36 (KHTML, like Gecko; compatible; GPTBot/1.2; +https://openai.com/gptbot)"
20.171.207.84 - - [11/Sep/2025:08:11:18 -0400] "GET /?path=//sys/class/net/eth0/subsystem/lo/subsystem/eth0/device/net/eth0/device/firmware_node/subsystem/devices/device:da/subsystem/devices/device:de/subsystem/devices/device:fa/subsystem/devices/device:09/power&viewfile=//sys/class/net/eth0/subsystem/lo/subsystem/eth0/device/net/eth0/device/firmware_node/subsystem/devices/device:da/subsystem/devices/device:de/subsystem/devices/device:fa/subsystem/devices/device:09/power/runtime_active_time HTTP/2.0" 200 2943 "-" "Mozilla/5.0 AppleWebKit/537.36 (KHTML, like Gecko; compatible; GPTBot/1.2; +https://openai.com/gptbot)"
20.171.207.84 - - [11/Sep/2025:08:11:19 -0400] "GET /?path=//sys/class/net/eth0/subsystem/lo/subsystem/eth0/device/net/eth0/device/firmware_node/subsystem/devices/device:da/subsystem/devices/device:de/subsystem/devices/device:fa/subsystem/devices/device:f9/power HTTP/2.0" 200 3479 "-" "Mozilla/5.0 AppleWebKit/537.36 (KHTML, like Gecko; compatible; GPTBot/1.2; +https://openai.com/gptbot)"
20.171.207.84 - - [11/Sep/2025:08:11:21 -0400] "GET /?path=//sys/class/net/eth0/subsystem/lo/subsystem/eth0/device/net/eth0/device/firmware_node/subsystem/devices/device:da/subsystem/devices/device:de/subsystem/devices/device:af/subsystem/devices/device:19/power HTTP/2.0" 200 3477 "-" "Mozilla/5.0 AppleWebKit/537.36 (KHTML, like Gecko; compatible; GPTBot/1.2; +https://openai.com/gptbot)"
20.171.207.84 - - [11/Sep/2025:08:11:23 -0400] "GET /?path=//sys/class/net/eth0/subsystem/lo/subsystem/eth0/device/net/eth0/device/firmware_node/subsystem/devices/device:da/subsystem/devices/device:de/subsystem/devices/device:1c/subsystem/devices/device:35 HTTP/2.0" 200 3415 "-" "Mozilla/5.0 AppleWebKit/537.36 (KHTML, like Gecko; compatible; GPTBot/1.2; +https://openai.com/gptbot)"
20.171.207.84 - - [11/Sep/2025:08:11:24 -0400] "GET /?path=//sys/class/net/eth0/subsystem/lo/subsystem/eth0/device/net/eth0/device/firmware_node/subsystem/devices/device:da/subsystem/devices/device:de/subsystem/devices/device:aa/subsystem/devices/device:51 HTTP/2.0" 200 3462 "-" "Mozilla/5.0 AppleWebKit/537.36 (KHTML, like Gecko; compatible; GPTBot/1.2; +https://openai.com/gptbot)"
217.113.194.201 - - [11/Sep/2025:08:11:24 -0400] "GET /?viewfile=//etc/sysconfig/network-scripts/ifdown-sit&path=//etc/sysconfig/network-scripts HTTP/1.1" 200 3399 "-" "Mozilla/5.0 (compatible; Barkrowler/0.9; +https://babbar.tech/crawler)"
20.171.207.218 - - [11/Sep/2025:08:11:25 -0400] "GET /?path=//etc&viewfile=//etc/exim.pl.local HTTP/2.0" 200 40966 "-" "Mozilla/5.0 AppleWebKit/537.36 (KHTML, like Gecko; compatible; GPTBot/1.2; +https://openai.com/gptbot)"
20.171.207.84 - - [11/Sep/2025:08:11:26 -0400] "GET /?path=//sys/class/net/eth0/subsystem/lo/subsystem/eth0/device/net/eth0/device/firmware_node/subsystem/devices/device:da/subsystem/devices/device:de/subsystem/devices/device:d7/subsystem/devices/device:53/power HTTP/2.0" 200 3475 "-" "Mozilla/5.0 AppleWebKit/537.36 (KHTML, like Gecko; compatible; GPTBot/1.2; +https://openai.com/gptbot)"
20.171.207.84 - - [11/Sep/2025:08:11:28 -0400] "GET /?path=//sys/class/net/eth0/subsystem/lo/subsystem/eth0/device/net/eth0/device/firmware_node/subsystem/devices/device:da/subsystem/devices/device:de/subsystem/devices/device:f4/device:f5/subsystem/devices/device:5c HTTP/2.0" 200 3475 "-" "Mozilla/5.0 AppleWebKit/537.36 (KHTML, like Gecko; compatible; GPTBot/1.2; +https://openai.com/gptbot)"
20.171.207.84 - - [11/Sep/2025:08:11:29 -0400] "GET /?path=//sys/class/net/eth0/subsystem/lo/subsystem/eth0/device/net/eth0/device/firmware_node/subsystem/devices/device:da/subsystem/devices/device:de/subsystem/devices/device:fc/subsystem/devices/device:42/power HTTP/2.0" 200 3477 "-" "Mozilla/5.0 AppleWebKit/537.36 (KHTML, like Gecko; compatible; GPTBot/1.2; +https://openai.com/gptbot)"
20.171.207.84 - - [11/Sep/2025:08:11:31 -0400] "GET /?path=//sys/class/net/eth0/subsystem/lo/subsystem/eth0/device/net/eth0/device/firmware_node/subsystem/devices/device:da/subsystem/devices/device:de/subsystem/devices/device:ed/subsystem/devices/device:88/power HTTP/2.0" 200 3478 "-" "Mozilla/5.0 AppleWebKit/537.36 (KHTML, like Gecko; compatible; GPTBot/1.2; +https://openai.com/gptbot)"
20.171.207.84 - - [11/Sep/2025:08:11:32 -0400] "GET /?path=//sys/class/net/eth0/subsystem/lo/subsystem/eth0/device/net/eth0/device/firmware_node/subsystem/devices/device:da/subsystem/devices/device:de/subsystem/devices/device:e3/device:e5/subsystem/devices/device:a7 HTTP/2.0" 200 3431 "-" "Mozilla/5.0 AppleWebKit/537.36 (KHTML, like Gecko; compatible; GPTBot/1.2; +https://openai.com/gptbot)"
20.171.207.84 - - [11/Sep/2025:08:11:34 -0400] "GET /?path=//sys/class/net/eth0/subsystem/lo/subsystem/eth0/device/net/eth0/device/firmware_node/subsystem/devices/device:da/subsystem/devices/device:de/subsystem/devices/device:53 HTTP/2.0" 200 3425 "-" "Mozilla/5.0 AppleWebKit/537.36 (KHTML, like Gecko; compatible; GPTBot/1.2; +https://openai.com/gptbot)"
20.171.207.84 - - [11/Sep/2025:08:11:35 -0400] "GET /?path=//sys/class/net/eth0/subsystem/lo/subsystem/eth0/device/net/eth0/device/firmware_node/subsystem/devices/device:da/subsystem/devices/device:de/subsystem/devices/device:1c/subsystem/devices/device:35/power HTTP/2.0" 200 3476 "-" "Mozilla/5.0 AppleWebKit/537.36 (KHTML, like Gecko; compatible; GPTBot/1.2; +https://openai.com/gptbot)"
20.171.207.84 - - [11/Sep/2025:08:11:37 -0400] "GET /?path=//sys/class/net/eth0/subsystem/lo/subsystem/eth0/device/net/eth0/device/firmware_node/subsystem/devices/device:da/subsystem/devices/device:de/subsystem/devices/device:aa/subsystem/devices/device:51/power HTTP/2.0" 200 3479 "-" "Mozilla/5.0 AppleWebKit/537.36 (KHTML, like Gecko; compatible; GPTBot/1.2; +https://openai.com/gptbot)"
20.171.207.218 - - [11/Sep/2025:08:11:37 -0400] "GET /?path=//sys/module/i2c_i801/notes HTTP/2.0" 200 2907 "-" "Mozilla/5.0 AppleWebKit/537.36 (KHTML, like Gecko; compatible; GPTBot/1.2; +https://openai.com/gptbot)"
20.171.207.84 - - [11/Sep/2025:08:11:39 -0400] "GET /?path=//sys/class/net/eth0/subsystem/lo/subsystem/eth0/device/net/eth0/device/firmware_node/subsystem/devices/device:da/subsystem/devices/device:de/subsystem/devices/device:af/subsystem/devices/device:57/power HTTP/2.0" 200 3477 "-" "Mozilla/5.0 AppleWebKit/537.36 (KHTML, like Gecko; compatible; GPTBot/1.2; +https://openai.com/gptbot)"
20.171.207.84 - - [11/Sep/2025:08:11:40 -0400] "GET /?path=//sys/class/net/eth0/subsystem/lo/subsystem/eth0/device/net/eth0/device/firmware_node/subsystem/devices/device:da/subsystem/devices/device:de/subsystem/devices/device:e3/device:e5/subsystem/devices/device:4a HTTP/2.0" 200 3474 "-" "Mozilla/5.0 AppleWebKit/537.36 (KHTML, like Gecko; compatible; GPTBot/1.2; +https://openai.com/gptbot)"
217.113.194.196 - - [11/Sep/2025:08:11:41 -0400] "GET /?viewfile=//etc/raider/device_id/PercCli2.json&path=//etc/raider/device_id HTTP/1.1" 200 2731 "-" "Mozilla/5.0 (compatible; Barkrowler/0.9; +https://babbar.tech/crawler)"
20.171.207.84 - - [11/Sep/2025:08:11:42 -0400] "GET /?path=//sys/class/net/eth0/subsystem/lo/subsystem/eth0/device/net/eth0/device/firmware_node/subsystem/devices/device:da/subsystem/devices/device:de/subsystem/devices/device:fe/subsystem/devices/device:47/device:4f HTTP/2.0" 200 3476 "-" "Mozilla/5.0 AppleWebKit/537.36 (KHTML, like Gecko; compatible; GPTBot/1.2; +https://openai.com/gptbot)"
20.171.207.84 - - [11/Sep/2025:08:11:43 -0400] "GET /?path=//sys/class/net/eth0/subsystem/lo/subsystem/eth0/device/net/eth0/device/firmware_node/subsystem/devices/device:da/subsystem/devices/device:de/subsystem/devices/device:fc/subsystem/devices/device:b7/device:b8 HTTP/2.0" 200 3431 "-" "Mozilla/5.0 AppleWebKit/537.36 (KHTML, like Gecko; compatible; GPTBot/1.2; +https://openai.com/gptbot)"
20.171.207.84 - - [11/Sep/2025:08:11:45 -0400] "GET /?path=//sys/class/net/eth0/subsystem/lo/subsystem/eth0/device/net/eth0/device/firmware_node/subsystem/devices/device:da/subsystem/devices/device:de/subsystem/devices/device:aa/subsystem/devices/device:87/power HTTP/2.0" 200 3479 "-" "Mozilla/5.0 AppleWebKit/537.36 (KHTML, like Gecko; compatible; GPTBot/1.2; +https://openai.com/gptbot)"
20.171.207.84 - - [11/Sep/2025:08:11:46 -0400] "GET /?path=//sys/class/net/eth0/subsystem/lo/subsystem/eth0/device/net/eth0/device/firmware_node/subsystem/devices/device:da/subsystem/devices/device:de/subsystem/devices/device:53/subsystem HTTP/2.0" 200 3392 "-" "Mozilla/5.0 AppleWebKit/537.36 (KHTML, like Gecko; compatible; GPTBot/1.2; +https://openai.com/gptbot)"
20.171.207.84 - - [11/Sep/2025:08:11:48 -0400] "GET /?path=//sys/class/net/eth0/subsystem/lo/subsystem/eth0/device/net/eth0/device/firmware_node/subsystem/devices/device:da/subsystem/devices/device:de/subsystem/devices/device:53/power HTTP/2.0" 200 3446 "-" "Mozilla/5.0 AppleWebKit/537.36 (KHTML, like Gecko; compatible; GPTBot/1.2; +https://openai.com/gptbot)"
20.171.207.84 - - [11/Sep/2025:08:11:49 -0400] "GET /?path=//sys/class/net/eth0/subsystem/lo/subsystem/eth0/device/net/eth0/device/firmware_node/subsystem/devices/device:da/subsystem/devices/device:de/subsystem/devices/device:fe/subsystem/devices/device:47/device:4b HTTP/2.0" 200 3476 "-" "Mozilla/5.0 AppleWebKit/537.36 (KHTML, like Gecko; compatible; GPTBot/1.2; +https://openai.com/gptbot)"
20.171.207.218 - - [11/Sep/2025:08:11:51 -0400] "GET /?path=//sys/class/net/lo/subsystem/eth1/subsystem/lo/queues HTTP/2.0" 200 2926 "-" "Mozilla/5.0 AppleWebKit/537.36 (KHTML, like Gecko; compatible; GPTBot/1.2; +https://openai.com/gptbot)"
20.171.207.84 - - [11/Sep/2025:08:11:51 -0400] "GET /?path=//sys/class/net/eth0/subsystem/lo/subsystem/eth0/device/net/eth0/device/firmware_node/subsystem/devices/device:da/subsystem/devices/device:de/subsystem/devices/device:cb/subsystem/devices/device:63/power HTTP/2.0" 200 3476 "-" "Mozilla/5.0 AppleWebKit/537.36 (KHTML, like Gecko; compatible; GPTBot/1.2; +https://openai.com/gptbot)"
20.171.207.84 - - [11/Sep/2025:08:11:53 -0400] "GET /?path=//sys/class/net/eth0/subsystem/lo/subsystem/eth0/device/net/eth0/device/firmware_node/subsystem/devices/device:da/subsystem/devices/device:de/subsystem/devices/device:fa/subsystem/devices/device:f9/subsystem HTTP/2.0" 200 3426 "-" "Mozilla/5.0 AppleWebKit/537.36 (KHTML, like Gecko; compatible; GPTBot/1.2; +https://openai.com/gptbot)"
20.171.207.84 - - [11/Sep/2025:08:11:54 -0400] "GET /?path=//sys/class/net/eth0/subsystem/lo/subsystem/eth0/device/net/eth0/device/firmware_node/subsystem/devices/device:da/subsystem/devices/device:de/subsystem/devices/device:9f/device:a0/subsystem/devices/device:1e HTTP/2.0" 200 3434 "-" "Mozilla/5.0 AppleWebKit/537.36 (KHTML, like Gecko; compatible; GPTBot/1.2; +https://openai.com/gptbot)"
20.171.207.84 - - [11/Sep/2025:08:11:56 -0400] "GET /?path=//sys/class/net/eth0/subsystem/lo/subsystem/eth0/device/net/eth0/device/firmware_node/subsystem/devices/device:da/subsystem/devices/device:de/subsystem/devices/device:f4/device:f5/subsystem/devices/device:f2 HTTP/2.0" 200 3473 "-" "Mozilla/5.0 AppleWebKit/537.36 (KHTML, like Gecko; compatible; GPTBot/1.2; +https://openai.com/gptbot)"
20.171.207.218 - - [11/Sep/2025:08:11:56 -0400] "GET /?path=//etc&viewfile=//etc/tcsd.conf HTTP/2.0" 200 2652 "-" "Mozilla/5.0 AppleWebKit/537.36 (KHTML, like Gecko; compatible; GPTBot/1.2; +https://openai.com/gptbot)"
20.171.207.84 - - [11/Sep/2025:08:11:57 -0400] "GET /?path=//sys/class/net/eth0/subsystem/lo/subsystem/eth0/device/net/eth0/device/firmware_node/subsystem/devices/device:da/subsystem/devices/device:de/subsystem/devices/device:af/subsystem/devices/device:77/power HTTP/2.0" 200 3477 "-" "Mozilla/5.0 AppleWebKit/537.36 (KHTML, like Gecko; compatible; GPTBot/1.2; +https://openai.com/gptbot)"
217.113.194.198 - - [11/Sep/2025:08:11:58 -0400] "GET /?viewfile=//etc/dbus-1/system.d/FirewallD.conf&path=//etc/dbus-1/system.d HTTP/1.1" 200 3087 "-" "Mozilla/5.0 (compatible; Barkrowler/0.9; +https://babbar.tech/crawler)"
20.171.207.84 - - [11/Sep/2025:08:11:59 -0400] "GET /?path=//sys/class/net/eth0/subsystem/lo/subsystem/eth0/device/net/eth0/device/firmware_node/subsystem/devices/device:da/subsystem/devices/device:de/subsystem/devices/device:6a/device:6d/subsystem/devices/device:f0 HTTP/2.0" 200 3474 "-" "Mozilla/5.0 AppleWebKit/537.36 (KHTML, like Gecko; compatible; GPTBot/1.2; +https://openai.com/gptbot)"
20.171.207.84 - - [11/Sep/2025:08:12:00 -0400] "GET /?path=//sys/class/net/eth0/subsystem/lo/subsystem/eth0/device/net/eth0/device/firmware_node/subsystem/devices/device:da/subsystem/devices/device:de/subsystem/devices/device:d7/subsystem/devices/device:06 HTTP/2.0" 200 3413 "-" "Mozilla/5.0 AppleWebKit/537.36 (KHTML, like Gecko; compatible; GPTBot/1.2; +https://openai.com/gptbot)"
20.171.207.84 - - [11/Sep/2025:08:12:02 -0400] "GET /?path=//sys/class/net/eth0/subsystem/lo/subsystem/eth0/device/net/eth0/device/firmware_node/subsystem/devices/device:da/subsystem/devices/device:de/subsystem/devices/device:dd/subsystem/devices/device:86/power HTTP/2.0" 200 3476 "-" "Mozilla/5.0 AppleWebKit/537.36 (KHTML, like Gecko; compatible; GPTBot/1.2; +https://openai.com/gptbot)"
20.171.207.84 - - [11/Sep/2025:08:12:04 -0400] "GET /?path=//sys/class/net/eth0/subsystem/lo/subsystem/eth0/device/net/eth0/device/firmware_node/subsystem/devices/device:da/subsystem/devices/device:de/subsystem/devices/device:ca/subsystem/devices/device:54 HTTP/2.0" 200 3462 "-" "Mozilla/5.0 AppleWebKit/537.36 (KHTML, like Gecko; compatible; GPTBot/1.2; +https://openai.com/gptbot)"
20.171.207.84 - - [11/Sep/2025:08:12:05 -0400] "GET /?path=//sys/class/net/eth0/subsystem/lo/subsystem/eth0/device/net/eth0/device/firmware_node/subsystem/devices/device:da/subsystem/devices/device:de/subsystem/devices/device:aa/subsystem/devices/device:71 HTTP/2.0" 200 3461 "-" "Mozilla/5.0 AppleWebKit/537.36 (KHTML, like Gecko; compatible; GPTBot/1.2; +https://openai.com/gptbot)"
20.171.207.84 - - [11/Sep/2025:08:12:07 -0400] "GET /?path=//sys/class/net/eth0/subsystem/lo/subsystem/eth0/device/net/eth0/device/firmware_node/subsystem/devices/device:da/subsystem/devices/device:de/subsystem/devices/device:8a/device:8b/subsystem/devices/device:8a HTTP/2.0" 200 3496 "-" "Mozilla/5.0 AppleWebKit/537.36 (KHTML, like Gecko; compatible; GPTBot/1.2; +https://openai.com/gptbot)"
20.171.207.84 - - [11/Sep/2025:08:12:08 -0400] "GET /?path=//sys/class/net/eth0/subsystem/lo/subsystem/eth0/device/net/eth0/device/firmware_node/subsystem/devices/device:da/subsystem/devices/device:de/subsystem/devices/device:d7/subsystem/devices/device:0b/power HTTP/2.0" 200 3475 "-" "Mozilla/5.0 AppleWebKit/537.36 (KHTML, like Gecko; compatible; GPTBot/1.2; +https://openai.com/gptbot)"
20.171.207.218 - - [11/Sep/2025:08:12:09 -0400] "GET /?path=//sys/class/net/lo/subsystem/eth0/subsystem/lo/queues HTTP/2.0" 200 2926 "-" "Mozilla/5.0 AppleWebKit/537.36 (KHTML, like Gecko; compatible; GPTBot/1.2; +https://openai.com/gptbot)"
20.171.207.84 - - [11/Sep/2025:08:12:10 -0400] "GET /?path=//sys/class/net/eth0/subsystem/lo/subsystem/eth0/device/net/eth0/device/firmware_node/subsystem/devices/device:da/subsystem/devices/device:de/subsystem/devices/device:fc/subsystem/devices/device:71 HTTP/2.0" 200 3459 "-" "Mozilla/5.0 AppleWebKit/537.36 (KHTML, like Gecko; compatible; GPTBot/1.2; +https://openai.com/gptbot)"
20.171.207.84 - - [11/Sep/2025:08:12:11 -0400] "GET /?path=//sys/class/net/eth0/subsystem/lo/subsystem/eth0/device/net/eth0/device/firmware_node/subsystem/devices/device:da/subsystem/devices/device:de/subsystem/devices/device:d7/subsystem/devices/device:a8 HTTP/2.0" 200 3490 "-" "Mozilla/5.0 AppleWebKit/537.36 (KHTML, like Gecko; compatible; GPTBot/1.2; +https://openai.com/gptbot)"
20.171.207.84 - - [11/Sep/2025:08:12:13 -0400] "GET /?path=//sys/class/net/eth0/subsystem/lo/subsystem/eth0/device/net/eth0/device/firmware_node/subsystem/devices/device:da/subsystem/devices/device:de/subsystem/devices/device:ca/subsystem/devices/device:18 HTTP/2.0" 200 3416 "-" "Mozilla/5.0 AppleWebKit/537.36 (KHTML, like Gecko; compatible; GPTBot/1.2; +https://openai.com/gptbot)"
20.171.207.84 - - [11/Sep/2025:08:12:14 -0400] "GET /?path=//sys/class/net/eth0/subsystem/lo/subsystem/eth0/device/net/eth0/device/firmware_node/subsystem/devices/device:da/subsystem/devices/device:de/subsystem/devices/device:d7/subsystem/devices/device:06/power HTTP/2.0" 200 3475 "-" "Mozilla/5.0 AppleWebKit/537.36 (KHTML, like Gecko; compatible; GPTBot/1.2; +https://openai.com/gptbot)"
217.113.194.198 - - [11/Sep/2025:08:12:14 -0400] "GET /?viewfile=//etc/rc.d/rc5.d/K50netconsole&path=//etc/rc.d/rc5.d HTTP/1.1" 200 4535 "-" "Mozilla/5.0 (compatible; Barkrowler/0.9; +https://babbar.tech/crawler)"
20.171.207.84 - - [11/Sep/2025:08:12:16 -0400] "GET /?path=//sys/class/net/eth0/subsystem/lo/subsystem/eth0/device/net/eth0/device/firmware_node/subsystem/devices/device:da/subsystem/devices/device:de/subsystem/devices/device:ee/subsystem/devices/device:63/power HTTP/2.0" 200 3479 "-" "Mozilla/5.0 AppleWebKit/537.36 (KHTML, like Gecko; compatible; GPTBot/1.2; +https://openai.com/gptbot)"
20.171.207.84 - - [11/Sep/2025:08:12:18 -0400] "GET /?path=//sys/class/net/eth0/subsystem/lo/subsystem/eth0/device/net/eth0/device/firmware_node/subsystem/devices/device:da/subsystem/devices/device:de/subsystem/devices/device:ca/subsystem/devices/device:54/power HTTP/2.0" 200 3479 "-" "Mozilla/5.0 AppleWebKit/537.36 (KHTML, like Gecko; compatible; GPTBot/1.2; +https://openai.com/gptbot)"
20.171.207.84 - - [11/Sep/2025:08:12:19 -0400] "GET /?path=//sys/class/net/eth0/subsystem/lo/subsystem/eth0/device/net/eth0/device/firmware_node/subsystem/devices/device:da/subsystem/devices/device:de/subsystem/devices/device:aa/subsystem/devices/device:71/power HTTP/2.0" 200 3479 "-" "Mozilla/5.0 AppleWebKit/537.36 (KHTML, like Gecko; compatible; GPTBot/1.2; +https://openai.com/gptbot)"
20.171.207.84 - - [11/Sep/2025:08:12:21 -0400] "GET /?path=//sys/class/net/eth0/subsystem/lo/subsystem/eth0/device/net/eth0/device/firmware_node/subsystem/devices/device:da/subsystem/devices/device:de/subsystem/devices/device:9f/device:a0/subsystem/devices/device:5c HTTP/2.0" 200 3479 "-" "Mozilla/5.0 AppleWebKit/537.36 (KHTML, like Gecko; compatible; GPTBot/1.2; +https://openai.com/gptbot)"
20.171.207.84 - - [11/Sep/2025:08:12:22 -0400] "GET /?path=//sys/class/net/eth0/subsystem/lo/subsystem/eth0/device/net/eth0/device/firmware_node/subsystem/devices/device:da/subsystem/devices/device:de/subsystem/devices/device:6f/physical_node/ata_device/dev7.0/device HTTP/2.0" 200 3387 "-" "Mozilla/5.0 AppleWebKit/537.36 (KHTML, like Gecko; compatible; GPTBot/1.2; +https://openai.com/gptbot)"
20.171.207.84 - - [11/Sep/2025:08:12:24 -0400] "GET /?path=//sys/class/net/eth0/subsystem/lo/subsystem/eth0/device/net/eth0/device/firmware_node/subsystem/devices/device:da/subsystem/devices/device:de/subsystem/devices/device:d7/subsystem/devices/device:a8/power HTTP/2.0" 200 3476 "-" "Mozilla/5.0 AppleWebKit/537.36 (KHTML, like Gecko; compatible; GPTBot/1.2; +https://openai.com/gptbot)"
20.171.207.84 - - [11/Sep/2025:08:12:26 -0400] "GET /?path=//sys/class/net/eth0/subsystem/lo/subsystem/eth0/device/net/eth0/device/firmware_node/subsystem/devices/device:da/subsystem/devices/device:de/subsystem/devices/device:aa/subsystem/devices/device:13/power HTTP/2.0" 200 3479 "-" "Mozilla/5.0 AppleWebKit/537.36 (KHTML, like Gecko; compatible; GPTBot/1.2; +https://openai.com/gptbot)"
20.171.207.84 - - [11/Sep/2025:08:12:27 -0400] "GET /?path=//sys/class/net/eth0/subsystem/lo/subsystem/eth0/device/net/eth0/device/firmware_node/subsystem/devices/device:da/subsystem/devices/device:de/subsystem/devices/device:dc/device:df/subsystem/devices/device:18b HTTP/2.0" 200 3430 "-" "Mozilla/5.0 AppleWebKit/537.36 (KHTML, like Gecko; compatible; GPTBot/1.2; +https://openai.com/gptbot)"
20.171.207.84 - - [11/Sep/2025:08:12:29 -0400] "GET /?path=//sys/class/net/eth0/subsystem/lo/subsystem/eth0/device/net/eth0/device/firmware_node/subsystem/devices/device:da/subsystem/devices/device:de/subsystem/devices/device:ef/subsystem/devices/device:13 HTTP/2.0" 200 3414 "-" "Mozilla/5.0 AppleWebKit/537.36 (KHTML, like Gecko; compatible; GPTBot/1.2; +https://openai.com/gptbot)"
20.171.207.84 - - [11/Sep/2025:08:12:31 -0400] "GET /?path=//sys/class/net/eth0/subsystem/lo/subsystem/eth0/device/net/eth0/device/firmware_node/subsystem/devices/device:da/subsystem/devices/device:de/subsystem/devices/device:bd/subsystem/devices/device:62/power HTTP/2.0" 200 3477 "-" "Mozilla/5.0 AppleWebKit/537.36 (KHTML, like Gecko; compatible; GPTBot/1.2; +https://openai.com/gptbot)"
217.113.194.195 - - [11/Sep/2025:08:12:32 -0400] "GET /?viewfile=//etc/rc.d/rc6.d/K50netconsole&path=//etc/rc.d/rc6.d HTTP/1.1" 200 4535 "-" "Mozilla/5.0 (compatible; Barkrowler/0.9; +https://babbar.tech/crawler)"
20.171.207.218 - - [11/Sep/2025:08:12:32 -0400] "GET /?path=//etc&viewfile=//etc/vconsole.conf HTTP/2.0" 200 2695 "-" "Mozilla/5.0 AppleWebKit/537.36 (KHTML, like Gecko; compatible; GPTBot/1.2; +https://openai.com/gptbot)"
20.171.207.84 - - [11/Sep/2025:08:12:32 -0400] "GET /?path=//sys/class/net/eth0/subsystem/lo/subsystem/eth0/device/net/eth0/device/firmware_node/subsystem/devices/device:da/subsystem/devices/device:de/subsystem/devices/device:ee/subsystem/devices/device:63/power&viewfile=//sys/class/net/eth0/subsystem/lo/subsystem/eth0/device/net/eth0/device/firmware_node/subsystem/devices/device:da/subsystem/devices/device:de/subsystem/devices/device:ee/subsystem/devices/device:63/power/runtime_enabled HTTP/2.0" 200 2940 "-" "Mozilla/5.0 AppleWebKit/537.36 (KHTML, like Gecko; compatible; GPTBot/1.2; +https://openai.com/gptbot)"
20.171.207.84 - - [11/Sep/2025:08:12:34 -0400] "GET /?path=//sys/class/net/eth0/subsystem/lo/subsystem/eth0/device/net/eth0/device/firmware_node/subsystem/devices/device:da/subsystem/devices/device:de/subsystem/devices/device:f4/device:f5/subsystem/devices/device:e9 HTTP/2.0" 200 3432 "-" "Mozilla/5.0 AppleWebKit/537.36 (KHTML, like Gecko; compatible; GPTBot/1.2; +https://openai.com/gptbot)"
20.171.207.84 - - [11/Sep/2025:08:12:36 -0400] "GET /?path=//sys/class/net/eth0/subsystem/lo/subsystem/eth0/device/net/eth0/device/firmware_node/subsystem/devices/device:da/subsystem/devices/device:de/subsystem/devices/device:bd/subsystem/devices/device:3c/device:44 HTTP/2.0" 200 3478 "-" "Mozilla/5.0 AppleWebKit/537.36 (KHTML, like Gecko; compatible; GPTBot/1.2; +https://openai.com/gptbot)"
20.171.207.84 - - [11/Sep/2025:08:12:37 -0400] "GET /?path=//sys/class/net/eth0/subsystem/lo/subsystem/eth0/device/net/eth0/device/firmware_node/subsystem/devices/device:da/subsystem/devices/device:de/subsystem/devices/device:ef/subsystem/devices/device:47/device:5c HTTP/2.0" 200 3475 "-" "Mozilla/5.0 AppleWebKit/537.36 (KHTML, like Gecko; compatible; GPTBot/1.2; +https://openai.com/gptbot)"
20.171.207.218 - - [11/Sep/2025:08:12:38 -0400] "GET /?path=//etc&viewfile=//etc/filesystems HTTP/2.0" 200 2699 "-" "Mozilla/5.0 AppleWebKit/537.36 (KHTML, like Gecko; compatible; GPTBot/1.2; +https://openai.com/gptbot)"
20.171.207.84 - - [11/Sep/2025:08:12:39 -0400] "GET /?path=//sys/class/net/eth0/subsystem/lo/subsystem/eth0/device/net/eth0/device/firmware_node/subsystem/devices/device:da/subsystem/devices/device:de/subsystem/devices/device:bb/subsystem/devices/device:53 HTTP/2.0" 200 3460 "-" "Mozilla/5.0 AppleWebKit/537.36 (KHTML, like Gecko; compatible; GPTBot/1.2; +https://openai.com/gptbot)"
20.171.207.84 - - [11/Sep/2025:08:12:41 -0400] "GET /?path=//sys/class/net/eth0/subsystem/lo/subsystem/eth0/device/net/eth0/device/firmware_node/subsystem/devices/device:da/subsystem/devices/device:de/subsystem/devices/device:bc/device:bd/subsystem/devices/device:147 HTTP/2.0" 200 3432 "-" "Mozilla/5.0 AppleWebKit/537.36 (KHTML, like Gecko; compatible; GPTBot/1.2; +https://openai.com/gptbot)"
20.171.207.84 - - [11/Sep/2025:08:12:43 -0400] "GET /?path=//sys/class/net/eth0/subsystem/lo/subsystem/eth0/device/net/eth0/device/firmware_node/subsystem/devices/device:da/subsystem/devices/device:de/subsystem/devices/device:1c/subsystem/devices/device:a8/power HTTP/2.0" 200 3477 "-" "Mozilla/5.0 AppleWebKit/537.36 (KHTML, like Gecko; compatible; GPTBot/1.2; +https://openai.com/gptbot)"
20.171.207.84 - - [11/Sep/2025:08:12:44 -0400] "GET /?path=//sys/class/net/eth0/subsystem/lo/subsystem/eth0/device/net/eth0/device/firmware_node/subsystem/devices/device:da/subsystem/devices/device:de/subsystem/devices/device:ef/subsystem/devices/device:13/power HTTP/2.0" 200 3476 "-" "Mozilla/5.0 AppleWebKit/537.36 (KHTML, like Gecko; compatible; GPTBot/1.2; +https://openai.com/gptbot)"
20.171.207.84 - - [11/Sep/2025:08:12:46 -0400] "GET /?path=//sys/class/net/eth0/subsystem/lo/subsystem/eth0/device/net/eth0/device/firmware_node/subsystem/devices/device:da/subsystem/devices/device:de/subsystem/devices/device:27/subsystem/devices/device:d5 HTTP/2.0" 200 3459 "-" "Mozilla/5.0 AppleWebKit/537.36 (KHTML, like Gecko; compatible; GPTBot/1.2; +https://openai.com/gptbot)"
20.171.207.84 - - [11/Sep/2025:08:12:48 -0400] "GET /?path=//sys/class/net/eth0/subsystem/lo/subsystem/eth0/device/net/eth0/device/firmware_node/subsystem/devices/device:da/subsystem/devices/device:de/subsystem/devices/device:6a/device:6d/subsystem/devices/device:9a HTTP/2.0" 200 3427 "-" "Mozilla/5.0 AppleWebKit/537.36 (KHTML, like Gecko; compatible; GPTBot/1.2; +https://openai.com/gptbot)"
217.113.194.193 - - [11/Sep/2025:08:12:49 -0400] "GET /?viewfile=//etc/rc.d/rc0.d/K50netconsole&path=//etc/rc.d/rc0.d HTTP/1.1" 200 4535 "-" "Mozilla/5.0 (compatible; Barkrowler/0.9; +https://babbar.tech/crawler)"
20.171.207.84 - - [11/Sep/2025:08:12:49 -0400] "GET /?path=//sys/class/net/eth0/subsystem/lo/subsystem/eth0/device/net/eth0/device/firmware_node/subsystem/devices/device:da/subsystem/devices/device:de/subsystem/devices/device:d7/subsystem/devices/device:4f/power HTTP/2.0" 200 3476 "-" "Mozilla/5.0 AppleWebKit/537.36 (KHTML, like Gecko; compatible; GPTBot/1.2; +https://openai.com/gptbot)"
20.171.207.84 - - [11/Sep/2025:08:12:51 -0400] "GET /?path=//sys/class/net/eth0/subsystem/lo/subsystem/eth0/device/net/eth0/device/firmware_node/subsystem/devices/device:da/subsystem/devices/device:de/subsystem/devices/device:bc/subsystem/devices/device:96 HTTP/2.0" 200 3487 "-" "Mozilla/5.0 AppleWebKit/537.36 (KHTML, like Gecko; compatible; GPTBot/1.2; +https://openai.com/gptbot)"
20.171.207.84 - - [11/Sep/2025:08:12:52 -0400] "GET /?path=//sys/class/net/eth0/subsystem/lo/subsystem/eth0/device/net/eth0/device/firmware_node/subsystem/devices/device:da/subsystem/devices/device:de/subsystem/devices/device:bb/subsystem/devices/device:f4/device:f5 HTTP/2.0" 200 3431 "-" "Mozilla/5.0 AppleWebKit/537.36 (KHTML, like Gecko; compatible; GPTBot/1.2; +https://openai.com/gptbot)"
20.171.207.84 - - [11/Sep/2025:08:12:54 -0400] "GET /?path=//sys/class/net/eth0/subsystem/lo/subsystem/eth0/device/net/eth0/device/firmware_node/subsystem/devices/device:da/subsystem/devices/device:de/subsystem/devices/device:e8/device:e9/subsystem/devices/device:3f HTTP/2.0" 200 3431 "-" "Mozilla/5.0 AppleWebKit/537.36 (KHTML, like Gecko; compatible; GPTBot/1.2; +https://openai.com/gptbot)"
20.171.207.84 - - [11/Sep/2025:08:12:56 -0400] "GET /?path=//sys/class/net/eth0/subsystem/lo/subsystem/eth0/device/net/eth0/device/firmware_node/subsystem/devices/device:da/subsystem/devices/device:de/subsystem/devices/device:fc/subsystem/devices/device:7f/device:80 HTTP/2.0" 200 3431 "-" "Mozilla/5.0 AppleWebKit/537.36 (KHTML, like Gecko; compatible; GPTBot/1.2; +https://openai.com/gptbot)"
20.171.207.84 - - [11/Sep/2025:08:12:57 -0400] "GET /?path=//sys/class/net/eth0/subsystem/lo/subsystem/eth0/device/net/eth0/device/firmware_node/subsystem/devices/device:da/subsystem/devices/device:de/subsystem/devices/device:27/subsystem/devices/device:2b HTTP/2.0" 200 3414 "-" "Mozilla/5.0 AppleWebKit/537.36 (KHTML, like Gecko; compatible; GPTBot/1.2; +https://openai.com/gptbot)"
20.171.207.84 - - [11/Sep/2025:08:12:59 -0400] "GET /?path=//sys/class/net/eth0/subsystem/lo/subsystem/eth0/device/net/eth0/device/firmware_node/subsystem/devices/device:da/subsystem/devices/device:de/subsystem/devices/device:27/subsystem/devices/device:d5/power HTTP/2.0" 200 3476 "-" "Mozilla/5.0 AppleWebKit/537.36 (KHTML, like Gecko; compatible; GPTBot/1.2; +https://openai.com/gptbot)"
20.171.207.84 - - [11/Sep/2025:08:13:00 -0400] "GET /?path=//sys/class/net/eth0/subsystem/lo/subsystem/eth0/device/net/eth0/device/firmware_node/subsystem/devices/device:da/subsystem/devices/device:de/subsystem/devices/device:31/subsystem HTTP/2.0" 200 3392 "-" "Mozilla/5.0 AppleWebKit/537.36 (KHTML, like Gecko; compatible; GPTBot/1.2; +https://openai.com/gptbot)"
20.171.207.84 - - [11/Sep/2025:08:13:02 -0400] "GET /?path=//sys/class/net/eth0/subsystem/lo/subsystem/eth0/device/net/eth0/device/firmware_node/subsystem/devices/device:da/subsystem/devices/device:de/subsystem/devices/device:cf/subsystem/devices/device:93/power HTTP/2.0" 200 3477 "-" "Mozilla/5.0 AppleWebKit/537.36 (KHTML, like Gecko; compatible; GPTBot/1.2; +https://openai.com/gptbot)"
