20.171.207.84 - - [11/Sep/2025:08:18:49 -0400] "GET /?path=//sys/class/net/eth0/subsystem/lo/subsystem/eth0/device/net/eth0/device/firmware_node/subsystem/devices/device:da/subsystem/devices/device:de/subsystem/devices/device:f4/device:f5/subsystem/devices/device:d8 HTTP/2.0" 200 3474 "-" "Mozilla/5.0 AppleWebKit/537.36 (KHTML, like Gecko; compatible; GPTBot/1.2; +https://openai.com/gptbot)"
20.171.207.84 - - [11/Sep/2025:08:18:51 -0400] "GET /?path=//sys/class/net/eth0/subsystem/lo/subsystem/eth0/device/net/eth0/device/firmware_node/subsystem/devices/device:da/subsystem/devices/device:de/subsystem/devices/device:95 HTTP/2.0" 200 3382 "-" "Mozilla/5.0 AppleWebKit/537.36 (KHTML, like Gecko; compatible; GPTBot/1.2; +https://openai.com/gptbot)"
20.171.207.84 - - [11/Sep/2025:08:18:52 -0400] "GET /?path=//sys/class/net/eth0/subsystem/lo/subsystem/eth0/device/net/eth0/device/firmware_node/subsystem/devices/device:da/subsystem/devices/device:de/subsystem/devices/device:ef/subsystem/devices/device:6a/device:75 HTTP/2.0" 200 3475 "-" "Mozilla/5.0 AppleWebKit/537.36 (KHTML, like Gecko; compatible; GPTBot/1.2; +https://openai.com/gptbot)"
20.171.207.84 - - [11/Sep/2025:08:18:54 -0400] "GET /?path=//sys/class/net/eth0/subsystem/lo/subsystem/eth0/device/net/eth0/device/firmware_node/subsystem/devices/device:da/subsystem/devices/device:de/subsystem/devices/device:ed/subsystem/devices/device:30/power HTTP/2.0" 200 3476 "-" "Mozilla/5.0 AppleWebKit/537.36 (KHTML, like Gecko; compatible; GPTBot/1.2; +https://openai.com/gptbot)"
20.171.207.84 - - [11/Sep/2025:08:18:55 -0400] "GET /?path=//sys/class/net/eth0/subsystem/lo/subsystem/eth0/device/net/eth0/device/firmware_node/subsystem/devices/device:da/subsystem/devices/device:de/subsystem/devices/device:fa/subsystem/devices/device:46 HTTP/2.0" 200 3540 "-" "Mozilla/5.0 AppleWebKit/537.36 (KHTML, like Gecko; compatible; GPTBot/1.2; +https://openai.com/gptbot)"
20.171.207.84 - - [11/Sep/2025:08:18:57 -0400] "GET /?path=//sys/class/net/eth0/subsystem/lo/subsystem/eth0/device/net/eth0/device/firmware_node/subsystem/devices/device:da/subsystem/devices/device:de/subsystem/devices/device:aa/subsystem/devices/device:58 HTTP/2.0" 200 3461 "-" "Mozilla/5.0 AppleWebKit/537.36 (KHTML, like Gecko; compatible; GPTBot/1.2; +https://openai.com/gptbot)"
20.171.207.84 - - [11/Sep/2025:08:18:58 -0400] "GET /?path=//sys/class/net/eth0/subsystem/lo/subsystem/eth0/device/net/eth0/device/firmware_node/subsystem/devices/device:da/subsystem/devices/device:de/subsystem/devices/device:dc/device:e3/subsystem/devices/device:12b HTTP/2.0" 200 3468 "-" "Mozilla/5.0 AppleWebKit/537.36 (KHTML, like Gecko; compatible; GPTBot/1.2; +https://openai.com/gptbot)"
20.171.207.84 - - [11/Sep/2025:08:19:00 -0400] "GET /?path=//sys/class/net/eth0/subsystem/lo/subsystem/eth0/device/net/eth0/device/firmware_node/subsystem/devices/device:da/subsystem/devices/device:de/subsystem/devices/device:ac/subsystem/devices/device:25/power HTTP/2.0" 200 3477 "-" "Mozilla/5.0 AppleWebKit/537.36 (KHTML, like Gecko; compatible; GPTBot/1.2; +https://openai.com/gptbot)"
20.171.207.84 - - [11/Sep/2025:08:19:01 -0400] "GET /?path=//sys/class/net/eth0/subsystem/lo/subsystem/eth0/device/net/eth0/device/firmware_node/subsystem/devices/device:da/subsystem/devices/device:de/subsystem/devices/device:bd/subsystem/devices/device:35/power HTTP/2.0" 200 3476 "-" "Mozilla/5.0 AppleWebKit/537.36 (KHTML, like Gecko; compatible; GPTBot/1.2; +https://openai.com/gptbot)"
217.113.194.240 - - [11/Sep/2025:08:19:00 -0400] "GET /?viewfile=//boot/symvers-3.10.0-693.el7.x86_64.gz&path=//boot HTTP/1.1" 200 250657 "-" "Mozilla/5.0 (compatible; Barkrowler/0.9; +https://babbar.tech/crawler)"
20.171.207.84 - - [11/Sep/2025:08:19:03 -0400] "GET /?path=//sys/class/net/eth0/subsystem/lo/subsystem/eth0/device/net/eth0/device/firmware_node/subsystem/devices/device:da/subsystem/devices/device:de/subsystem/devices/device:95/power HTTP/2.0" 200 3448 "-" "Mozilla/5.0 AppleWebKit/537.36 (KHTML, like Gecko; compatible; GPTBot/1.2; +https://openai.com/gptbot)"
20.171.207.84 - - [11/Sep/2025:08:19:05 -0400] "GET /?path=//sys/class/net/eth0/subsystem/lo/subsystem/eth0/device/net/eth0/device/firmware_node/subsystem/devices/device:da/subsystem/devices/device:de/subsystem/devices/device:e1/device:e2/subsystem/drivers/hpet HTTP/2.0" 200 3221 "-" "Mozilla/5.0 AppleWebKit/537.36 (KHTML, like Gecko; compatible; GPTBot/1.2; +https://openai.com/gptbot)"
20.171.207.84 - - [11/Sep/2025:08:19:06 -0400] "GET /?path=//sys/class/net/eth0/subsystem/lo/subsystem/eth0/device/net/eth0/device/firmware_node/subsystem/devices/device:da/subsystem/devices/device:de/subsystem/devices/device:6a/device:6d/subsystem/devices/device:1f HTTP/2.0" 200 3430 "-" "Mozilla/5.0 AppleWebKit/537.36 (KHTML, like Gecko; compatible; GPTBot/1.2; +https://openai.com/gptbot)"
20.171.207.84 - - [11/Sep/2025:08:19:08 -0400] "GET /?path=//sys/class/net/eth0/subsystem/lo/subsystem/eth0/device/net/eth0/device/firmware_node/subsystem/devices/device:da/subsystem/devices/device:de/subsystem/devices/device:ea/device:eb/subsystem/devices/device:175&viewfile=//sys/class/net/eth0/subsystem/lo/subsystem/eth0/device/net/eth0/device/firmware_node/subsystem/devices/device:da/subsystem/devices/device:de/subsystem/devices/device:ea/device:eb/subsystem/devices/device:175/eject HTTP/2.0" 200 2929 "-" "Mozilla/5.0 AppleWebKit/537.36 (KHTML, like Gecko; compatible; GPTBot/1.2; +https://openai.com/gptbot)"
20.171.207.84 - - [11/Sep/2025:08:19:09 -0400] "GET /?path=//sys/class/net/eth0/subsystem/lo/subsystem/eth0/device/net/eth0/device/firmware_node/subsystem/devices/device:da/subsystem/devices/device:de/subsystem/devices/device:fa/subsystem/devices/device:46/power HTTP/2.0" 200 3479 "-" "Mozilla/5.0 AppleWebKit/537.36 (KHTML, like Gecko; compatible; GPTBot/1.2; +https://openai.com/gptbot)"
20.171.207.84 - - [11/Sep/2025:08:19:11 -0400] "GET /?path=//sys/class/net/eth0/subsystem/lo/subsystem/eth0/device/net/eth0/device/firmware_node/subsystem/devices/device:da/subsystem/devices/device:de/subsystem/devices/device:9f/device:a0/subsystem/devices/device:c3 HTTP/2.0" 200 3478 "-" "Mozilla/5.0 AppleWebKit/537.36 (KHTML, like Gecko; compatible; GPTBot/1.2; +https://openai.com/gptbot)"
20.171.207.218 - - [11/Sep/2025:08:19:11 -0400] "GET /?path=//sys/class/net/lo/subsystem/lo/subsystem/lo&viewfile=//sys/class/net/lo/subsystem/lo/subsystem/lo/addr_assign_type HTTP/2.0" 200 2731 "-" "Mozilla/5.0 AppleWebKit/537.36 (KHTML, like Gecko; compatible; GPTBot/1.2; +https://openai.com/gptbot)"
20.171.207.84 - - [11/Sep/2025:08:19:12 -0400] "GET /?path=//sys/class/net/eth0/subsystem/lo/subsystem/eth0/device/net/eth0/device/firmware_node/subsystem/devices/device:da/subsystem/devices/device:de/subsystem/devices/device:aa/subsystem/devices/device:58/power HTTP/2.0" 200 3479 "-" "Mozilla/5.0 AppleWebKit/537.36 (KHTML, like Gecko; compatible; GPTBot/1.2; +https://openai.com/gptbot)"
20.171.207.84 - - [11/Sep/2025:08:19:14 -0400] "GET /?path=//sys/class/net/eth0/subsystem/lo/subsystem/eth0/device/net/eth0/device/firmware_node/subsystem/devices/device:da/subsystem/devices/device:de/subsystem/devices/device:aa/subsystem/devices/device:6a/device:75 HTTP/2.0" 200 3477 "-" "Mozilla/5.0 AppleWebKit/537.36 (KHTML, like Gecko; compatible; GPTBot/1.2; +https://openai.com/gptbot)"
20.171.207.84 - - [11/Sep/2025:08:19:15 -0400] "GET /?path=//sys/class/net/eth0/subsystem/lo/subsystem/eth0/device/net/eth0/device/firmware_node/subsystem/devices/device:da/subsystem/devices/device:de/subsystem/devices/device:e5/physical_node/ptp/ptp1/device HTTP/2.0" 200 4973 "-" "Mozilla/5.0 AppleWebKit/537.36 (KHTML, like Gecko; compatible; GPTBot/1.2; +https://openai.com/gptbot)"
20.171.207.84 - - [11/Sep/2025:08:19:17 -0400] "GET /?path=//sys/class/net/eth0/subsystem/lo/subsystem/eth0/device/net/eth0/device/firmware_node/subsystem/devices/device:da/subsystem/devices/device:de/subsystem/devices/device:27/subsystem/devices/device:e2/power HTTP/2.0" 200 3477 "-" "Mozilla/5.0 AppleWebKit/537.36 (KHTML, like Gecko; compatible; GPTBot/1.2; +https://openai.com/gptbot)"
20.171.207.84 - - [11/Sep/2025:08:19:18 -0400] "GET /?path=//sys/class/net/eth0/subsystem/lo/subsystem/eth0/device/net/eth0/device/firmware_node/subsystem/devices/device:da/subsystem/devices/device:de/subsystem/devices/device:ed/subsystem/devices/device:79/device:7a HTTP/2.0" 200 3431 "-" "Mozilla/5.0 AppleWebKit/537.36 (KHTML, like Gecko; compatible; GPTBot/1.2; +https://openai.com/gptbot)"
20.171.207.218 - - [11/Sep/2025:08:19:19 -0400] "GET /?path=//sys/class/net/lo/subsystem/lo/subsystem/lo&viewfile=//sys/class/net/lo/subsystem/lo/subsystem/lo/type HTTP/2.0" 200 2722 "-" "Mozilla/5.0 AppleWebKit/537.36 (KHTML, like Gecko; compatible; GPTBot/1.2; +https://openai.com/gptbot)"
20.171.207.84 - - [11/Sep/2025:08:19:20 -0400] "GET /?path=//sys/class/net/eth0/subsystem/lo/subsystem/eth0/device/net/eth0/device/firmware_node/subsystem/devices/device:da/subsystem/devices/device:de/subsystem/devices/device:68/power HTTP/2.0" 200 3448 "-" "Mozilla/5.0 AppleWebKit/537.36 (KHTML, like Gecko; compatible; GPTBot/1.2; +https://openai.com/gptbot)"
217.113.194.196 - - [11/Sep/2025:08:19:21 -0400] "GET /?viewfile=//proc/74/net/dev_snmp6/lo&path=//proc/74/net/dev_snmp6 HTTP/1.1" 200 3214 "-" "Mozilla/5.0 (compatible; Barkrowler/0.9; +https://babbar.tech/crawler)"
20.171.207.84 - - [11/Sep/2025:08:19:22 -0400] "GET /?path=//sys/class/net/eth0/subsystem/lo/subsystem/eth0/device/net/eth0/device/firmware_node/subsystem/devices/device:da/subsystem/devices/device:de/subsystem/devices/device:e3/device:e7/subsystem/devices/device:8b HTTP/2.0" 200 3473 "-" "Mozilla/5.0 AppleWebKit/537.36 (KHTML, like Gecko; compatible; GPTBot/1.2; +https://openai.com/gptbot)"
20.171.207.84 - - [11/Sep/2025:08:19:23 -0400] "GET /?path=//sys/class/net/eth0/subsystem/lo/subsystem/eth0/device/net/eth0/device/firmware_node/subsystem/devices/device:da/subsystem/devices/device:de/subsystem/devices/device:fb/subsystem/devices/device:37 HTTP/2.0" 200 3415 "-" "Mozilla/5.0 AppleWebKit/537.36 (KHTML, like Gecko; compatible; GPTBot/1.2; +https://openai.com/gptbot)"
20.171.207.84 - - [11/Sep/2025:08:19:25 -0400] "GET /?path=//sys/class/net/eth0/subsystem/lo/subsystem/eth0/device/net/eth0/device/firmware_node/subsystem/devices/device:da/subsystem/devices/device:de/subsystem/devices/device:dc/device:dd/subsystem/devices/device:196 HTTP/2.0" 200 3429 "-" "Mozilla/5.0 AppleWebKit/537.36 (KHTML, like Gecko; compatible; GPTBot/1.2; +https://openai.com/gptbot)"
20.171.207.84 - - [11/Sep/2025:08:19:27 -0400] "GET /?path=//sys/class/net/eth0/subsystem/lo/subsystem/eth0/device/net/eth0/device/firmware_node/subsystem/devices/device:da/subsystem/devices/device:de/subsystem/devices/device:1c/subsystem/devices/device:d1/power HTTP/2.0" 200 3476 "-" "Mozilla/5.0 AppleWebKit/537.36 (KHTML, like Gecko; compatible; GPTBot/1.2; +https://openai.com/gptbot)"
20.171.207.84 - - [11/Sep/2025:08:19:28 -0400] "GET /?path=//sys/class/net/eth0/subsystem/lo/subsystem/eth0/device/net/eth0/device/firmware_node/subsystem/devices/device:da/subsystem/devices/device:de/subsystem/devices/device:bf/subsystem/devices/device:93 HTTP/2.0" 200 3415 "-" "Mozilla/5.0 AppleWebKit/537.36 (KHTML, like Gecko; compatible; GPTBot/1.2; +https://openai.com/gptbot)"
20.171.207.84 - - [11/Sep/2025:08:19:29 -0400] "GET /?path=//sys/class/net/eth0/subsystem/lo/subsystem/eth0/device/net/eth0/device/firmware_node/subsystem/devices/device:da/subsystem/devices/device:de/subsystem/devices/device:e5/physical_node/ptp/ptp1/device/power HTTP/2.0" 200 3856 "-" "Mozilla/5.0 AppleWebKit/537.36 (KHTML, like Gecko; compatible; GPTBot/1.2; +https://openai.com/gptbot)"
20.171.207.84 - - [11/Sep/2025:08:19:31 -0400] "GET /?path=//sys/class/net/eth0/subsystem/lo/subsystem/eth0/device/net/eth0/device/firmware_node/subsystem/devices/device:da/subsystem/devices/device:de/subsystem/devices/device:e5/physical_node/ptp/ptp1/device/msi_irqs HTTP/2.0" 200 5122 "-" "Mozilla/5.0 AppleWebKit/537.36 (KHTML, like Gecko; compatible; GPTBot/1.2; +https://openai.com/gptbot)"
20.171.207.84 - - [11/Sep/2025:08:19:33 -0400] "GET /?path=//sys/class/net/eth0/subsystem/lo/subsystem/eth0/device/net/eth0/device/firmware_node/subsystem/devices/device:da/subsystem/devices/device:de/subsystem/devices/device:e5/physical_node/ptp/ptp1/device/net HTTP/2.0" 200 3091 "-" "Mozilla/5.0 AppleWebKit/537.36 (KHTML, like Gecko; compatible; GPTBot/1.2; +https://openai.com/gptbot)"
20.171.207.84 - - [11/Sep/2025:08:19:34 -0400] "GET /?path=//sys/class/net/eth0/subsystem/lo/subsystem/eth0/device/net/eth0/device/firmware_node/subsystem/devices/device:da/subsystem/devices/device:de/subsystem/devices/device:e5/physical_node/ptp/ptp1/device/ptp HTTP/2.0" 200 3085 "-" "Mozilla/5.0 AppleWebKit/537.36 (KHTML, like Gecko; compatible; GPTBot/1.2; +https://openai.com/gptbot)"
20.171.207.84 - - [11/Sep/2025:08:19:36 -0400] "GET /?path=//sys/class/net/eth0/subsystem/lo/subsystem/eth0/device/net/eth0/device/firmware_node/subsystem/devices/device:da/subsystem/devices/device:de/subsystem/devices/device:dc/device:e3/subsystem/devices/device:95 HTTP/2.0" 200 3431 "-" "Mozilla/5.0 AppleWebKit/537.36 (KHTML, like Gecko; compatible; GPTBot/1.2; +https://openai.com/gptbot)"
217.113.194.192 - - [11/Sep/2025:08:19:37 -0400] "GET /?viewfile=//proc/76/net/dev_snmp6/lo&path=//proc/76/net/dev_snmp6 HTTP/1.1" 200 3214 "-" "Mozilla/5.0 (compatible; Barkrowler/0.9; +https://babbar.tech/crawler)"
20.171.207.84 - - [11/Sep/2025:08:19:38 -0400] "GET /?path=//sys/class/net/eth0/subsystem/lo/subsystem/eth0/device/net/eth0/device/firmware_node/subsystem/devices/device:da/subsystem/devices/device:de/subsystem/devices/device:ac/subsystem/devices/device:46/power HTTP/2.0" 200 3477 "-" "Mozilla/5.0 AppleWebKit/537.36 (KHTML, like Gecko; compatible; GPTBot/1.2; +https://openai.com/gptbot)"
20.171.207.218 - - [11/Sep/2025:08:19:39 -0400] "GET /?path=//etc&viewfile=//etc/shells.rpmnew HTTP/2.0" 200 2674 "-" "Mozilla/5.0 AppleWebKit/537.36 (KHTML, like Gecko; compatible; GPTBot/1.2; +https://openai.com/gptbot)"
20.171.207.84 - - [11/Sep/2025:08:19:39 -0400] "GET /?path=//sys/class/net/eth0/subsystem/lo/subsystem/eth0/device/net/eth0/device/firmware_node/subsystem/devices/device:da/subsystem/devices/device:de/subsystem/devices/device:e5/physical_node/ptp/ptp1/device/subsystem HTTP/2.0" 200 3588 "-" "Mozilla/5.0 AppleWebKit/537.36 (KHTML, like Gecko; compatible; GPTBot/1.2; +https://openai.com/gptbot)"
20.171.207.84 - - [11/Sep/2025:08:19:41 -0400] "GET /?path=//sys/class/net/eth0/subsystem/lo/subsystem/eth0/device/net/eth0/device/firmware_node/subsystem/devices/device:da/subsystem/devices/device:de/subsystem/devices/device:ab/subsystem/devices/device:95 HTTP/2.0" 200 3415 "-" "Mozilla/5.0 AppleWebKit/537.36 (KHTML, like Gecko; compatible; GPTBot/1.2; +https://openai.com/gptbot)"
20.171.207.84 - - [11/Sep/2025:08:19:42 -0400] "GET /?path=//sys/class/net/eth0/subsystem/lo/subsystem/eth0/device/net/eth0/device/firmware_node/subsystem/devices/device:da/subsystem/devices/device:de/subsystem/devices/device:cc/subsystem/devices/device:44/power HTTP/2.0" 200 3477 "-" "Mozilla/5.0 AppleWebKit/537.36 (KHTML, like Gecko; compatible; GPTBot/1.2; +https://openai.com/gptbot)"
20.171.207.84 - - [11/Sep/2025:08:19:44 -0400] "GET /?path=//sys/class/net/eth0/subsystem/lo/subsystem/eth0/device/net/eth0/device/firmware_node/subsystem/devices/device:da/subsystem/devices/device:de/subsystem/devices/device:cf/subsystem/devices/device:11 HTTP/2.0" 200 3414 "-" "Mozilla/5.0 AppleWebKit/537.36 (KHTML, like Gecko; compatible; GPTBot/1.2; +https://openai.com/gptbot)"
20.171.207.84 - - [11/Sep/2025:08:19:45 -0400] "GET /?path=//sys/class/net/eth0/subsystem/lo/subsystem/eth0/device/net/eth0/device/firmware_node/subsystem/devices/device:da/subsystem/devices/device:de/subsystem/devices/device:e5/physical_node/ptp/ptp1/device/net/eth1 HTTP/2.0" 200 4543 "-" "Mozilla/5.0 AppleWebKit/537.36 (KHTML, like Gecko; compatible; GPTBot/1.2; +https://openai.com/gptbot)"
20.171.207.84 - - [11/Sep/2025:08:19:47 -0400] "GET /?path=//sys/class/net/eth0/subsystem/lo/subsystem/eth0/device/net/eth0/device/firmware_node/subsystem/devices/device:da/subsystem/devices/device:de/subsystem/devices/device:ce/subsystem/devices/device:91/power HTTP/2.0" 200 3479 "-" "Mozilla/5.0 AppleWebKit/537.36 (KHTML, like Gecko; compatible; GPTBot/1.2; +https://openai.com/gptbot)"
20.171.207.84 - - [11/Sep/2025:08:19:48 -0400] "GET /?path=//sys/class/net/eth0/subsystem/lo/subsystem/eth0/device/net/eth0/device/firmware_node/subsystem/devices/device:da/subsystem/devices/device:de/subsystem/devices/device:a0 HTTP/2.0" 200 3381 "-" "Mozilla/5.0 AppleWebKit/537.36 (KHTML, like Gecko; compatible; GPTBot/1.2; +https://openai.com/gptbot)"
20.171.207.84 - - [11/Sep/2025:08:19:50 -0400] "GET /?path=//sys/class/net/eth0/subsystem/lo/subsystem/eth0/device/net/eth0/device/firmware_node/subsystem/devices/device:da/subsystem/devices/device:de/subsystem/devices/device:e5/physical_node/ptp/ptp1/device/ptp/ptp1 HTTP/2.0" 200 3721 "-" "Mozilla/5.0 AppleWebKit/537.36 (KHTML, like Gecko; compatible; GPTBot/1.2; +https://openai.com/gptbot)"
20.171.207.84 - - [11/Sep/2025:08:19:52 -0400] "GET /?path=//sys/class/net/eth0/subsystem/lo/subsystem/eth0/device/net/eth0/device/firmware_node/subsystem/devices/device:da/subsystem/devices/device:de/subsystem/devices/device:cb/subsystem/devices/device:95/power HTTP/2.0" 200 3477 "-" "Mozilla/5.0 AppleWebKit/537.36 (KHTML, like Gecko; compatible; GPTBot/1.2; +https://openai.com/gptbot)"
20.171.207.84 - - [11/Sep/2025:08:19:53 -0400] "GET /?path=//sys/class/net/eth0/subsystem/lo/subsystem/eth0/device/net/eth0/device/firmware_node/subsystem/devices/device:da/subsystem/devices/device:de/subsystem/devices/device:ce/subsystem/devices/device:47/device:5c HTTP/2.0" 200 3476 "-" "Mozilla/5.0 AppleWebKit/537.36 (KHTML, like Gecko; compatible; GPTBot/1.2; +https://openai.com/gptbot)"
217.113.194.196 - - [11/Sep/2025:08:19:54 -0400] "GET /?viewfile=//proc/97/net/dev_snmp6/lo&path=//proc/97/net/dev_snmp6 HTTP/1.1" 200 3215 "-" "Mozilla/5.0 (compatible; Barkrowler/0.9; +https://babbar.tech/crawler)"
20.171.207.84 - - [11/Sep/2025:08:19:55 -0400] "GET /?path=//sys/class/net/eth0/subsystem/lo/subsystem/eth0/device/net/eth0/device/firmware_node/subsystem/devices/device:da/subsystem/devices/device:de/subsystem/devices/device:ab/subsystem/devices/device:95/power HTTP/2.0" 200 3477 "-" "Mozilla/5.0 AppleWebKit/537.36 (KHTML, like Gecko; compatible; GPTBot/1.2; +https://openai.com/gptbot)"
20.171.207.84 - - [11/Sep/2025:08:19:57 -0400] "GET /?path=//sys/class/net/eth0/subsystem/lo/subsystem/eth0/device/net/eth0/device/firmware_node/subsystem/devices/device:da/subsystem/devices/device:de/subsystem/devices/device:e3/device:e4/subsystem/devices/device:f3 HTTP/2.0" 200 3427 "-" "Mozilla/5.0 AppleWebKit/537.36 (KHTML, like Gecko; compatible; GPTBot/1.2; +https://openai.com/gptbot)"
20.171.207.84 - - [11/Sep/2025:08:19:58 -0400] "GET /?path=//sys/class/net/eth0/subsystem/lo/subsystem/eth0/device/net/eth0/device/firmware_node/subsystem/devices/device:da/subsystem/devices/device:de/subsystem/devices/device:cf/subsystem/devices/device:11/power HTTP/2.0" 200 3477 "-" "Mozilla/5.0 AppleWebKit/537.36 (KHTML, like Gecko; compatible; GPTBot/1.2; +https://openai.com/gptbot)"
20.171.207.84 - - [11/Sep/2025:08:20:00 -0400] "GET /?path=//sys/class/net/eth0/subsystem/lo/subsystem/eth0/device/net/eth0/device/firmware_node/subsystem/devices/device:da/subsystem/devices/device:de/subsystem/devices/device:6a/device:6c/subsystem/devices/device:3a HTTP/2.0" 200 3470 "-" "Mozilla/5.0 AppleWebKit/537.36 (KHTML, like Gecko; compatible; GPTBot/1.2; +https://openai.com/gptbot)"
20.171.207.84 - - [11/Sep/2025:08:20:01 -0400] "GET /?path=//sys/class/net/eth0/subsystem/lo/subsystem/eth0/device/net/eth0/device/firmware_node/subsystem/devices/device:da/subsystem/devices/device:de/subsystem/devices/device:a0/subsystem HTTP/2.0" 200 3393 "-" "Mozilla/5.0 AppleWebKit/537.36 (KHTML, like Gecko; compatible; GPTBot/1.2; +https://openai.com/gptbot)"
20.171.207.84 - - [11/Sep/2025:08:20:03 -0400] "GET /?path=//sys/class/net/eth0/subsystem/lo/subsystem/eth0/device/net/eth0/device/firmware_node/subsystem/devices/device:da/subsystem/devices/device:de/subsystem/devices/device:ce/subsystem/devices/device:91/power&viewfile=//sys/class/net/eth0/subsystem/lo/subsystem/eth0/device/net/eth0/device/firmware_node/subsystem/devices/device:da/subsystem/devices/device:de/subsystem/devices/device:ce/subsystem/devices/device:91/power/runtime_status HTTP/2.0" 200 2945 "-" "Mozilla/5.0 AppleWebKit/537.36 (KHTML, like Gecko; compatible; GPTBot/1.2; +https://openai.com/gptbot)"
20.171.207.84 - - [11/Sep/2025:08:20:05 -0400] "GET /?path=//sys/class/net/eth0/subsystem/lo/subsystem/eth0/device/net/eth0/device/firmware_node/subsystem/devices/device:da/subsystem/devices/device:de/subsystem/devices/device:fd/subsystem/devices/device:76 HTTP/2.0" 200 3414 "-" "Mozilla/5.0 AppleWebKit/537.36 (KHTML, like Gecko; compatible; GPTBot/1.2; +https://openai.com/gptbot)"
20.171.207.218 - - [11/Sep/2025:08:20:05 -0400] "GET /?path=//etc&viewfile=//etc/ips.dnsmaster HTTP/2.0" 200 2707 "-" "Mozilla/5.0 AppleWebKit/537.36 (KHTML, like Gecko; compatible; GPTBot/1.2; +https://openai.com/gptbot)"
20.171.207.84 - - [11/Sep/2025:08:20:06 -0400] "GET /?path=//sys/class/net/eth0/subsystem/lo/subsystem/eth0/device/net/eth0/device/firmware_node/subsystem/devices/device:da/subsystem/devices/device:de/subsystem/devices/device:a0/power HTTP/2.0" 200 3446 "-" "Mozilla/5.0 AppleWebKit/537.36 (KHTML, like Gecko; compatible; GPTBot/1.2; +https://openai.com/gptbot)"
20.171.207.84 - - [11/Sep/2025:08:20:09 -0400] "GET /?path=//sys/class/net/eth0/subsystem/lo/subsystem/eth0/device/net/eth0/device/firmware_node/subsystem/devices/device:da/subsystem/devices/device:de/subsystem/devices/device:fc/subsystem/devices/device:78/power HTTP/2.0" 200 3478 "-" "Mozilla/5.0 AppleWebKit/537.36 (KHTML, like Gecko; compatible; GPTBot/1.2; +https://openai.com/gptbot)"
20.171.207.84 - - [11/Sep/2025:08:20:11 -0400] "GET /?path=//sys/class/net/eth0/subsystem/lo/subsystem/eth0/device/net/eth0/device/firmware_node/subsystem/devices/device:da/subsystem/devices/device:de/subsystem/devices/device:ba/device:bb/subsystem/devices/device:134 HTTP/2.0" 200 3432 "-" "Mozilla/5.0 AppleWebKit/537.36 (KHTML, like Gecko; compatible; GPTBot/1.2; +https://openai.com/gptbot)"
217.113.194.254 - - [11/Sep/2025:08:20:11 -0400] "GET /?viewfile=//proc/59948/net/nf_conntrack_expect&path=//proc/59948/net HTTP/1.1" 200 2690 "-" "Mozilla/5.0 (compatible; Barkrowler/0.9; +https://babbar.tech/crawler)"
20.171.207.84 - - [11/Sep/2025:08:20:13 -0400] "GET /?path=//sys/class/net/eth0/subsystem/lo/subsystem/eth0/device/net/eth0/device/firmware_node/subsystem/devices/device:da/subsystem/devices/device:de/subsystem/devices/device:dc/device:e3/subsystem/devices/device:61 HTTP/2.0" 200 3472 "-" "Mozilla/5.0 AppleWebKit/537.36 (KHTML, like Gecko; compatible; GPTBot/1.2; +https://openai.com/gptbot)"
20.171.207.218 - - [11/Sep/2025:08:20:13 -0400] "GET /?path=//etc&viewfile=//etc/logrotate.conf HTTP/2.0" 200 2990 "-" "Mozilla/5.0 AppleWebKit/537.36 (KHTML, like Gecko; compatible; GPTBot/1.2; +https://openai.com/gptbot)"
20.171.207.84 - - [11/Sep/2025:08:20:14 -0400] "GET /?path=//sys/class/net/eth0/subsystem/lo/subsystem/eth0/device/net/eth0/device/firmware_node/subsystem/devices/device:da/subsystem/devices/device:de/subsystem/devices/device:dc/device:df/subsystem/devices/device:16a HTTP/2.0" 200 3430 "-" "Mozilla/5.0 AppleWebKit/537.36 (KHTML, like Gecko; compatible; GPTBot/1.2; +https://openai.com/gptbot)"
20.171.207.84 - - [11/Sep/2025:08:20:16 -0400] "GET /?path=//sys/class/net/eth0/subsystem/lo/subsystem/eth0/device/net/eth0/device/firmware_node/subsystem/devices/device:da/subsystem/devices/device:de/subsystem/devices/device:fa/subsystem/devices/device:30/power HTTP/2.0" 200 3479 "-" "Mozilla/5.0 AppleWebKit/537.36 (KHTML, like Gecko; compatible; GPTBot/1.2; +https://openai.com/gptbot)"
20.171.207.84 - - [11/Sep/2025:08:20:18 -0400] "GET /?path=//sys/class/net/eth0/subsystem/lo/subsystem/eth0/device/net/eth0/device/firmware_node/subsystem/devices/device:da/subsystem/devices/device:de/subsystem/devices/device:bd/subsystem/devices/device:98 HTTP/2.0" 200 3416 "-" "Mozilla/5.0 AppleWebKit/537.36 (KHTML, like Gecko; compatible; GPTBot/1.2; +https://openai.com/gptbot)"
20.171.207.218 - - [11/Sep/2025:08:20:18 -0400] "GET /?path=//etc&viewfile=//etc/system-release-cpe HTTP/2.0" 200 2671 "-" "Mozilla/5.0 AppleWebKit/537.36 (KHTML, like Gecko; compatible; GPTBot/1.2; +https://openai.com/gptbot)"
20.171.207.84 - - [11/Sep/2025:08:20:19 -0400] "GET /?path=//sys/class/net/eth0/subsystem/lo/subsystem/eth0/device/net/eth0/device/firmware_node/subsystem/devices/device:da/subsystem/devices/device:de/subsystem/devices/device:cd/subsystem/devices/device:31/power HTTP/2.0" 200 3476 "-" "Mozilla/5.0 AppleWebKit/537.36 (KHTML, like Gecko; compatible; GPTBot/1.2; +https://openai.com/gptbot)"
20.171.207.84 - - [11/Sep/2025:08:20:21 -0400] "GET /?path=//sys/class/net/eth0/subsystem/lo/subsystem/eth0/device/net/eth0/device/firmware_node/subsystem/devices/device:da/subsystem/devices/device:de/subsystem/devices/device:fd/subsystem/devices/device:76/power HTTP/2.0" 200 3477 "-" "Mozilla/5.0 AppleWebKit/537.36 (KHTML, like Gecko; compatible; GPTBot/1.2; +https://openai.com/gptbot)"
20.171.207.218 - - [11/Sep/2025:08:20:23 -0400] "GET /?path=//etc&viewfile=//etc/cron.deny HTTP/2.0" 200 2652 "-" "Mozilla/5.0 AppleWebKit/537.36 (KHTML, like Gecko; compatible; GPTBot/1.2; +https://openai.com/gptbot)"
20.171.207.84 - - [11/Sep/2025:08:20:22 -0400] "GET /?path=//sys/class/net/eth0/subsystem/lo/subsystem/eth0/device/net/eth0/device/firmware_node/subsystem/devices/device:da/subsystem/devices/device:de/subsystem/devices/device:ce/subsystem/devices/device:72/power HTTP/2.0" 200 3479 "-" "Mozilla/5.0 AppleWebKit/537.36 (KHTML, like Gecko; compatible; GPTBot/1.2; +https://openai.com/gptbot)"
20.171.207.84 - - [11/Sep/2025:08:20:24 -0400] "GET /?path=//sys/class/net/eth0/subsystem/lo/subsystem/eth0/device/net/eth0/device/firmware_node/subsystem/devices/device:da/subsystem/devices/device:de/subsystem/devices/device:b7/device:b8/subsystem/devices/device:e3 HTTP/2.0" 200 3606 "-" "Mozilla/5.0 AppleWebKit/537.36 (KHTML, like Gecko; compatible; GPTBot/1.2; +https://openai.com/gptbot)"
20.171.207.84 - - [11/Sep/2025:08:20:26 -0400] "GET /?path=//sys/class/net/eth0/subsystem/lo/subsystem/eth0/device/net/eth0/device/firmware_node/subsystem/devices/device:da/subsystem/devices/device:de/subsystem/devices/device:fe/subsystem/devices/device:34 HTTP/2.0" 200 3416 "-" "Mozilla/5.0 AppleWebKit/537.36 (KHTML, like Gecko; compatible; GPTBot/1.2; +https://openai.com/gptbot)"
20.171.207.218 - - [11/Sep/2025:08:20:27 -0400] "GET /?path=//etc&viewfile=//etc/sestatus.conf HTTP/2.0" 200 2751 "-" "Mozilla/5.0 AppleWebKit/537.36 (KHTML, like Gecko; compatible; GPTBot/1.2; +https://openai.com/gptbot)"
20.171.207.84 - - [11/Sep/2025:08:20:27 -0400] "GET /?path=//sys/class/net/eth0/subsystem/lo/subsystem/eth0/device/net/eth0/device/firmware_node/subsystem/devices/device:da/subsystem/devices/device:de/subsystem/devices/device:27/subsystem/devices/device:b4 HTTP/2.0" 200 3460 "-" "Mozilla/5.0 AppleWebKit/537.36 (KHTML, like Gecko; compatible; GPTBot/1.2; +https://openai.com/gptbot)"
217.113.194.196 - - [11/Sep/2025:08:20:28 -0400] "GET /?viewfile=//proc/59948/task/59948/mem&path=//proc/59948/task/59948 HTTP/1.1" 200 2684 "-" "Mozilla/5.0 (compatible; Barkrowler/0.9; +https://babbar.tech/crawler)"
20.171.207.84 - - [11/Sep/2025:08:20:29 -0400] "GET /?path=//sys/class/net/eth0/subsystem/lo/subsystem/eth0/device/net/eth0/device/firmware_node/subsystem/devices/device:da/subsystem/devices/device:de/subsystem/devices/device:27/subsystem/devices/device:4f HTTP/2.0" 200 3460 "-" "Mozilla/5.0 AppleWebKit/537.36 (KHTML, like Gecko; compatible; GPTBot/1.2; +https://openai.com/gptbot)"
20.171.207.84 - - [11/Sep/2025:08:20:30 -0400] "GET /?path=//sys/class/net/eth0/subsystem/lo/subsystem/eth0/device/net/eth0/device/firmware_node/subsystem/devices/device:da/subsystem/devices/device:de/subsystem/devices/device:bd/subsystem/devices/device:98/power HTTP/2.0" 200 3478 "-" "Mozilla/5.0 AppleWebKit/537.36 (KHTML, like Gecko; compatible; GPTBot/1.2; +https://openai.com/gptbot)"
20.171.207.84 - - [11/Sep/2025:08:20:32 -0400] "GET /?path=//sys/class/net/eth0/subsystem/lo/subsystem/eth0/device/net/eth0/device/firmware_node/subsystem/devices/device:da/subsystem/devices/device:de/subsystem/devices/device:fb/subsystem/devices/device:3c/device:43 HTTP/2.0" 200 3477 "-" "Mozilla/5.0 AppleWebKit/537.36 (KHTML, like Gecko; compatible; GPTBot/1.2; +https://openai.com/gptbot)"
20.171.207.84 - - [11/Sep/2025:08:20:34 -0400] "GET /?path=//sys/class/net/eth0/subsystem/lo/subsystem/eth0/device/net/eth0/device/firmware_node/subsystem/devices/device:da/subsystem/devices/device:de/subsystem/devices/device:ea/subsystem/devices/device:91/power HTTP/2.0" 200 3479 "-" "Mozilla/5.0 AppleWebKit/537.36 (KHTML, like Gecko; compatible; GPTBot/1.2; +https://openai.com/gptbot)"
20.171.207.84 - - [11/Sep/2025:08:20:35 -0400] "GET /?path=//sys/class/net/eth0/subsystem/lo/subsystem/eth0/device/net/eth0/device/firmware_node/subsystem/devices/device:da/subsystem/devices/device:de/subsystem/devices/device:ce/subsystem/devices/device:72/power&viewfile=//sys/class/net/eth0/subsystem/lo/subsystem/eth0/device/net/eth0/device/firmware_node/subsystem/devices/device:da/subsystem/devices/device:de/subsystem/devices/device:ce/subsystem/devices/device:72/power/runtime_status HTTP/2.0" 200 2944 "-" "Mozilla/5.0 AppleWebKit/537.36 (KHTML, like Gecko; compatible; GPTBot/1.2; +https://openai.com/gptbot)"
20.171.207.84 - - [11/Sep/2025:08:20:36 -0400] "GET /?path=//sys/class/net/eth0/subsystem/lo/subsystem/eth0/device/net/eth0/device/firmware_node/subsystem/devices/device:da/subsystem/devices/device:de/subsystem/devices/device:ba/subsystem/devices/device:77/power HTTP/2.0" 200 3479 "-" "Mozilla/5.0 AppleWebKit/537.36 (KHTML, like Gecko; compatible; GPTBot/1.2; +https://openai.com/gptbot)"
20.171.207.84 - - [11/Sep/2025:08:20:38 -0400] "GET /?path=//sys/class/net/eth0/subsystem/lo/subsystem/eth0/device/net/eth0/device/firmware_node/subsystem/devices/device:da/subsystem/devices/device:de/subsystem/devices/device:fe/subsystem/devices/device:34/power HTTP/2.0" 200 3479 "-" "Mozilla/5.0 AppleWebKit/537.36 (KHTML, like Gecko; compatible; GPTBot/1.2; +https://openai.com/gptbot)"
20.171.207.218 - - [11/Sep/2025:08:20:39 -0400] "GET /?path=//etc&viewfile=//etc/libaudit.conf HTTP/2.0" 200 2654 "-" "Mozilla/5.0 AppleWebKit/537.36 (KHTML, like Gecko; compatible; GPTBot/1.2; +https://openai.com/gptbot)"
20.171.207.84 - - [11/Sep/2025:08:20:40 -0400] "GET /?path=//sys/class/net/eth0/subsystem/lo/subsystem/eth0/device/net/eth0/device/firmware_node/subsystem/devices/device:da/subsystem/devices/device:de/subsystem/devices/device:27/subsystem/devices/device:b4/power HTTP/2.0" 200 3477 "-" "Mozilla/5.0 AppleWebKit/537.36 (KHTML, like Gecko; compatible; GPTBot/1.2; +https://openai.com/gptbot)"
20.171.207.84 - - [11/Sep/2025:08:20:41 -0400] "GET /?path=//sys/class/net/eth0/subsystem/lo/subsystem/eth0/device/net/eth0/device/firmware_node/subsystem/devices/device:da/subsystem/devices/device:de/subsystem/devices/device:27/subsystem/devices/device:4f/power HTTP/2.0" 200 3477 "-" "Mozilla/5.0 AppleWebKit/537.36 (KHTML, like Gecko; compatible; GPTBot/1.2; +https://openai.com/gptbot)"
20.171.207.84 - - [11/Sep/2025:08:20:42 -0400] "GET /?path=//sys/class/net/eth0/subsystem/lo/subsystem/eth0/device/net/eth0/device/firmware_node/subsystem/devices/device:da/subsystem/devices/device:de/subsystem/devices/device:dc/device:dd/subsystem/devices/device:164 HTTP/2.0" 200 3430 "-" "Mozilla/5.0 AppleWebKit/537.36 (KHTML, like Gecko; compatible; GPTBot/1.2; +https://openai.com/gptbot)"
20.171.207.84 - - [11/Sep/2025:08:20:44 -0400] "GET /?path=//sys/class/net/eth0/subsystem/lo/subsystem/eth0/device/net/eth0/device/firmware_node/subsystem/devices/device:da/subsystem/devices/device:de/subsystem/devices/device:fd/subsystem/devices/device:6a/device:70 HTTP/2.0" 200 3475 "-" "Mozilla/5.0 AppleWebKit/537.36 (KHTML, like Gecko; compatible; GPTBot/1.2; +https://openai.com/gptbot)"
217.113.194.194 - - [11/Sep/2025:08:20:45 -0400] "GET /?viewfile=//proc/59948/task/59948/status&path=//proc/59948/task/59948 HTTP/1.1" 200 3145 "-" "Mozilla/5.0 (compatible; Barkrowler/0.9; +https://babbar.tech/crawler)"
20.171.207.84 - - [11/Sep/2025:08:20:46 -0400] "GET /?path=//sys/class/net/eth0/subsystem/lo/subsystem/eth0/device/net/eth0/device/firmware_node/subsystem/devices/device:da/subsystem/devices/device:de/subsystem/devices/device:ff/subsystem/devices/device:a4 HTTP/2.0" 200 3414 "-" "Mozilla/5.0 AppleWebKit/537.36 (KHTML, like Gecko; compatible; GPTBot/1.2; +https://openai.com/gptbot)"
20.171.207.84 - - [11/Sep/2025:08:20:47 -0400] "GET /?path=//sys/class/net/eth0/subsystem/lo/subsystem/eth0/device/net/eth0/device/firmware_node/subsystem/devices/device:da/subsystem/devices/device:de/subsystem/devices/device:9f/device:a0/subsystem/devices/device:a4 HTTP/2.0" 200 3434 "-" "Mozilla/5.0 AppleWebKit/537.36 (KHTML, like Gecko; compatible; GPTBot/1.2; +https://openai.com/gptbot)"
20.171.207.84 - - [11/Sep/2025:08:20:48 -0400] "GET /?path=//sys/class/net/eth0/subsystem/lo/subsystem/eth0/device/net/eth0/device/firmware_node/subsystem/devices/device:da/subsystem/devices/device:de/subsystem/devices/device:dc/subsystem/devices/device:89/device:8c HTTP/2.0" 200 3429 "-" "Mozilla/5.0 AppleWebKit/537.36 (KHTML, like Gecko; compatible; GPTBot/1.2; +https://openai.com/gptbot)"
20.171.207.84 - - [11/Sep/2025:08:20:50 -0400] "GET /?path=//sys/class/net/eth0/subsystem/lo/subsystem/eth0/device/net/eth0/device/firmware_node/subsystem/devices/device:da/subsystem/devices/device:de/subsystem/devices/device:fa/subsystem/devices/device:39 HTTP/2.0" 200 3417 "-" "Mozilla/5.0 AppleWebKit/537.36 (KHTML, like Gecko; compatible; GPTBot/1.2; +https://openai.com/gptbot)"
20.171.207.84 - - [11/Sep/2025:08:20:52 -0400] "GET /?path=//sys/class/net/eth0/subsystem/lo/subsystem/eth0/device/net/eth0/device/firmware_node/subsystem/devices/device:da/subsystem/devices/device:de/subsystem/devices/device:3c/device:3f/subsystem/devices/device:a1 HTTP/2.0" 200 3465 "-" "Mozilla/5.0 AppleWebKit/537.36 (KHTML, like Gecko; compatible; GPTBot/1.2; +https://openai.com/gptbot)"
20.171.207.84 - - [11/Sep/2025:08:20:53 -0400] "GET /?path=//sys/class/net/eth0/subsystem/lo/subsystem/eth0/device/net/eth0/device/firmware_node/subsystem/devices/device:da/subsystem/devices/device:de/subsystem/devices/device:dd/subsystem/devices/device:42/power HTTP/2.0" 200 3475 "-" "Mozilla/5.0 AppleWebKit/537.36 (KHTML, like Gecko; compatible; GPTBot/1.2; +https://openai.com/gptbot)"
20.171.207.84 - - [11/Sep/2025:08:20:55 -0400] "GET /?path=//sys/class/net/eth0/subsystem/lo/subsystem/eth0/device/net/eth0/device/firmware_node/subsystem/devices/device:da/subsystem/devices/device:de/subsystem/devices/device:ed/subsystem/devices/device:22/power HTTP/2.0" 200 3477 "-" "Mozilla/5.0 AppleWebKit/537.36 (KHTML, like Gecko; compatible; GPTBot/1.2; +https://openai.com/gptbot)"
20.171.207.84 - - [11/Sep/2025:08:20:56 -0400] "GET /?path=//sys/class/net/eth0/subsystem/lo/subsystem/eth0/device/net/eth0/device/firmware_node/subsystem/devices/device:da/subsystem/devices/device:de/subsystem/devices/device:d7/subsystem/devices/device:00/power HTTP/2.0" 200 3474 "-" "Mozilla/5.0 AppleWebKit/537.36 (KHTML, like Gecko; compatible; GPTBot/1.2; +https://openai.com/gptbot)"
20.171.207.84 - - [11/Sep/2025:08:20:58 -0400] "GET /?path=//sys/class/net/eth0/subsystem/lo/subsystem/eth0/device/net/eth0/device/firmware_node/subsystem/devices/device:da/subsystem/devices/device:de/subsystem/devices/device:ff/subsystem/devices/device:a4/power HTTP/2.0" 200 3477 "-" "Mozilla/5.0 AppleWebKit/537.36 (KHTML, like Gecko; compatible; GPTBot/1.2; +https://openai.com/gptbot)"
20.171.207.84 - - [11/Sep/2025:08:21:00 -0400] "GET /?path=//sys/class/net/eth0/subsystem/lo/subsystem/eth0/device/net/eth0/device/firmware_node/subsystem/devices/device:da/subsystem/devices/device:de/subsystem/devices/device:e8/device:e9/subsystem/devices/device:b2 HTTP/2.0" 200 3474 "-" "Mozilla/5.0 AppleWebKit/537.36 (KHTML, like Gecko; compatible; GPTBot/1.2; +https://openai.com/gptbot)"
20.171.207.84 - - [11/Sep/2025:08:21:01 -0400] "GET /?path=//sys/class/net/eth0/subsystem/lo/subsystem/eth0/device/net/eth0/device/firmware_node/subsystem/devices/device:da/subsystem/devices/device:de/subsystem/devices/device:1c/subsystem/devices/device:8b HTTP/2.0" 200 3460 "-" "Mozilla/5.0 AppleWebKit/537.36 (KHTML, like Gecko; compatible; GPTBot/1.2; +https://openai.com/gptbot)"
20.171.207.218 - - [11/Sep/2025:08:21:01 -0400] "GET /?path=//etc&viewfile=//etc/nscd.conf HTTP/2.0" 200 3593 "-" "Mozilla/5.0 AppleWebKit/537.36 (KHTML, like Gecko; compatible; GPTBot/1.2; +https://openai.com/gptbot)"
217.113.194.195 - - [11/Sep/2025:08:21:02 -0400] "GET /?viewfile=//proc/59948/task/59948/stack&path=//proc/59948/task/59948 HTTP/1.1" 200 2687 "-" "Mozilla/5.0 (compatible; Barkrowler/0.9; +https://babbar.tech/crawler)"
20.171.207.84 - - [11/Sep/2025:08:21:03 -0400] "GET /?path=//sys/class/net/eth0/subsystem/lo/subsystem/eth0/device/net/eth0/device/firmware_node/subsystem/devices/device:da/subsystem/devices/device:de/subsystem/devices/device:ff/subsystem/devices/device:a4/subsystem HTTP/2.0" 200 3423 "-" "Mozilla/5.0 AppleWebKit/537.36 (KHTML, like Gecko; compatible; GPTBot/1.2; +https://openai.com/gptbot)"
20.171.207.84 - - [11/Sep/2025:08:21:04 -0400] "GET /?path=//sys/class/net/eth0/subsystem/lo/subsystem/eth0/device/net/eth0/device/firmware_node/subsystem/devices/device:da/subsystem/devices/device:de/subsystem/devices/device:fe/subsystem/devices/device:96/power HTTP/2.0" 200 3479 "-" "Mozilla/5.0 AppleWebKit/537.36 (KHTML, like Gecko; compatible; GPTBot/1.2; +https://openai.com/gptbot)"
20.171.207.84 - - [11/Sep/2025:08:21:06 -0400] "GET /?path=//sys/class/net/eth0/subsystem/lo/subsystem/eth0/device/net/eth0/device/firmware_node/subsystem/devices/device:da/subsystem/devices/device:de/subsystem/devices/device:fa/subsystem/devices/device:39/power HTTP/2.0" 200 3480 "-" "Mozilla/5.0 AppleWebKit/537.36 (KHTML, like Gecko; compatible; GPTBot/1.2; +https://openai.com/gptbot)"
20.171.207.84 - - [11/Sep/2025:08:21:07 -0400] "GET /?path=//sys/class/net/eth0/subsystem/lo/subsystem/eth0/device/net/eth0/device/firmware_node/subsystem/devices/device:da/subsystem/devices/device:de/subsystem/devices/device:ef/subsystem/devices/device:15 HTTP/2.0" 200 3415 "-" "Mozilla/5.0 AppleWebKit/537.36 (KHTML, like Gecko; compatible; GPTBot/1.2; +https://openai.com/gptbot)"
20.171.207.218 - - [11/Sep/2025:08:21:08 -0400] "GET /?path=//etc&viewfile=//etc/localaliases HTTP/2.0" 200 2696 "-" "Mozilla/5.0 AppleWebKit/537.36 (KHTML, like Gecko; compatible; GPTBot/1.2; +https://openai.com/gptbot)"
20.171.207.84 - - [11/Sep/2025:08:21:09 -0400] "GET /?path=//sys/class/net/eth0/subsystem/lo/subsystem/eth0/device/net/eth0/device/firmware_node/subsystem/devices/device:da/subsystem/devices/device:de/subsystem/devices/device:27/subsystem/devices/device:d0 HTTP/2.0" 200 3451 "-" "Mozilla/5.0 AppleWebKit/537.36 (KHTML, like Gecko; compatible; GPTBot/1.2; +https://openai.com/gptbot)"
20.171.207.84 - - [11/Sep/2025:08:21:10 -0400] "GET /?path=//sys/class/net/eth0/subsystem/lo/subsystem/eth0/device/net/eth0/device/firmware_node/subsystem/devices/device:da/subsystem/devices/device:de/subsystem/devices/device:ba/device:bb/subsystem/devices/device:144 HTTP/2.0" 200 3432 "-" "Mozilla/5.0 AppleWebKit/537.36 (KHTML, like Gecko; compatible; GPTBot/1.2; +https://openai.com/gptbot)"
20.171.207.84 - - [11/Sep/2025:08:21:12 -0400] "GET /?path=//sys/class/net/eth0/subsystem/lo/subsystem/eth0/device/net/eth0/device/firmware_node/subsystem/devices/device:da/subsystem/devices/device:de/subsystem/devices/device:ac/subsystem/devices/device:24/power HTTP/2.0" 200 3477 "-" "Mozilla/5.0 AppleWebKit/537.36 (KHTML, like Gecko; compatible; GPTBot/1.2; +https://openai.com/gptbot)"
20.171.207.84 - - [11/Sep/2025:08:21:13 -0400] "GET /?path=//sys/class/net/eth0/subsystem/lo/subsystem/eth0/device/net/eth0/device/firmware_node/subsystem/devices/device:da/subsystem/devices/device:de/subsystem/devices/device:fd/subsystem/devices/device:29 HTTP/2.0" 200 3415 "-" "Mozilla/5.0 AppleWebKit/537.36 (KHTML, like Gecko; compatible; GPTBot/1.2; +https://openai.com/gptbot)"
20.171.207.84 - - [11/Sep/2025:08:21:15 -0400] "GET /?path=//sys/class/net/eth0/subsystem/lo/subsystem/eth0/device/net/eth0/device/firmware_node/subsystem/devices/device:da/subsystem/devices/device:de/subsystem/devices/device:cc/subsystem/devices/device:86/power HTTP/2.0" 200 3477 "-" "Mozilla/5.0 AppleWebKit/537.36 (KHTML, like Gecko; compatible; GPTBot/1.2; +https://openai.com/gptbot)"
20.171.207.84 - - [11/Sep/2025:08:21:17 -0400] "GET /?path=//sys/class/net/eth0/subsystem/lo/subsystem/eth0/device/net/eth0/device/firmware_node/subsystem/devices/device:da/subsystem/devices/device:de/subsystem/devices/device:d7/subsystem/devices/device:33/power HTTP/2.0" 200 3475 "-" "Mozilla/5.0 AppleWebKit/537.36 (KHTML, like Gecko; compatible; GPTBot/1.2; +https://openai.com/gptbot)"
20.171.207.84 - - [11/Sep/2025:08:21:18 -0400] "GET /?path=//sys/class/net/eth0/subsystem/lo/subsystem/eth0/device/net/eth0/device/firmware_node/subsystem/devices/device:da/subsystem/devices/device:de/subsystem/devices/device:d7/subsystem/devices/device:25/power HTTP/2.0" 200 3476 "-" "Mozilla/5.0 AppleWebKit/537.36 (KHTML, like Gecko; compatible; GPTBot/1.2; +https://openai.com/gptbot)"
20.171.207.218 - - [11/Sep/2025:08:21:19 -0400] "GET /?path=//etc&viewfile=//etc/nsswitch.conf HTTP/2.0" 200 3353 "-" "Mozilla/5.0 AppleWebKit/537.36 (KHTML, like Gecko; compatible; GPTBot/1.2; +https://openai.com/gptbot)"
217.113.194.254 - - [11/Sep/2025:08:21:19 -0400] "GET /?viewfile=//proc/59948/task/59948/limits&path=//proc/59948/task/59948 HTTP/1.1" 200 2960 "-" "Mozilla/5.0 (compatible; Barkrowler/0.9; +https://babbar.tech/crawler)"
20.171.207.84 - - [11/Sep/2025:08:21:20 -0400] "GET /?path=//sys/class/net/eth0/subsystem/lo/subsystem/eth0/device/net/eth0/device/firmware_node/subsystem/devices/device:da/subsystem/devices/device:de/subsystem/devices/device:bb/subsystem/devices/device:24 HTTP/2.0" 200 3415 "-" "Mozilla/5.0 AppleWebKit/537.36 (KHTML, like Gecko; compatible; GPTBot/1.2; +https://openai.com/gptbot)"
20.171.207.84 - - [11/Sep/2025:08:21:21 -0400] "GET /?path=//sys/class/net/eth0/subsystem/lo/subsystem/eth0/device/net/eth0/device/firmware_node/subsystem/devices/device:da/subsystem/devices/device:de/subsystem/devices/device:ef/subsystem/devices/device:15/power HTTP/2.0" 200 3477 "-" "Mozilla/5.0 AppleWebKit/537.36 (KHTML, like Gecko; compatible; GPTBot/1.2; +https://openai.com/gptbot)"
20.171.207.84 - - [11/Sep/2025:08:21:23 -0400] "GET /?path=//sys/class/net/eth0/subsystem/lo/subsystem/eth0/device/net/eth0/device/firmware_node/subsystem/devices/device:da/subsystem/devices/device:de/subsystem/devices/device:e3/device:e4/subsystem/devices/device:5f HTTP/2.0" 200 3474 "-" "Mozilla/5.0 AppleWebKit/537.36 (KHTML, like Gecko; compatible; GPTBot/1.2; +https://openai.com/gptbot)"
20.171.207.84 - - [11/Sep/2025:08:21:24 -0400] "GET /?path=//sys/class/net/eth0/subsystem/lo/subsystem/eth0/device/net/eth0/device/firmware_node/subsystem/devices/device:da/subsystem/devices/device:de/subsystem/devices/device:fd/subsystem/devices/device:44/power HTTP/2.0" 200 3478 "-" "Mozilla/5.0 AppleWebKit/537.36 (KHTML, like Gecko; compatible; GPTBot/1.2; +https://openai.com/gptbot)"
20.171.207.218 - - [11/Sep/2025:08:21:25 -0400] "GET /?path=//sys/class/net/eth1 HTTP/2.0" 200 4044 "-" "Mozilla/5.0 AppleWebKit/537.36 (KHTML, like Gecko; compatible; GPTBot/1.2; +https://openai.com/gptbot)"
20.171.207.84 - - [11/Sep/2025:08:21:26 -0400] "GET /?path=//sys/class/net/eth0/subsystem/lo/subsystem/eth0/device/net/eth0/device/firmware_node/subsystem/devices/device:da/subsystem/devices/device:de/subsystem/devices/device:bb/subsystem/devices/device:55/power HTTP/2.0" 200 3477 "-" "Mozilla/5.0 AppleWebKit/537.36 (KHTML, like Gecko; compatible; GPTBot/1.2; +https://openai.com/gptbot)"
20.171.207.84 - - [11/Sep/2025:08:21:28 -0400] "GET /?path=//sys/class/net/eth0/subsystem/lo/subsystem/eth0/device/net/eth0/device/firmware_node/subsystem/devices/device:da/subsystem/devices/device:de/subsystem/devices/device:fd/subsystem/devices/device:29/power HTTP/2.0" 200 3477 "-" "Mozilla/5.0 AppleWebKit/537.36 (KHTML, like Gecko; compatible; GPTBot/1.2; +https://openai.com/gptbot)"
20.171.207.84 - - [11/Sep/2025:08:21:29 -0400] "GET /?path=//sys/class/net/eth0/subsystem/lo/subsystem/eth0/device/net/eth0/device/firmware_node/subsystem/devices/device:da/subsystem/devices/device:de/subsystem/devices/device:7f/subsystem HTTP/2.0" 200 3391 "-" "Mozilla/5.0 AppleWebKit/537.36 (KHTML, like Gecko; compatible; GPTBot/1.2; +https://openai.com/gptbot)"
20.171.207.84 - - [11/Sep/2025:08:21:31 -0400] "GET /?path=//sys/class/net/eth0/subsystem/lo/subsystem/eth0/device/net/eth0/device/firmware_node/subsystem/devices/device:da/subsystem/devices/device:de/subsystem/devices/device:dc/device:e3/subsystem/devices/device:15 HTTP/2.0" 200 3431 "-" "Mozilla/5.0 AppleWebKit/537.36 (KHTML, like Gecko; compatible; GPTBot/1.2; +https://openai.com/gptbot)"
20.171.207.84 - - [11/Sep/2025:08:21:33 -0400] "GET /?path=//sys/class/net/eth0/subsystem/lo/subsystem/eth0/device/net/eth0/device/firmware_node/subsystem/devices/device:da/subsystem/devices/device:de/subsystem/devices/device:d7/subsystem/devices/device:25/power&viewfile=//sys/class/net/eth0/subsystem/lo/subsystem/eth0/device/net/eth0/device/firmware_node/subsystem/devices/device:da/subsystem/devices/device:de/subsystem/devices/device:d7/subsystem/devices/device:25/power/runtime_suspended_time HTTP/2.0" 200 2940 "-" "Mozilla/5.0 AppleWebKit/537.36 (KHTML, like Gecko; compatible; GPTBot/1.2; +https://openai.com/gptbot)"
20.171.207.84 - - [11/Sep/2025:08:21:34 -0400] "GET /?path=//sys/class/net/eth0/subsystem/lo/subsystem/eth0/device/net/eth0/device/firmware_node/subsystem/devices/device:da/subsystem/devices/device:de/subsystem/devices/device:bb/subsystem/devices/device:24/power HTTP/2.0" 200 3477 "-" "Mozilla/5.0 AppleWebKit/537.36 (KHTML, like Gecko; compatible; GPTBot/1.2; +https://openai.com/gptbot)"
20.171.207.218 - - [11/Sep/2025:08:21:35 -0400] "GET /?path=//var/lock HTTP/2.0" 200 3189 "-" "Mozilla/5.0 AppleWebKit/537.36 (KHTML, like Gecko; compatible; GPTBot/1.2; +https://openai.com/gptbot)"
20.171.207.84 - - [11/Sep/2025:08:21:36 -0400] "GET /?path=//sys/class/net/eth0/subsystem/lo/subsystem/eth0/device/net/eth0/device/firmware_node/subsystem/devices/device:da/subsystem/devices/device:de/subsystem/devices/device:dc/device:e3/device:e5/physical_node/power HTTP/2.0" 200 3842 "-" "Mozilla/5.0 AppleWebKit/537.36 (KHTML, like Gecko; compatible; GPTBot/1.2; +https://openai.com/gptbot)"
217.113.194.197 - - [11/Sep/2025:08:21:36 -0400] "GET /?viewfile=//proc/59948/task/59948/environ&path=//proc/59948/task/59948 HTTP/1.1" 200 2689 "-" "Mozilla/5.0 (compatible; Barkrowler/0.9; +https://babbar.tech/crawler)"
20.171.207.84 - - [11/Sep/2025:08:21:37 -0400] "GET /?path=//sys/class/net/eth0/subsystem/lo/subsystem/eth0/device/net/eth0/device/firmware_node/subsystem/devices/device:da/subsystem/devices/device:de/subsystem/devices/device:fa/subsystem/devices/device:84 HTTP/2.0" 200 3418 "-" "Mozilla/5.0 AppleWebKit/537.36 (KHTML, like Gecko; compatible; GPTBot/1.2; +https://openai.com/gptbot)"
20.171.207.84 - - [11/Sep/2025:08:21:39 -0400] "GET /?path=//sys/class/net/eth0/subsystem/lo/subsystem/eth0/device/net/eth0/device/firmware_node/subsystem/devices/device:da/subsystem/devices/device:de/subsystem/devices/device:ce/device:cf/subsystem/devices/device:119 HTTP/2.0" 200 3432 "-" "Mozilla/5.0 AppleWebKit/537.36 (KHTML, like Gecko; compatible; GPTBot/1.2; +https://openai.com/gptbot)"
20.171.207.218 - - [11/Sep/2025:08:21:40 -0400] "GET /?path=//etc/udev HTTP/2.0" 200 3108 "-" "Mozilla/5.0 AppleWebKit/537.36 (KHTML, like Gecko; compatible; GPTBot/1.2; +https://openai.com/gptbot)"
20.171.207.84 - - [11/Sep/2025:08:21:40 -0400] "GET /?path=//sys/class/net/eth0/subsystem/lo/subsystem/eth0/device/net/eth0/device/firmware_node/subsystem/devices/device:da/subsystem/devices/device:de/subsystem/devices/device:9f/device:a0/subsystem/devices/device:b2 HTTP/2.0" 200 3479 "-" "Mozilla/5.0 AppleWebKit/537.36 (KHTML, like Gecko; compatible; GPTBot/1.2; +https://openai.com/gptbot)"
20.171.207.84 - - [11/Sep/2025:08:21:41 -0400] "GET /?path=//sys/class/net/eth0/subsystem/lo/subsystem/eth0/device/net/eth0/device/firmware_node/subsystem/devices/device:da/subsystem/devices/device:de/subsystem/devices/device:7f/subsystem/drivers HTTP/2.0" 200 3444 "-" "Mozilla/5.0 AppleWebKit/537.36 (KHTML, like Gecko; compatible; GPTBot/1.2; +https://openai.com/gptbot)"
20.171.207.84 - - [11/Sep/2025:08:21:43 -0400] "GET /?path=//sys/class/net/eth0/subsystem/lo/subsystem/eth0/device/net/eth0/device/firmware_node/subsystem/devices/device:da/subsystem/devices/device:de/subsystem/devices/device:cd/subsystem/devices/device:11/power HTTP/2.0" 200 3477 "-" "Mozilla/5.0 AppleWebKit/537.36 (KHTML, like Gecko; compatible; GPTBot/1.2; +https://openai.com/gptbot)"
