20.171.207.84 - - [11/Sep/2025:08:24:26 -0400] "GET /?path=//sys/class/net/eth0/subsystem/lo/subsystem/eth0/device/net/eth0/device/firmware_node/subsystem/devices/device:da/subsystem/devices/device:de/subsystem/devices/device:f4/device:f5/subsystem/devices/device:ce HTTP/2.0" 200 3504 "-" "Mozilla/5.0 AppleWebKit/537.36 (KHTML, like Gecko; compatible; GPTBot/1.2; +https://openai.com/gptbot)"
20.171.207.84 - - [11/Sep/2025:08:24:28 -0400] "GET /?path=//sys/class/net/eth0/subsystem/lo/subsystem/eth0/device/net/eth0/device/firmware_node/subsystem/devices/device:da/subsystem/devices/device:de/subsystem/devices/device:1c/subsystem/devices/device:53 HTTP/2.0" 200 3460 "-" "Mozilla/5.0 AppleWebKit/537.36 (KHTML, like Gecko; compatible; GPTBot/1.2; +https://openai.com/gptbot)"
20.171.207.84 - - [11/Sep/2025:08:24:29 -0400] "GET /?path=//sys/class/net/eth0/subsystem/lo/subsystem/eth0/device/net/eth0/device/firmware_node/subsystem/devices/device:da/subsystem/devices/device:de/subsystem/devices/device:6a/device:6d/subsystem/devices/device:f8 HTTP/2.0" 200 3470 "-" "Mozilla/5.0 AppleWebKit/537.36 (KHTML, like Gecko; compatible; GPTBot/1.2; +https://openai.com/gptbot)"
20.171.207.218 - - [11/Sep/2025:08:24:30 -0400] "GET /?path=//sys/class/net/eth0&viewfile=//sys/class/net/eth0/duplex HTTP/2.0" 200 2694 "-" "Mozilla/5.0 AppleWebKit/537.36 (KHTML, like Gecko; compatible; GPTBot/1.2; +https://openai.com/gptbot)"
20.171.207.84 - - [11/Sep/2025:08:24:31 -0400] "GET /?path=//sys/class/net/eth0/subsystem/lo/subsystem/eth0/device/net/eth0/device/firmware_node/subsystem/devices/device:da/subsystem/devices/device:de/subsystem/devices/device:fa/subsystem/devices/device:06 HTTP/2.0" 200 3416 "-" "Mozilla/5.0 AppleWebKit/537.36 (KHTML, like Gecko; compatible; GPTBot/1.2; +https://openai.com/gptbot)"
20.171.207.84 - - [11/Sep/2025:08:24:32 -0400] "GET /?path=//sys/class/net/eth0/subsystem/lo/subsystem/eth0/device/net/eth0/device/firmware_node/subsystem/devices/device:da/subsystem/devices/device:de/subsystem/devices/device:fd/subsystem/devices/device:68/power HTTP/2.0" 200 3478 "-" "Mozilla/5.0 AppleWebKit/537.36 (KHTML, like Gecko; compatible; GPTBot/1.2; +https://openai.com/gptbot)"
20.171.207.84 - - [11/Sep/2025:08:24:34 -0400] "GET /?path=//sys/class/net/eth0/subsystem/lo/subsystem/eth0/device/net/eth0/device/firmware_node/subsystem/devices/device:da/subsystem/devices/device:de/subsystem/devices/device:e3/device:e7/subsystem/devices/device:2a HTTP/2.0" 200 3430 "-" "Mozilla/5.0 AppleWebKit/537.36 (KHTML, like Gecko; compatible; GPTBot/1.2; +https://openai.com/gptbot)"
20.171.207.84 - - [11/Sep/2025:08:24:35 -0400] "GET /?path=//sys/class/net/eth0/subsystem/lo/subsystem/eth0/device/net/eth0/device/firmware_node/subsystem/devices/device:da/subsystem/devices/device:de/subsystem/devices/device:fa/subsystem/devices/device:49/power HTTP/2.0" 200 3480 "-" "Mozilla/5.0 AppleWebKit/537.36 (KHTML, like Gecko; compatible; GPTBot/1.2; +https://openai.com/gptbot)"
20.171.207.84 - - [11/Sep/2025:08:24:37 -0400] "GET /?path=//sys/class/net/eth0/subsystem/lo/subsystem/eth0/device/net/eth0/device/firmware_node/subsystem/devices/device:da/subsystem/devices/device:de/subsystem/devices/device:9d/device:9e/subsystem/devices/device:4f HTTP/2.0" 200 3476 "-" "Mozilla/5.0 AppleWebKit/537.36 (KHTML, like Gecko; compatible; GPTBot/1.2; +https://openai.com/gptbot)"
20.171.207.84 - - [11/Sep/2025:08:24:38 -0400] "GET /?path=//sys/class/net/eth0/subsystem/lo/subsystem/eth0/device/net/eth0/device/firmware_node/subsystem/devices/device:da/subsystem/devices/device:de/subsystem/devices/device:fb/subsystem/devices/device:08/power HTTP/2.0" 200 3477 "-" "Mozilla/5.0 AppleWebKit/537.36 (KHTML, like Gecko; compatible; GPTBot/1.2; +https://openai.com/gptbot)"
20.171.207.84 - - [11/Sep/2025:08:24:40 -0400] "GET /?path=//sys/class/net/eth0/subsystem/lo/subsystem/eth0/device/net/eth0/device/firmware_node/subsystem/devices/device:da/subsystem/devices/device:de/subsystem/devices/device:1c/subsystem/devices/device:53/power HTTP/2.0" 200 3476 "-" "Mozilla/5.0 AppleWebKit/537.36 (KHTML, like Gecko; compatible; GPTBot/1.2; +https://openai.com/gptbot)"
20.171.207.218 - - [11/Sep/2025:08:24:41 -0400] "GET /?path=//sys/class/net/eth1&viewfile=//sys/class/net/eth1/phys_port_id HTTP/2.0" 200 2707 "-" "Mozilla/5.0 AppleWebKit/537.36 (KHTML, like Gecko; compatible; GPTBot/1.2; +https://openai.com/gptbot)"
217.113.194.254 - - [11/Sep/2025:08:24:41 -0400] "GET /?viewfile=//proc/59948/task/59969/pagemap&path=//proc/59948/task/59969 HTTP/1.1" 200 2696 "-" "Mozilla/5.0 (compatible; Barkrowler/0.9; +https://babbar.tech/crawler)"
20.171.207.84 - - [11/Sep/2025:08:24:42 -0400] "GET /?path=//sys/class/net/eth0/subsystem/lo/subsystem/eth0/device/net/eth0/device/firmware_node/subsystem/devices/device:da/subsystem/devices/device:de/subsystem/devices/device:1c/subsystem/devices/device:13 HTTP/2.0" 200 3413 "-" "Mozilla/5.0 AppleWebKit/537.36 (KHTML, like Gecko; compatible; GPTBot/1.2; +https://openai.com/gptbot)"
20.171.207.84 - - [11/Sep/2025:08:24:43 -0400] "GET /?path=//sys/class/net/eth0/subsystem/lo/subsystem/eth0/device/net/eth0/device/firmware_node/subsystem/devices/device:da/subsystem/devices/device:de/subsystem/devices/device:fa/subsystem/devices/device:06/power HTTP/2.0" 200 3479 "-" "Mozilla/5.0 AppleWebKit/537.36 (KHTML, like Gecko; compatible; GPTBot/1.2; +https://openai.com/gptbot)"
20.171.207.84 - - [11/Sep/2025:08:24:45 -0400] "GET /?path=//sys/class/net/eth0/subsystem/lo/subsystem/eth0/device/net/eth0/device/firmware_node/subsystem/devices/device:da/subsystem/devices/device:de/subsystem/devices/device:ff/subsystem/devices/device:99 HTTP/2.0" 200 3454 "-" "Mozilla/5.0 AppleWebKit/537.36 (KHTML, like Gecko; compatible; GPTBot/1.2; +https://openai.com/gptbot)"
20.171.207.218 - - [11/Sep/2025:08:24:46 -0400] "GET /?path=//sys/class/net/eth1&viewfile=//sys/class/net/eth1/phys_port_name HTTP/2.0" 200 2699 "-" "Mozilla/5.0 AppleWebKit/537.36 (KHTML, like Gecko; compatible; GPTBot/1.2; +https://openai.com/gptbot)"
20.171.207.84 - - [11/Sep/2025:08:24:46 -0400] "GET /?path=//sys/class/net/eth0/subsystem/lo/subsystem/eth0/device/net/eth0/device/firmware_node/subsystem/devices/device:da/subsystem/devices/device:de/subsystem/devices/device:eb/subsystem/devices/device:53/power HTTP/2.0" 200 3476 "-" "Mozilla/5.0 AppleWebKit/537.36 (KHTML, like Gecko; compatible; GPTBot/1.2; +https://openai.com/gptbot)"
20.171.207.84 - - [11/Sep/2025:08:24:48 -0400] "GET /?path=//sys/class/net/eth0/subsystem/lo/subsystem/eth0/device/net/eth0/device/firmware_node/subsystem/devices/device:da/subsystem/devices/device:de/subsystem/devices/device:bc/device:bd/subsystem/devices/device:18a HTTP/2.0" 200 3430 "-" "Mozilla/5.0 AppleWebKit/537.36 (KHTML, like Gecko; compatible; GPTBot/1.2; +https://openai.com/gptbot)"
20.171.207.84 - - [11/Sep/2025:08:24:49 -0400] "GET /?path=//sys/class/net/eth0/subsystem/lo/subsystem/eth0/device/net/eth0/device/firmware_node/subsystem/devices/device:da/subsystem/devices/device:de/subsystem/devices/device:fe/subsystem/devices/device:16/power HTTP/2.0" 200 3479 "-" "Mozilla/5.0 AppleWebKit/537.36 (KHTML, like Gecko; compatible; GPTBot/1.2; +https://openai.com/gptbot)"
20.171.207.84 - - [11/Sep/2025:08:24:51 -0400] "GET /?path=//sys/class/net/eth0/subsystem/lo/subsystem/eth0/device/net/eth0/device/firmware_node/subsystem/devices/device:da/subsystem/devices/device:de/subsystem/devices/device:ef/subsystem/devices/device:59/power HTTP/2.0" 200 3477 "-" "Mozilla/5.0 AppleWebKit/537.36 (KHTML, like Gecko; compatible; GPTBot/1.2; +https://openai.com/gptbot)"
20.171.207.84 - - [11/Sep/2025:08:24:52 -0400] "GET /?path=//sys/class/net/eth0/subsystem/lo/subsystem/eth0/device/net/eth0/device/firmware_node/subsystem/devices/device:da/subsystem/devices/device:de/subsystem/devices/device:dc/device:e1/subsystem/devices/device:75 HTTP/2.0" 200 3474 "-" "Mozilla/5.0 AppleWebKit/537.36 (KHTML, like Gecko; compatible; GPTBot/1.2; +https://openai.com/gptbot)"
20.171.207.84 - - [11/Sep/2025:08:24:54 -0400] "GET /?path=//sys/class/net/eth0/subsystem/lo/subsystem/eth0/device/net/eth0/device/firmware_node/subsystem/devices/device:da/subsystem/devices/device:de/subsystem/devices/device:1c/subsystem/devices/device:13/power HTTP/2.0" 200 3475 "-" "Mozilla/5.0 AppleWebKit/537.36 (KHTML, like Gecko; compatible; GPTBot/1.2; +https://openai.com/gptbot)"
20.171.207.218 - - [11/Sep/2025:08:24:55 -0400] "GET /?path=//sys/class/net/eth0&viewfile=//sys/class/net/eth0/phys_port_id HTTP/2.0" 200 2707 "-" "Mozilla/5.0 AppleWebKit/537.36 (KHTML, like Gecko; compatible; GPTBot/1.2; +https://openai.com/gptbot)"
20.171.207.84 - - [11/Sep/2025:08:24:56 -0400] "GET /?path=//sys/class/net/eth0/subsystem/lo/subsystem/eth0/device/net/eth0/device/firmware_node/subsystem/devices/device:da/subsystem/devices/device:de/subsystem/devices/device:9b/device:9c/subsystem HTTP/2.0" 200 3408 "-" "Mozilla/5.0 AppleWebKit/537.36 (KHTML, like Gecko; compatible; GPTBot/1.2; +https://openai.com/gptbot)"
20.171.207.84 - - [11/Sep/2025:08:24:57 -0400] "GET /?path=//sys/class/net/eth0/subsystem/lo/subsystem/eth0/device/net/eth0/device/firmware_node/subsystem/devices/device:da/subsystem/devices/device:de/subsystem/devices/device:ed/subsystem/devices/device:68/power HTTP/2.0" 200 3478 "-" "Mozilla/5.0 AppleWebKit/537.36 (KHTML, like Gecko; compatible; GPTBot/1.2; +https://openai.com/gptbot)"
217.113.194.254 - - [11/Sep/2025:08:24:58 -0400] "GET /?viewfile=//proc/59948/task/59970/mem&path=//proc/59948/task/59970 HTTP/1.1" 200 2692 "-" "Mozilla/5.0 (compatible; Barkrowler/0.9; +https://babbar.tech/crawler)"
20.171.207.84 - - [11/Sep/2025:08:24:59 -0400] "GET /?path=//sys/class/net/eth0/subsystem/lo/subsystem/eth0/device/net/eth0/device/firmware_node/subsystem/devices/device:da/subsystem/devices/device:de/subsystem/devices/device:ff/subsystem/devices/device:99/device:9a HTTP/2.0" 200 3431 "-" "Mozilla/5.0 AppleWebKit/537.36 (KHTML, like Gecko; compatible; GPTBot/1.2; +https://openai.com/gptbot)"
20.171.207.84 - - [11/Sep/2025:08:25:01 -0400] "GET /?path=//sys/class/net/eth0/subsystem/lo/subsystem/eth0/device/net/eth0/device/firmware_node/subsystem/devices/device:da/subsystem/devices/device:de/subsystem/devices/device:d7/subsystem/devices/device:01/power HTTP/2.0" 200 3475 "-" "Mozilla/5.0 AppleWebKit/537.36 (KHTML, like Gecko; compatible; GPTBot/1.2; +https://openai.com/gptbot)"
20.171.207.84 - - [11/Sep/2025:08:25:02 -0400] "GET /?path=//sys/class/net/eth0/subsystem/lo/subsystem/eth0/device/net/eth0/device/firmware_node/subsystem/devices/device:da/subsystem/devices/device:de/subsystem/devices/device:bc/device:bd/subsystem/devices/device:18a&viewfile=//sys/class/net/eth0/subsystem/lo/subsystem/eth0/device/net/eth0/device/firmware_node/subsystem/devices/device:da/subsystem/devices/device:de/subsystem/devices/device:bc/device:bd/subsystem/devices/device:18a/uevent HTTP/2.0" 200 2928 "-" "Mozilla/5.0 AppleWebKit/537.36 (KHTML, like Gecko; compatible; GPTBot/1.2; +https://openai.com/gptbot)"
20.171.207.218 - - [11/Sep/2025:08:25:04 -0400] "GET /?path=//sys/class/net/eth0&viewfile=//sys/class/net/eth0/phys_switch_id HTTP/2.0" 200 2699 "-" "Mozilla/5.0 AppleWebKit/537.36 (KHTML, like Gecko; compatible; GPTBot/1.2; +https://openai.com/gptbot)"
20.171.207.84 - - [11/Sep/2025:08:25:04 -0400] "GET /?path=//sys/class/net/eth0/subsystem/lo/subsystem/eth0/device/net/eth0/device/firmware_node/subsystem/devices/device:da/subsystem/devices/device:de/subsystem/devices/device:df/subsystem/devices/device:42 HTTP/2.0" 200 3414 "-" "Mozilla/5.0 AppleWebKit/537.36 (KHTML, like Gecko; compatible; GPTBot/1.2; +https://openai.com/gptbot)"
20.171.207.84 - - [11/Sep/2025:08:25:06 -0400] "GET /?path=//sys/class/net/eth0/subsystem/lo/subsystem/eth0/device/net/eth0/device/firmware_node/subsystem/devices/device:da/subsystem/devices/device:de/subsystem/devices/device:fe/subsystem/devices/device:89/power HTTP/2.0" 200 3480 "-" "Mozilla/5.0 AppleWebKit/537.36 (KHTML, like Gecko; compatible; GPTBot/1.2; +https://openai.com/gptbot)"
20.171.207.84 - - [11/Sep/2025:08:25:08 -0400] "GET /?path=//sys/class/net/eth0/subsystem/lo/subsystem/eth0/device/net/eth0/device/firmware_node/subsystem/devices/device:da/subsystem/devices/device:de/subsystem/devices/device:1c/subsystem/devices/device:4d/power HTTP/2.0" 200 3477 "-" "Mozilla/5.0 AppleWebKit/537.36 (KHTML, like Gecko; compatible; GPTBot/1.2; +https://openai.com/gptbot)"
20.171.207.84 - - [11/Sep/2025:08:25:09 -0400] "GET /?path=//sys/class/net/eth0/subsystem/lo/subsystem/eth0/device/net/eth0/device/firmware_node/subsystem/devices/device:da/subsystem/devices/device:de/subsystem/devices/device:1c/subsystem/devices/device:13/power&viewfile=//sys/class/net/eth0/subsystem/lo/subsystem/eth0/device/net/eth0/device/firmware_node/subsystem/devices/device:da/subsystem/devices/device:de/subsystem/devices/device:1c/subsystem/devices/device:13/power/async HTTP/2.0" 200 2932 "-" "Mozilla/5.0 AppleWebKit/537.36 (KHTML, like Gecko; compatible; GPTBot/1.2; +https://openai.com/gptbot)"
20.171.207.218 - - [11/Sep/2025:08:25:10 -0400] "GET /?path=//sys/class/net/eth1&viewfile=//sys/class/net/eth1/dev_port HTTP/2.0" 200 2696 "-" "Mozilla/5.0 AppleWebKit/537.36 (KHTML, like Gecko; compatible; GPTBot/1.2; +https://openai.com/gptbot)"
20.171.207.84 - - [11/Sep/2025:08:25:11 -0400] "GET /?path=//sys/class/net/eth0/subsystem/lo/subsystem/eth0/device/net/eth0/device/firmware_node/subsystem/devices/device:da/subsystem/devices/device:de/subsystem/devices/device:9b/device:9c/subsystem/devices HTTP/2.0" 200 20087 "-" "Mozilla/5.0 AppleWebKit/537.36 (KHTML, like Gecko; compatible; GPTBot/1.2; +https://openai.com/gptbot)"
20.171.207.84 - - [11/Sep/2025:08:25:13 -0400] "GET /?path=//sys/class/net/eth0/subsystem/lo/subsystem/eth0/device/net/eth0/device/firmware_node/subsystem/devices/device:da/subsystem/devices/device:de/subsystem/devices/device:9b/device:9c/subsystem/drivers HTTP/2.0" 200 3454 "-" "Mozilla/5.0 AppleWebKit/537.36 (KHTML, like Gecko; compatible; GPTBot/1.2; +https://openai.com/gptbot)"
20.171.207.84 - - [11/Sep/2025:08:25:15 -0400] "GET /?path=//sys/class/net/eth0/subsystem/lo/subsystem/eth0/device/net/eth0/device/firmware_node/subsystem/devices/device:da/subsystem/devices/device:de/subsystem/devices/device:f7 HTTP/2.0" 200 3417 "-" "Mozilla/5.0 AppleWebKit/537.36 (KHTML, like Gecko; compatible; GPTBot/1.2; +https://openai.com/gptbot)"
217.113.194.200 - - [11/Sep/2025:08:25:15 -0400] "GET /?viewfile=//proc/59948/task/59970/comm&path=//proc/59948/task/59970 HTTP/1.1" 200 2699 "-" "Mozilla/5.0 (compatible; Barkrowler/0.9; +https://babbar.tech/crawler)"
20.171.207.84 - - [11/Sep/2025:08:25:17 -0400] "GET /?path=//sys/class/net/eth0/subsystem/lo/subsystem/eth0/device/net/eth0/device/firmware_node/subsystem/devices/device:da/subsystem/devices/device:de/subsystem/devices/device:6a/device:6c/subsystem/drivers/ec HTTP/2.0" 200 3219 "-" "Mozilla/5.0 AppleWebKit/537.36 (KHTML, like Gecko; compatible; GPTBot/1.2; +https://openai.com/gptbot)"
20.171.207.84 - - [11/Sep/2025:08:25:18 -0400] "GET /?path=//sys/class/net/eth0/subsystem/lo/subsystem/eth0/device/net/eth0/device/firmware_node/subsystem/devices/device:da/subsystem/devices/device:de/subsystem/devices/device:df/subsystem/devices/device:42/power HTTP/2.0" 200 3476 "-" "Mozilla/5.0 AppleWebKit/537.36 (KHTML, like Gecko; compatible; GPTBot/1.2; +https://openai.com/gptbot)"
20.171.207.218 - - [11/Sep/2025:08:25:19 -0400] "GET /?path=//sys/class/net/eth0&viewfile=//sys/class/net/eth0/proto_down HTTP/2.0" 200 2697 "-" "Mozilla/5.0 AppleWebKit/537.36 (KHTML, like Gecko; compatible; GPTBot/1.2; +https://openai.com/gptbot)"
20.171.207.84 - - [11/Sep/2025:08:25:19 -0400] "GET /?path=//sys/class/net/eth0/subsystem/lo/subsystem/eth0/device/net/eth0/device/firmware_node/subsystem/devices/device:da/subsystem/devices/device:de/subsystem/devices/device:ab/subsystem/devices/device:17 HTTP/2.0" 200 3414 "-" "Mozilla/5.0 AppleWebKit/537.36 (KHTML, like Gecko; compatible; GPTBot/1.2; +https://openai.com/gptbot)"
20.171.207.84 - - [11/Sep/2025:08:25:21 -0400] "GET /?path=//sys/class/net/eth0/subsystem/lo/subsystem/eth0/device/net/eth0/device/firmware_node/subsystem/devices/device:da/subsystem/devices/device:de/subsystem/devices/device:ab/subsystem/devices/device:3c/device:44 HTTP/2.0" 200 3477 "-" "Mozilla/5.0 AppleWebKit/537.36 (KHTML, like Gecko; compatible; GPTBot/1.2; +https://openai.com/gptbot)"
20.171.207.84 - - [11/Sep/2025:08:25:23 -0400] "GET /?path=//sys/class/net/eth0/subsystem/lo/subsystem/eth0/device/net/eth0/device/firmware_node/subsystem/devices/device:da/subsystem/devices/device:de/subsystem/devices/device:ff/subsystem/devices/device:85 HTTP/2.0" 200 3455 "-" "Mozilla/5.0 AppleWebKit/537.36 (KHTML, like Gecko; compatible; GPTBot/1.2; +https://openai.com/gptbot)"
20.171.207.84 - - [11/Sep/2025:08:25:24 -0400] "GET /?path=//sys/class/net/eth0/subsystem/lo/subsystem/eth0/device/net/eth0/device/firmware_node/subsystem/devices/device:da/subsystem/devices/device:de/subsystem/devices/device:9b/device:9c/subsystem/devices/device:25 HTTP/2.0" 200 3432 "-" "Mozilla/5.0 AppleWebKit/537.36 (KHTML, like Gecko; compatible; GPTBot/1.2; +https://openai.com/gptbot)"
20.171.207.218 - - [11/Sep/2025:08:25:24 -0400] "GET /?path=//sys/class/net/eth0&viewfile=//sys/class/net/eth0/tx_queue_len HTTP/2.0" 200 2702 "-" "Mozilla/5.0 AppleWebKit/537.36 (KHTML, like Gecko; compatible; GPTBot/1.2; +https://openai.com/gptbot)"
20.171.207.84 - - [11/Sep/2025:08:25:26 -0400] "GET /?path=//sys/class/net/eth0/subsystem/lo/subsystem/eth0/device/net/eth0/device/firmware_node/subsystem/devices/device:da/subsystem/devices/device:de/subsystem/devices/device:9b/device:9c/subsystem/devices/LNXCPU:cd HTTP/2.0" 200 3518 "-" "Mozilla/5.0 AppleWebKit/537.36 (KHTML, like Gecko; compatible; GPTBot/1.2; +https://openai.com/gptbot)"
20.171.207.84 - - [11/Sep/2025:08:25:28 -0400] "GET /?path=//sys/class/net/eth0/subsystem/lo/subsystem/eth0/device/net/eth0/device/firmware_node/subsystem/devices/device:da/subsystem/devices/device:de/subsystem/devices/device:9b/device:9c/subsystem/devices/device:f8 HTTP/2.0" 200 3470 "-" "Mozilla/5.0 AppleWebKit/537.36 (KHTML, like Gecko; compatible; GPTBot/1.2; +https://openai.com/gptbot)"
20.171.207.84 - - [11/Sep/2025:08:25:29 -0400] "GET /?path=//sys/class/net/eth0/subsystem/lo/subsystem/eth0/device/net/eth0/device/firmware_node/subsystem/devices/device:da/subsystem/devices/device:de/subsystem/devices/device:9b/device:9c/subsystem/devices/device:a5 HTTP/2.0" 200 3962 "-" "Mozilla/5.0 AppleWebKit/537.36 (KHTML, like Gecko; compatible; GPTBot/1.2; +https://openai.com/gptbot)"
20.171.207.84 - - [11/Sep/2025:08:25:31 -0400] "GET /?path=//sys/class/net/eth0/subsystem/lo/subsystem/eth0/device/net/eth0/device/firmware_node/subsystem/devices/device:da/subsystem/devices/device:de/subsystem/devices/device:9b/device:9c/subsystem/devices/LNXCPU:5b HTTP/2.0" 200 3518 "-" "Mozilla/5.0 AppleWebKit/537.36 (KHTML, like Gecko; compatible; GPTBot/1.2; +https://openai.com/gptbot)"
154.54.249.214 - - [11/Sep/2025:08:25:32 -0400] "GET /?viewfile=//proc/59948/task/59976/personality&path=//proc/59948/task/59976 HTTP/1.1" 200 2698 "-" "Mozilla/5.0 (compatible; Barkrowler/0.9; +https://babbar.tech/crawler)"
20.171.207.84 - - [11/Sep/2025:08:25:32 -0400] "GET /?path=//sys/class/net/eth0/subsystem/lo/subsystem/eth0/device/net/eth0/device/firmware_node/subsystem/devices/device:da/subsystem/devices/device:de/subsystem/devices/device:9b/device:9c/subsystem/devices/device:ac HTTP/2.0" 200 3472 "-" "Mozilla/5.0 AppleWebKit/537.36 (KHTML, like Gecko; compatible; GPTBot/1.2; +https://openai.com/gptbot)"
20.171.207.84 - - [11/Sep/2025:08:25:34 -0400] "GET /?path=//sys/class/net/eth0/subsystem/lo/subsystem/eth0/device/net/eth0/device/firmware_node/subsystem/devices/device:da/subsystem/devices/device:de/subsystem/devices/device:fc/subsystem/devices/device:14/power HTTP/2.0" 200 3477 "-" "Mozilla/5.0 AppleWebKit/537.36 (KHTML, like Gecko; compatible; GPTBot/1.2; +https://openai.com/gptbot)"
20.171.207.218 - - [11/Sep/2025:08:25:35 -0400] "GET /?path=//sys/class/net/eth0&viewfile=//sys/class/net/eth0/addr_len HTTP/2.0" 200 2695 "-" "Mozilla/5.0 AppleWebKit/537.36 (KHTML, like Gecko; compatible; GPTBot/1.2; +https://openai.com/gptbot)"
20.171.207.84 - - [11/Sep/2025:08:25:36 -0400] "GET /?path=//sys/class/net/eth0/subsystem/lo/subsystem/eth0/device/net/eth0/device/firmware_node/subsystem/devices/device:da/subsystem/devices/device:de/subsystem/devices/device:9b/device:9c/subsystem/devices/device:de HTTP/2.0" 200 3422 "-" "Mozilla/5.0 AppleWebKit/537.36 (KHTML, like Gecko; compatible; GPTBot/1.2; +https://openai.com/gptbot)"
20.171.207.84 - - [11/Sep/2025:08:25:37 -0400] "GET /?path=//sys/class/net/eth0/subsystem/lo/subsystem/eth0/device/net/eth0/device/firmware_node/subsystem/devices/device:da/subsystem/devices/device:de/subsystem/devices/device:9b/device:9c/subsystem/devices/device:ad HTTP/2.0" 200 3474 "-" "Mozilla/5.0 AppleWebKit/537.36 (KHTML, like Gecko; compatible; GPTBot/1.2; +https://openai.com/gptbot)"
20.171.207.84 - - [11/Sep/2025:08:25:39 -0400] "GET /?path=//sys/class/net/eth0/subsystem/lo/subsystem/eth0/device/net/eth0/device/firmware_node/subsystem/devices/device:da/subsystem/devices/device:de/subsystem/devices/device:9b/device:9c/subsystem/devices/device:bd HTTP/2.0" 200 3431 "-" "Mozilla/5.0 AppleWebKit/537.36 (KHTML, like Gecko; compatible; GPTBot/1.2; +https://openai.com/gptbot)"
20.171.207.84 - - [11/Sep/2025:08:25:40 -0400] "GET /?path=//sys/class/net/eth0/subsystem/lo/subsystem/eth0/device/net/eth0/device/firmware_node/subsystem/devices/device:da/subsystem/devices/device:de/subsystem/devices/device:9b/device:9c/subsystem/devices/device:0a HTTP/2.0" 200 3431 "-" "Mozilla/5.0 AppleWebKit/537.36 (KHTML, like Gecko; compatible; GPTBot/1.2; +https://openai.com/gptbot)"
20.171.207.84 - - [11/Sep/2025:08:25:42 -0400] "GET /?path=//sys/class/net/eth0/subsystem/lo/subsystem/eth0/device/net/eth0/device/firmware_node/subsystem/devices/device:da/subsystem/devices/device:de/subsystem/devices/device:9b/device:9c/subsystem/devices/device:ab HTTP/2.0" 200 3470 "-" "Mozilla/5.0 AppleWebKit/537.36 (KHTML, like Gecko; compatible; GPTBot/1.2; +https://openai.com/gptbot)"
20.171.207.84 - - [11/Sep/2025:08:25:44 -0400] "GET /?path=//sys/class/net/eth0/subsystem/lo/subsystem/eth0/device/net/eth0/device/firmware_node/subsystem/devices/device:da/subsystem/devices/device:de/subsystem/devices/device:9b/device:9c/subsystem/devices/device:be HTTP/2.0" 200 3468 "-" "Mozilla/5.0 AppleWebKit/537.36 (KHTML, like Gecko; compatible; GPTBot/1.2; +https://openai.com/gptbot)"
20.171.207.84 - - [11/Sep/2025:08:25:45 -0400] "GET /?path=//sys/class/net/eth0/subsystem/lo/subsystem/eth0/device/net/eth0/device/firmware_node/subsystem/devices/device:da/subsystem/devices/device:de/subsystem/devices/device:9b/device:9c/subsystem/devices/device:ba HTTP/2.0" 200 3504 "-" "Mozilla/5.0 AppleWebKit/537.36 (KHTML, like Gecko; compatible; GPTBot/1.2; +https://openai.com/gptbot)"
20.171.207.84 - - [11/Sep/2025:08:25:47 -0400] "GET /?path=//sys/class/net/eth0/subsystem/lo/subsystem/eth0/device/net/eth0/device/firmware_node/subsystem/devices/device:da/subsystem/devices/device:de/subsystem/devices/device:9b/device:9c/subsystem/devices/device:ed HTTP/2.0" 200 3473 "-" "Mozilla/5.0 AppleWebKit/537.36 (KHTML, like Gecko; compatible; GPTBot/1.2; +https://openai.com/gptbot)"
20.171.207.218 - - [11/Sep/2025:08:25:48 -0400] "GET /?path=//sys/class/net/eth0&viewfile=//sys/class/net/eth0/dev_port HTTP/2.0" 200 2696 "-" "Mozilla/5.0 AppleWebKit/537.36 (KHTML, like Gecko; compatible; GPTBot/1.2; +https://openai.com/gptbot)"
20.171.207.84 - - [11/Sep/2025:08:25:49 -0400] "GET /?path=//sys/class/net/eth0/subsystem/lo/subsystem/eth0/device/net/eth0/device/firmware_node/subsystem/devices/device:da/subsystem/devices/device:de/subsystem/devices/device:9b/device:9c/subsystem/devices/device:dd HTTP/2.0" 200 3458 "-" "Mozilla/5.0 AppleWebKit/537.36 (KHTML, like Gecko; compatible; GPTBot/1.2; +https://openai.com/gptbot)"
217.113.194.196 - - [11/Sep/2025:08:25:49 -0400] "GET /?viewfile=//proc/59948/task/59971/environ&path=//proc/59948/task/59971 HTTP/1.1" 200 2696 "-" "Mozilla/5.0 (compatible; Barkrowler/0.9; +https://babbar.tech/crawler)"
20.171.207.84 - - [11/Sep/2025:08:25:50 -0400] "GET /?path=//sys/class/net/eth0/subsystem/lo/subsystem/eth0/device/net/eth0/device/firmware_node/subsystem/devices/device:da/subsystem/devices/device:de/subsystem/devices/device:9b/device:9c/subsystem/devices/device:ad&viewfile=//sys/class/net/eth0/subsystem/lo/subsystem/eth0/device/net/eth0/device/firmware_node/subsystem/devices/device:da/subsystem/devices/device:de/subsystem/devices/device:9b/device:9c/subsystem/devices/device:ad/adr HTTP/2.0" 200 2935 "-" "Mozilla/5.0 AppleWebKit/537.36 (KHTML, like Gecko; compatible; GPTBot/1.2; +https://openai.com/gptbot)"
20.171.207.84 - - [11/Sep/2025:08:25:52 -0400] "GET /?path=//sys/class/net/eth0/subsystem/lo/subsystem/eth0/device/net/eth0/device/firmware_node/subsystem/devices/device:da/subsystem/devices/device:de/subsystem/devices/device:9b/device:9c/subsystem/devices/device:ad&viewfile=//sys/class/net/eth0/subsystem/lo/subsystem/eth0/device/net/eth0/device/firmware_node/subsystem/devices/device:da/subsystem/devices/device:de/subsystem/devices/device:9b/device:9c/subsystem/devices/device:ad/uevent HTTP/2.0" 200 2928 "-" "Mozilla/5.0 AppleWebKit/537.36 (KHTML, like Gecko; compatible; GPTBot/1.2; +https://openai.com/gptbot)"
20.171.207.218 - - [11/Sep/2025:08:25:53 -0400] "GET /?path=//sys/class/net/eth0&viewfile=//sys/class/net/eth0/iflink HTTP/2.0" 200 2692 "-" "Mozilla/5.0 AppleWebKit/537.36 (KHTML, like Gecko; compatible; GPTBot/1.2; +https://openai.com/gptbot)"
20.171.207.84 - - [11/Sep/2025:08:25:53 -0400] "GET /?path=//sys/class/net/eth0/subsystem/lo/subsystem/eth0/device/net/eth0/device/firmware_node/subsystem/devices/device:da/subsystem/devices/device:de/subsystem/devices/device:9b/device:9c/subsystem/devices/device:ad&viewfile=//sys/class/net/eth0/subsystem/lo/subsystem/eth0/device/net/eth0/device/firmware_node/subsystem/devices/device:da/subsystem/devices/device:de/subsystem/devices/device:9b/device:9c/subsystem/devices/device:ad/path HTTP/2.0" 200 2944 "-" "Mozilla/5.0 AppleWebKit/537.36 (KHTML, like Gecko; compatible; GPTBot/1.2; +https://openai.com/gptbot)"
20.171.207.84 - - [11/Sep/2025:08:25:55 -0400] "GET /?path=//sys/class/net/eth0/subsystem/lo/subsystem/eth0/device/net/eth0/device/firmware_node/subsystem/devices/device:da/subsystem/devices/device:de/subsystem/devices/device:9b/device:9c/subsystem/devices/device:4e HTTP/2.0" 200 3473 "-" "Mozilla/5.0 AppleWebKit/537.36 (KHTML, like Gecko; compatible; GPTBot/1.2; +https://openai.com/gptbot)"
20.171.207.84 - - [11/Sep/2025:08:25:56 -0400] "GET /?path=//sys/class/net/eth0/subsystem/lo/subsystem/eth0/device/net/eth0/device/firmware_node/subsystem/devices/device:da/subsystem/devices/device:de/subsystem/devices/device:9b/device:9c/subsystem/devices/device:9b HTTP/2.0" 200 3454 "-" "Mozilla/5.0 AppleWebKit/537.36 (KHTML, like Gecko; compatible; GPTBot/1.2; +https://openai.com/gptbot)"
20.171.207.84 - - [11/Sep/2025:08:25:58 -0400] "GET /?path=//sys/class/net/eth0/subsystem/lo/subsystem/eth0/device/net/eth0/device/firmware_node/subsystem/devices/device:da/subsystem/devices/device:de/subsystem/devices/device:9b/device:9c/subsystem/devices/device:e6 HTTP/2.0" 200 3431 "-" "Mozilla/5.0 AppleWebKit/537.36 (KHTML, like Gecko; compatible; GPTBot/1.2; +https://openai.com/gptbot)"
20.171.207.84 - - [11/Sep/2025:08:26:00 -0400] "GET /?path=//sys/class/net/eth0/subsystem/lo/subsystem/eth0/device/net/eth0/device/firmware_node/subsystem/devices/device:da/subsystem/devices/device:de/subsystem/devices/device:9b/device:9c/subsystem/devices/device:ef HTTP/2.0" 200 3431 "-" "Mozilla/5.0 AppleWebKit/537.36 (KHTML, like Gecko; compatible; GPTBot/1.2; +https://openai.com/gptbot)"
20.171.207.218 - - [11/Sep/2025:08:26:01 -0400] "GET /?path=//sys/class/net/eth1&viewfile=//sys/class/net/eth1/address HTTP/2.0" 200 2706 "-" "Mozilla/5.0 AppleWebKit/537.36 (KHTML, like Gecko; compatible; GPTBot/1.2; +https://openai.com/gptbot)"
20.171.207.84 - - [11/Sep/2025:08:26:01 -0400] "GET /?path=//sys/class/net/eth0/subsystem/lo/subsystem/eth0/device/net/eth0/device/firmware_node/subsystem/devices/device:da/subsystem/devices/device:de/subsystem/devices/device:9b/device:9c/subsystem/devices/device:e3 HTTP/2.0" 200 3605 "-" "Mozilla/5.0 AppleWebKit/537.36 (KHTML, like Gecko; compatible; GPTBot/1.2; +https://openai.com/gptbot)"
20.171.207.84 - - [11/Sep/2025:08:26:03 -0400] "GET /?path=//sys/class/net/eth0/subsystem/lo/subsystem/eth0/device/net/eth0/device/firmware_node/subsystem/devices/device:da/subsystem/devices/device:de/subsystem/devices/device:9b/device:9c/subsystem/devices/device:2e HTTP/2.0" 200 3431 "-" "Mozilla/5.0 AppleWebKit/537.36 (KHTML, like Gecko; compatible; GPTBot/1.2; +https://openai.com/gptbot)"
20.171.207.84 - - [11/Sep/2025:08:26:05 -0400] "GET /?path=//sys/class/net/eth0/subsystem/lo/subsystem/eth0/device/net/eth0/device/firmware_node/subsystem/devices/device:da/subsystem/devices/device:de/subsystem/devices/device:9b/device:9c/subsystem/devices/device:d9 HTTP/2.0" 200 3430 "-" "Mozilla/5.0 AppleWebKit/537.36 (KHTML, like Gecko; compatible; GPTBot/1.2; +https://openai.com/gptbot)"
217.113.194.197 - - [11/Sep/2025:08:26:06 -0400] "GET /?viewfile=//proc/59948/task/59971/limits&path=//proc/59948/task/59971 HTTP/1.1" 200 2967 "-" "Mozilla/5.0 (compatible; Barkrowler/0.9; +https://babbar.tech/crawler)"
20.171.207.218 - - [11/Sep/2025:08:26:06 -0400] "GET /?path=//sys/class/net/eth0&viewfile=//sys/class/net/eth0/address HTTP/2.0" 200 2705 "-" "Mozilla/5.0 AppleWebKit/537.36 (KHTML, like Gecko; compatible; GPTBot/1.2; +https://openai.com/gptbot)"
20.171.207.84 - - [11/Sep/2025:08:26:06 -0400] "GET /?path=//sys/class/net/eth0/subsystem/lo/subsystem/eth0/device/net/eth0/device/firmware_node/subsystem/devices/device:da/subsystem/devices/device:de/subsystem/devices/device:9b/device:9c/subsystem/devices/device:df HTTP/2.0" 200 3465 "-" "Mozilla/5.0 AppleWebKit/537.36 (KHTML, like Gecko; compatible; GPTBot/1.2; +https://openai.com/gptbot)"
20.171.207.84 - - [11/Sep/2025:08:26:08 -0400] "GET /?path=//sys/class/net/eth0/subsystem/lo/subsystem/eth0/device/net/eth0/device/firmware_node/subsystem/devices/device:da/subsystem/devices/device:de/subsystem/devices/device:9b/device:9c/subsystem/devices/device:d0 HTTP/2.0" 200 3467 "-" "Mozilla/5.0 AppleWebKit/537.36 (KHTML, like Gecko; compatible; GPTBot/1.2; +https://openai.com/gptbot)"
20.171.207.84 - - [11/Sep/2025:08:26:10 -0400] "GET /?path=//sys/class/net/eth0/subsystem/lo/subsystem/eth0/device/net/eth0/device/firmware_node/subsystem/devices/device:da/subsystem/devices/device:de/subsystem/devices/device:9b/device:9c/subsystem/devices/device:b9 HTTP/2.0" 200 3431 "-" "Mozilla/5.0 AppleWebKit/537.36 (KHTML, like Gecko; compatible; GPTBot/1.2; +https://openai.com/gptbot)"
20.171.207.84 - - [11/Sep/2025:08:26:11 -0400] "GET /?path=//sys/class/net/eth0/subsystem/lo/subsystem/eth0/device/net/eth0/device/firmware_node/subsystem/devices/device:da/subsystem/devices/device:de/subsystem/devices/device:9b/device:9c/subsystem/devices/device:9e HTTP/2.0" 200 3429 "-" "Mozilla/5.0 AppleWebKit/537.36 (KHTML, like Gecko; compatible; GPTBot/1.2; +https://openai.com/gptbot)"
20.171.207.218 - - [11/Sep/2025:08:26:12 -0400] "GET /?path=//sys/class/net/eth0&viewfile=//sys/class/net/eth0/link_mode HTTP/2.0" 200 2696 "-" "Mozilla/5.0 AppleWebKit/537.36 (KHTML, like Gecko; compatible; GPTBot/1.2; +https://openai.com/gptbot)"
20.171.207.84 - - [11/Sep/2025:08:26:13 -0400] "GET /?path=//sys/class/net/eth0/subsystem/lo/subsystem/eth0/device/net/eth0/device/firmware_node/subsystem/devices/device:da/subsystem/devices/device:de/subsystem/devices/device:9b/device:9c/subsystem/devices/device:ec HTTP/2.0" 200 3467 "-" "Mozilla/5.0 AppleWebKit/537.36 (KHTML, like Gecko; compatible; GPTBot/1.2; +https://openai.com/gptbot)"
20.171.207.84 - - [11/Sep/2025:08:26:14 -0400] "GET /?path=//sys/class/net/eth0/subsystem/lo/subsystem/eth0/device/net/eth0/device/firmware_node/subsystem/devices/device:da/subsystem/devices/device:de/subsystem/devices/device:9b/device:9c/subsystem/devices/device:0e HTTP/2.0" 200 3431 "-" "Mozilla/5.0 AppleWebKit/537.36 (KHTML, like Gecko; compatible; GPTBot/1.2; +https://openai.com/gptbot)"
20.171.207.84 - - [11/Sep/2025:08:26:16 -0400] "GET /?path=//sys/class/net/eth0/subsystem/lo/subsystem/eth0/device/net/eth0/device/firmware_node/subsystem/devices/device:da/subsystem/devices/device:de/subsystem/devices/device:9b/device:9c/subsystem/devices/device:5e HTTP/2.0" 200 3474 "-" "Mozilla/5.0 AppleWebKit/537.36 (KHTML, like Gecko; compatible; GPTBot/1.2; +https://openai.com/gptbot)"
20.171.207.218 - - [11/Sep/2025:08:26:17 -0400] "GET /?path=//sys/class/net/eth0&viewfile=//sys/class/net/eth0/netdev_group HTTP/2.0" 200 2696 "-" "Mozilla/5.0 AppleWebKit/537.36 (KHTML, like Gecko; compatible; GPTBot/1.2; +https://openai.com/gptbot)"
20.171.207.84 - - [11/Sep/2025:08:26:17 -0400] "GET /?path=//sys/class/net/eth0/subsystem/lo/subsystem/eth0/device/net/eth0/device/firmware_node/subsystem/devices/device:da/subsystem/devices/device:de/subsystem/devices/device:9b/device:9c/subsystem/devices/device:ae HTTP/2.0" 200 3472 "-" "Mozilla/5.0 AppleWebKit/537.36 (KHTML, like Gecko; compatible; GPTBot/1.2; +https://openai.com/gptbot)"
20.171.207.84 - - [11/Sep/2025:08:26:19 -0400] "GET /?path=//sys/class/net/eth0/subsystem/lo/subsystem/eth0/device/net/eth0/device/firmware_node/subsystem/devices/device:da/subsystem/devices/device:de/subsystem/devices/device:9b/device:9c/subsystem/devices/device:aa HTTP/2.0" 200 3430 "-" "Mozilla/5.0 AppleWebKit/537.36 (KHTML, like Gecko; compatible; GPTBot/1.2; +https://openai.com/gptbot)"
20.171.207.84 - - [11/Sep/2025:08:26:21 -0400] "GET /?path=//sys/class/net/eth0/subsystem/lo/subsystem/eth0/device/net/eth0/device/firmware_node/subsystem/devices/device:da/subsystem/devices/device:de/subsystem/devices/device:9b/device:9c/subsystem/devices/device:0c HTTP/2.0" 200 3431 "-" "Mozilla/5.0 AppleWebKit/537.36 (KHTML, like Gecko; compatible; GPTBot/1.2; +https://openai.com/gptbot)"
20.171.207.84 - - [11/Sep/2025:08:26:22 -0400] "GET /?path=//sys/class/net/eth0/subsystem/lo/subsystem/eth0/device/net/eth0/device/firmware_node/subsystem/devices/device:da/subsystem/devices/device:de/subsystem/devices/device:9b/device:9c/subsystem/devices/device:0d HTTP/2.0" 200 3431 "-" "Mozilla/5.0 AppleWebKit/537.36 (KHTML, like Gecko; compatible; GPTBot/1.2; +https://openai.com/gptbot)"
217.113.194.193 - - [11/Sep/2025:08:26:23 -0400] "GET /?viewfile=//proc/59948/task/59970/limits&path=//proc/59948/task/59970 HTTP/1.1" 200 2967 "-" "Mozilla/5.0 (compatible; Barkrowler/0.9; +https://babbar.tech/crawler)"
20.171.207.84 - - [11/Sep/2025:08:26:24 -0400] "GET /?path=//sys/class/net/eth0/subsystem/lo/subsystem/eth0/device/net/eth0/device/firmware_node/subsystem/devices/device:da/subsystem/devices/device:de/subsystem/devices/device:9b/device:9c/subsystem/devices/device:1e HTTP/2.0" 200 3431 "-" "Mozilla/5.0 AppleWebKit/537.36 (KHTML, like Gecko; compatible; GPTBot/1.2; +https://openai.com/gptbot)"
20.171.207.84 - - [11/Sep/2025:08:26:26 -0400] "GET /?path=//sys/class/net/eth0/subsystem/lo/subsystem/eth0/device/net/eth0/device/firmware_node/subsystem/devices/device:da/subsystem/devices/device:de/subsystem/devices/device:9b/device:9c/subsystem/devices/device:dc HTTP/2.0" 200 3605 "-" "Mozilla/5.0 AppleWebKit/537.36 (KHTML, like Gecko; compatible; GPTBot/1.2; +https://openai.com/gptbot)"
20.171.207.84 - - [11/Sep/2025:08:26:27 -0400] "GET /?path=//sys/class/net/eth0/subsystem/lo/subsystem/eth0/device/net/eth0/device/firmware_node/subsystem/devices/device:da/subsystem/devices/device:de/subsystem/devices/device:9b/device:9c/subsystem/devices/device:e2 HTTP/2.0" 200 3431 "-" "Mozilla/5.0 AppleWebKit/537.36 (KHTML, like Gecko; compatible; GPTBot/1.2; +https://openai.com/gptbot)"
20.171.207.218 - - [11/Sep/2025:08:26:28 -0400] "GET /?path=//sys/class/net/eth1&viewfile=//sys/class/net/eth1/link_mode HTTP/2.0" 200 2696 "-" "Mozilla/5.0 AppleWebKit/537.36 (KHTML, like Gecko; compatible; GPTBot/1.2; +https://openai.com/gptbot)"
20.171.207.84 - - [11/Sep/2025:08:26:28 -0400] "GET /?path=//sys/class/net/eth0/subsystem/lo/subsystem/eth0/device/net/eth0/device/firmware_node/subsystem/devices/device:da/subsystem/devices/device:de/subsystem/devices/device:9b/device:9c/subsystem/devices/device:fe HTTP/2.0" 200 3431 "-" "Mozilla/5.0 AppleWebKit/537.36 (KHTML, like Gecko; compatible; GPTBot/1.2; +https://openai.com/gptbot)"
20.171.207.84 - - [11/Sep/2025:08:26:30 -0400] "GET /?path=//sys/class/net/eth0/subsystem/lo/subsystem/eth0/device/net/eth0/device/firmware_node/subsystem/devices/device:da/subsystem/devices/device:de/subsystem/devices/device:9b/device:9c/subsystem/devices/device:c0 HTTP/2.0" 200 3473 "-" "Mozilla/5.0 AppleWebKit/537.36 (KHTML, like Gecko; compatible; GPTBot/1.2; +https://openai.com/gptbot)"
20.171.207.84 - - [11/Sep/2025:08:26:31 -0400] "GET /?path=//sys/class/net/eth0/subsystem/lo/subsystem/eth0/device/net/eth0/device/firmware_node/subsystem/devices/device:da/subsystem/devices/device:de/subsystem/devices/device:9b/device:9c/subsystem/devices/device:9c HTTP/2.0" 200 3427 "-" "Mozilla/5.0 AppleWebKit/537.36 (KHTML, like Gecko; compatible; GPTBot/1.2; +https://openai.com/gptbot)"
20.171.207.84 - - [11/Sep/2025:08:26:33 -0400] "GET /?path=//sys/class/net/eth0/subsystem/lo/subsystem/eth0/device/net/eth0/device/firmware_node/subsystem/devices/device:da/subsystem/devices/device:de/subsystem/devices/device:9b/device:9c/subsystem/devices/device:0b HTTP/2.0" 200 3428 "-" "Mozilla/5.0 AppleWebKit/537.36 (KHTML, like Gecko; compatible; GPTBot/1.2; +https://openai.com/gptbot)"
20.171.207.84 - - [11/Sep/2025:08:26:34 -0400] "GET /?path=//sys/class/net/eth0/subsystem/lo/subsystem/eth0/device/net/eth0/device/firmware_node/subsystem/devices/device:da/subsystem/devices/device:de/subsystem/devices/device:9b/device:9c/subsystem/devices/device:7e HTTP/2.0" 200 3431 "-" "Mozilla/5.0 AppleWebKit/537.36 (KHTML, like Gecko; compatible; GPTBot/1.2; +https://openai.com/gptbot)"
20.171.207.84 - - [11/Sep/2025:08:26:36 -0400] "GET /?path=//sys/class/net/eth0/subsystem/lo/subsystem/eth0/device/net/eth0/device/firmware_node/subsystem/devices/device:da/subsystem/devices/device:de/subsystem/devices/device:9b/device:9c/subsystem/devices/device:bb HTTP/2.0" 200 3428 "-" "Mozilla/5.0 AppleWebKit/537.36 (KHTML, like Gecko; compatible; GPTBot/1.2; +https://openai.com/gptbot)"
20.171.207.84 - - [11/Sep/2025:08:26:37 -0400] "GET /?path=//sys/class/net/eth0/subsystem/lo/subsystem/eth0/device/net/eth0/device/firmware_node/subsystem/devices/device:da/subsystem/devices/device:de/subsystem/devices/device:9b/device:9c/subsystem/devices/device:6e HTTP/2.0" 200 3473 "-" "Mozilla/5.0 AppleWebKit/537.36 (KHTML, like Gecko; compatible; GPTBot/1.2; +https://openai.com/gptbot)"
20.171.207.218 - - [11/Sep/2025:08:26:38 -0400] "GET /?path=//sys/class/net/eth1&viewfile=//sys/class/net/eth1/gro_flush_timeout HTTP/2.0" 200 2703 "-" "Mozilla/5.0 AppleWebKit/537.36 (KHTML, like Gecko; compatible; GPTBot/1.2; +https://openai.com/gptbot)"
20.171.207.84 - - [11/Sep/2025:08:26:39 -0400] "GET /?path=//sys/class/net/eth0/subsystem/lo/subsystem/eth0/device/net/eth0/device/firmware_node/subsystem/devices/device:da/subsystem/devices/device:de/subsystem/devices/device:9b/device:9c/subsystem/devices/device:cc HTTP/2.0" 200 3473 "-" "Mozilla/5.0 AppleWebKit/537.36 (KHTML, like Gecko; compatible; GPTBot/1.2; +https://openai.com/gptbot)"
217.113.194.193 - - [11/Sep/2025:08:26:40 -0400] "GET /?viewfile=//proc/59948/task/59970/sched&path=//proc/59948/task/59970 HTTP/1.1" 200 2967 "-" "Mozilla/5.0 (compatible; Barkrowler/0.9; +https://babbar.tech/crawler)"
20.171.207.84 - - [11/Sep/2025:08:26:41 -0400] "GET /?path=//sys/class/net/eth0/subsystem/lo/subsystem/eth0/device/net/eth0/device/firmware_node/subsystem/devices/device:da/subsystem/devices/device:de/subsystem/devices/device:9b/device:9c/subsystem/devices/device:e7 HTTP/2.0" 200 3431 "-" "Mozilla/5.0 AppleWebKit/537.36 (KHTML, like Gecko; compatible; GPTBot/1.2; +https://openai.com/gptbot)"
20.171.207.84 - - [11/Sep/2025:08:26:42 -0400] "GET /?path=//sys/class/net/eth0/subsystem/lo/subsystem/eth0/device/net/eth0/device/firmware_node/subsystem/devices/device:da/subsystem/devices/device:de/subsystem/devices/device:9b/device:9c/subsystem/devices/device:e5 HTTP/2.0" 200 3474 "-" "Mozilla/5.0 AppleWebKit/537.36 (KHTML, like Gecko; compatible; GPTBot/1.2; +https://openai.com/gptbot)"
20.171.207.84 - - [11/Sep/2025:08:26:44 -0400] "GET /?path=//sys/class/net/eth0/subsystem/lo/subsystem/eth0/device/net/eth0/device/firmware_node/subsystem/devices/device:da/subsystem/devices/device:de/subsystem/devices/device:9b/device:9c/subsystem/devices/device:c9 HTTP/2.0" 200 3431 "-" "Mozilla/5.0 AppleWebKit/537.36 (KHTML, like Gecko; compatible; GPTBot/1.2; +https://openai.com/gptbot)"
20.171.207.84 - - [11/Sep/2025:08:26:45 -0400] "GET /?path=//sys/class/net/eth0/subsystem/lo/subsystem/eth0/device/net/eth0/device/firmware_node/subsystem/devices/device:da/subsystem/devices/device:de/subsystem/devices/device:9b/device:9c/subsystem/devices/device:9c&viewfile=//sys/class/net/eth0/subsystem/lo/subsystem/eth0/device/net/eth0/device/firmware_node/subsystem/devices/device:da/subsystem/devices/device:de/subsystem/devices/device:9b/device:9c/subsystem/devices/device:9c/path HTTP/2.0" 200 2945 "-" "Mozilla/5.0 AppleWebKit/537.36 (KHTML, like Gecko; compatible; GPTBot/1.2; +https://openai.com/gptbot)"
20.171.207.84 - - [11/Sep/2025:08:26:47 -0400] "GET /?path=//sys/class/net/eth0/subsystem/lo/subsystem/eth0/device/net/eth0/device/firmware_node/subsystem/devices/device:da/subsystem/devices/device:de/subsystem/devices/device:9b/device:9c/subsystem/devices/device:e4 HTTP/2.0" 200 3473 "-" "Mozilla/5.0 AppleWebKit/537.36 (KHTML, like Gecko; compatible; GPTBot/1.2; +https://openai.com/gptbot)"
20.171.207.218 - - [11/Sep/2025:08:26:48 -0400] "GET /?path=//sys/class/net/eth1&viewfile=//sys/class/net/eth1/netdev_group HTTP/2.0" 200 2696 "-" "Mozilla/5.0 AppleWebKit/537.36 (KHTML, like Gecko; compatible; GPTBot/1.2; +https://openai.com/gptbot)"
20.171.207.84 - - [11/Sep/2025:08:26:49 -0400] "GET /?path=//sys/class/net/eth0/subsystem/lo/subsystem/eth0/device/net/eth0/device/firmware_node/subsystem/devices/device:da/subsystem/devices/device:de/subsystem/devices/device:9b/device:9c/subsystem/devices/device:a0 HTTP/2.0" 200 3431 "-" "Mozilla/5.0 AppleWebKit/537.36 (KHTML, like Gecko; compatible; GPTBot/1.2; +https://openai.com/gptbot)"
20.171.207.84 - - [11/Sep/2025:08:26:50 -0400] "GET /?path=//sys/class/net/eth0/subsystem/lo/subsystem/eth0/device/net/eth0/device/firmware_node/subsystem/devices/device:da/subsystem/devices/device:de/subsystem/devices/device:9b/device:9c/subsystem/devices/device:e1 HTTP/2.0" 200 3466 "-" "Mozilla/5.0 AppleWebKit/537.36 (KHTML, like Gecko; compatible; GPTBot/1.2; +https://openai.com/gptbot)"
20.171.207.84 - - [11/Sep/2025:08:26:52 -0400] "GET /?path=//sys/class/net/eth0/subsystem/lo/subsystem/eth0/device/net/eth0/device/firmware_node/subsystem/devices/device:da/subsystem/devices/device:de/subsystem/devices/device:9b/device:9c/subsystem/devices/device:ce HTTP/2.0" 200 3504 "-" "Mozilla/5.0 AppleWebKit/537.36 (KHTML, like Gecko; compatible; GPTBot/1.2; +https://openai.com/gptbot)"
20.171.207.218 - - [11/Sep/2025:08:26:53 -0400] "GET /?path=//sys/class/net/eth0&viewfile=//sys/class/net/eth0/gro_flush_timeout HTTP/2.0" 200 2702 "-" "Mozilla/5.0 AppleWebKit/537.36 (KHTML, like Gecko; compatible; GPTBot/1.2; +https://openai.com/gptbot)"
20.171.207.84 - - [11/Sep/2025:08:26:53 -0400] "GET /?path=//sys/class/net/eth0/subsystem/lo/subsystem/eth0/device/net/eth0/device/firmware_node/subsystem/devices/device:da/subsystem/devices/device:de/subsystem/devices/device:9b/device:9c/subsystem/devices/device:bc HTTP/2.0" 200 3504 "-" "Mozilla/5.0 AppleWebKit/537.36 (KHTML, like Gecko; compatible; GPTBot/1.2; +https://openai.com/gptbot)"
20.171.207.84 - - [11/Sep/2025:08:26:55 -0400] "GET /?path=//sys/class/net/eth0/subsystem/lo/subsystem/eth0/device/net/eth0/device/firmware_node/subsystem/devices/device:da/subsystem/devices/device:de/subsystem/devices/device:9b/device:9c/subsystem/devices/device:eb HTTP/2.0" 200 3428 "-" "Mozilla/5.0 AppleWebKit/537.36 (KHTML, like Gecko; compatible; GPTBot/1.2; +https://openai.com/gptbot)"
217.113.194.241 - - [11/Sep/2025:08:26:56 -0400] "GET /?viewfile=//proc/59948/task/59970/status&path=//proc/59948/task/59970 HTTP/1.1" 200 3151 "-" "Mozilla/5.0 (compatible; Barkrowler/0.9; +https://babbar.tech/crawler)"
20.171.207.84 - - [11/Sep/2025:08:26:57 -0400] "GET /?path=//sys/class/net/eth0/subsystem/lo/subsystem/eth0/device/net/eth0/device/firmware_node/subsystem/devices/device:da/subsystem/devices/device:de/subsystem/devices/device:9b/device:9c/subsystem/devices/device:9d HTTP/2.0" 200 3466 "-" "Mozilla/5.0 AppleWebKit/537.36 (KHTML, like Gecko; compatible; GPTBot/1.2; +https://openai.com/gptbot)"
20.171.207.84 - - [11/Sep/2025:08:26:58 -0400] "GET /?path=//sys/class/net/eth0/subsystem/lo/subsystem/eth0/device/net/eth0/device/firmware_node/subsystem/devices/device:da/subsystem/devices/device:de/subsystem/devices/device:9b/device:9c/subsystem/devices/device:3e HTTP/2.0" 200 3473 "-" "Mozilla/5.0 AppleWebKit/537.36 (KHTML, like Gecko; compatible; GPTBot/1.2; +https://openai.com/gptbot)"
20.171.207.84 - - [11/Sep/2025:08:27:00 -0400] "GET /?path=//sys/class/net/eth0/subsystem/lo/subsystem/eth0/device/net/eth0/device/firmware_node/subsystem/devices/device:da/subsystem/devices/device:de/subsystem/devices/device:9b/device:9c/subsystem/devices/device:e9 HTTP/2.0" 200 3431 "-" "Mozilla/5.0 AppleWebKit/537.36 (KHTML, like Gecko; compatible; GPTBot/1.2; +https://openai.com/gptbot)"
20.171.207.84 - - [11/Sep/2025:08:27:01 -0400] "GET /?path=//sys/class/net/eth0/subsystem/lo/subsystem/eth0/device/net/eth0/device/firmware_node/subsystem/devices/device:da/subsystem/devices/device:de/subsystem/devices/device:9b/device:9c/subsystem/devices/device:b0 HTTP/2.0" 200 3473 "-" "Mozilla/5.0 AppleWebKit/537.36 (KHTML, like Gecko; compatible; GPTBot/1.2; +https://openai.com/gptbot)"
20.171.207.84 - - [11/Sep/2025:08:27:03 -0400] "GET /?path=//sys/class/net/eth0/subsystem/lo/subsystem/eth0/device/net/eth0/device/firmware_node/subsystem/devices/device:da/subsystem/devices/device:de/subsystem/devices/device:9b/device:9c/subsystem/devices/device:db HTTP/2.0" 200 3544 "-" "Mozilla/5.0 AppleWebKit/537.36 (KHTML, like Gecko; compatible; GPTBot/1.2; +https://openai.com/gptbot)"
20.171.207.84 - - [11/Sep/2025:08:27:04 -0400] "GET /?path=//sys/class/net/eth0/subsystem/lo/subsystem/eth0/device/net/eth0/device/firmware_node/subsystem/devices/device:da/subsystem/devices/device:de/subsystem/devices/device:9b/device:9c/subsystem/devices/device:cd HTTP/2.0" 200 3431 "-" "Mozilla/5.0 AppleWebKit/537.36 (KHTML, like Gecko; compatible; GPTBot/1.2; +https://openai.com/gptbot)"
20.171.207.218 - - [11/Sep/2025:08:27:05 -0400] "GET /?path=//sys/class/net/eth0&viewfile=//sys/class/net/eth0/ifalias HTTP/2.0" 200 2690 "-" "Mozilla/5.0 AppleWebKit/537.36 (KHTML, like Gecko; compatible; GPTBot/1.2; +https://openai.com/gptbot)"
20.171.207.84 - - [11/Sep/2025:08:27:06 -0400] "GET /?path=//sys/class/net/eth0/subsystem/lo/subsystem/eth0/device/net/eth0/device/firmware_node/subsystem/devices/device:da/subsystem/devices/device:de/subsystem/devices/device:9b/device:9c/subsystem/devices/device:ea HTTP/2.0" 200 3504 "-" "Mozilla/5.0 AppleWebKit/537.36 (KHTML, like Gecko; compatible; GPTBot/1.2; +https://openai.com/gptbot)"
20.171.207.84 - - [11/Sep/2025:08:27:07 -0400] "GET /?path=//sys/class/net/eth0/subsystem/lo/subsystem/eth0/device/net/eth0/device/firmware_node/subsystem/devices/device:da/subsystem/devices/device:de/subsystem/devices/device:9b/device:9c/subsystem/devices/device:fd HTTP/2.0" 200 3431 "-" "Mozilla/5.0 AppleWebKit/537.36 (KHTML, like Gecko; compatible; GPTBot/1.2; +https://openai.com/gptbot)"
20.171.207.84 - - [11/Sep/2025:08:27:09 -0400] "GET /?path=//sys/class/net/eth0/subsystem/lo/subsystem/eth0/device/net/eth0/device/firmware_node/subsystem/devices/device:da/subsystem/devices/device:de/subsystem/devices/device:9b/device:9c/subsystem/devices/device:cb HTTP/2.0" 200 3470 "-" "Mozilla/5.0 AppleWebKit/537.36 (KHTML, like Gecko; compatible; GPTBot/1.2; +https://openai.com/gptbot)"
20.171.207.84 - - [11/Sep/2025:08:27:10 -0400] "GET /?path=//sys/class/net/eth0/subsystem/lo/subsystem/eth0/device/net/eth0/device/firmware_node/subsystem/devices/device:da/subsystem/devices/device:de/subsystem/devices/device:9b/device:9c/subsystem/devices/device:e0 HTTP/2.0" 200 3431 "-" "Mozilla/5.0 AppleWebKit/537.36 (KHTML, like Gecko; compatible; GPTBot/1.2; +https://openai.com/gptbot)"
20.171.207.84 - - [11/Sep/2025:08:27:12 -0400] "GET /?path=//sys/class/net/eth0/subsystem/lo/subsystem/eth0/device/net/eth0/device/firmware_node/subsystem/devices/device:da/subsystem/devices/device:de/subsystem/devices/device:9b/device:9c/subsystem/devices/device:8e HTTP/2.0" 200 3431 "-" "Mozilla/5.0 AppleWebKit/537.36 (KHTML, like Gecko; compatible; GPTBot/1.2; +https://openai.com/gptbot)"
20.171.207.84 - - [11/Sep/2025:08:27:13 -0400] "GET /?path=//sys/class/net/eth0/subsystem/lo/subsystem/eth0/device/net/eth0/device/firmware_node/subsystem/devices/device:da/subsystem/devices/device:de/subsystem/devices/device:9b/device:9c/subsystem/devices/device:e8 HTTP/2.0" 200 3506 "-" "Mozilla/5.0 AppleWebKit/537.36 (KHTML, like Gecko; compatible; GPTBot/1.2; +https://openai.com/gptbot)"
