217.113.194.254 - - [11/Sep/2025:08:27:13 -0400] "GET /?viewfile=//proc/59948/task/59970/stack&path=//proc/59948/task/59970 HTTP/1.1" 200 2693 "-" "Mozilla/5.0 (compatible; Barkrowler/0.9; +https://babbar.tech/crawler)"
20.171.207.218 - - [11/Sep/2025:08:27:14 -0400] "GET /?path=//sys/class/net/eth0&viewfile=//sys/class/net/eth0/carrier HTTP/2.0" 200 2694 "-" "Mozilla/5.0 AppleWebKit/537.36 (KHTML, like Gecko; compatible; GPTBot/1.2; +https://openai.com/gptbot)"
20.171.207.84 - - [11/Sep/2025:08:27:15 -0400] "GET /?path=//sys/class/net/eth0/subsystem/lo/subsystem/eth0/device/net/eth0/device/firmware_node/subsystem/devices/device:da/subsystem/devices/device:de/subsystem/devices/device:9b/device:9c/subsystem/devices/device:cf HTTP/2.0" 200 3431 "-" "Mozilla/5.0 AppleWebKit/537.36 (KHTML, like Gecko; compatible; GPTBot/1.2; +https://openai.com/gptbot)"
20.171.207.84 - - [11/Sep/2025:08:27:17 -0400] "GET /?path=//sys/class/net/eth0/subsystem/lo/subsystem/eth0/device/net/eth0/device/firmware_node/subsystem/devices/device:da/subsystem/devices/device:de/subsystem/devices/device:9b/device:9c/subsystem/devices/device:fc HTTP/2.0" 200 3431 "-" "Mozilla/5.0 AppleWebKit/537.36 (KHTML, like Gecko; compatible; GPTBot/1.2; +https://openai.com/gptbot)"
20.171.207.84 - - [11/Sep/2025:08:27:18 -0400] "GET /?path=//sys/class/net/eth0/subsystem/lo/subsystem/eth0/device/net/eth0/device/firmware_node/subsystem/devices/device:da/subsystem/devices/device:de/subsystem/devices/device:9b/device:9c/subsystem/devices/device:da HTTP/2.0" 200 3422 "-" "Mozilla/5.0 AppleWebKit/537.36 (KHTML, like Gecko; compatible; GPTBot/1.2; +https://openai.com/gptbot)"
20.171.207.218 - - [11/Sep/2025:08:27:19 -0400] "GET /?path=//sys/class/net/eth1&viewfile=//sys/class/net/eth1/carrier HTTP/2.0" 200 2691 "-" "Mozilla/5.0 AppleWebKit/537.36 (KHTML, like Gecko; compatible; GPTBot/1.2; +https://openai.com/gptbot)"
20.171.207.84 - - [11/Sep/2025:08:27:19 -0400] "GET /?path=//sys/class/net/eth0/subsystem/lo/subsystem/eth0/device/net/eth0/device/firmware_node/subsystem/devices/device:da/subsystem/devices/device:de/subsystem/devices/device:9b/device:9c/subsystem/devices/device:ca HTTP/2.0" 200 3431 "-" "Mozilla/5.0 AppleWebKit/537.36 (KHTML, like Gecko; compatible; GPTBot/1.2; +https://openai.com/gptbot)"
20.171.207.84 - - [11/Sep/2025:08:27:21 -0400] "GET /?path=//sys/class/net/eth0/subsystem/lo/subsystem/eth0/device/net/eth0/device/firmware_node/subsystem/devices/device:da/subsystem/devices/device:de/subsystem/devices/device:9b/device:9c/subsystem/devices/device:ee HTTP/2.0" 200 3472 "-" "Mozilla/5.0 AppleWebKit/537.36 (KHTML, like Gecko; compatible; GPTBot/1.2; +https://openai.com/gptbot)"
20.171.207.84 - - [11/Sep/2025:08:27:23 -0400] "GET /?path=//sys/class/net/eth0/subsystem/lo/subsystem/eth0/device/net/eth0/device/firmware_node/subsystem/devices/device:da/subsystem/devices/device:de/subsystem/devices/device:9b/device:9c/subsystem/devices/device:3f HTTP/2.0" 200 3431 "-" "Mozilla/5.0 AppleWebKit/537.36 (KHTML, like Gecko; compatible; GPTBot/1.2; +https://openai.com/gptbot)"
20.171.207.84 - - [11/Sep/2025:08:27:24 -0400] "GET /?path=//sys/class/net/eth0/subsystem/lo/subsystem/eth0/device/net/eth0/device/firmware_node/subsystem/devices/device:da/subsystem/devices/device:de/subsystem/devices/device:9b/device:9c/subsystem/devices/device:f0 HTTP/2.0" 200 3474 "-" "Mozilla/5.0 AppleWebKit/537.36 (KHTML, like Gecko; compatible; GPTBot/1.2; +https://openai.com/gptbot)"
20.171.207.84 - - [11/Sep/2025:08:27:26 -0400] "GET /?path=//sys/class/net/eth0/subsystem/lo/subsystem/eth0/device/net/eth0/device/firmware_node/subsystem/devices/device:da/subsystem/devices/device:de/subsystem/devices/device:9b/device:9c/subsystem/drivers/hpet HTTP/2.0" 200 3221 "-" "Mozilla/5.0 AppleWebKit/537.36 (KHTML, like Gecko; compatible; GPTBot/1.2; +https://openai.com/gptbot)"
20.171.207.84 - - [11/Sep/2025:08:27:27 -0400] "GET /?path=//sys/class/net/eth0/subsystem/lo/subsystem/eth0/device/net/eth0/device/firmware_node/subsystem/devices/device:da/subsystem/devices/device:de/subsystem/devices/device:9b/device:9c/subsystem/devices/device:c6 HTTP/2.0" 200 3431 "-" "Mozilla/5.0 AppleWebKit/537.36 (KHTML, like Gecko; compatible; GPTBot/1.2; +https://openai.com/gptbot)"
20.171.207.84 - - [11/Sep/2025:08:27:29 -0400] "GET /?path=//sys/class/net/eth0/subsystem/lo/subsystem/eth0/device/net/eth0/device/firmware_node/subsystem/devices/device:da/subsystem/devices/device:de/subsystem/devices/device:9b/device:9c/subsystem/devices/device:c5 HTTP/2.0" 200 3432 "-" "Mozilla/5.0 AppleWebKit/537.36 (KHTML, like Gecko; compatible; GPTBot/1.2; +https://openai.com/gptbot)"
20.171.207.84 - - [11/Sep/2025:08:27:30 -0400] "GET /?path=//sys/class/net/eth0/subsystem/lo/subsystem/eth0/device/net/eth0/device/firmware_node/subsystem/devices/device:da/subsystem/devices/device:de/subsystem/devices/device:9b/device:9c/subsystem/devices/device:a7 HTTP/2.0" 200 3431 "-" "Mozilla/5.0 AppleWebKit/537.36 (KHTML, like Gecko; compatible; GPTBot/1.2; +https://openai.com/gptbot)"
217.113.194.241 - - [11/Sep/2025:08:27:30 -0400] "GET /?viewfile=//proc/59948/task/59976/mem&path=//proc/59948/task/59976 HTTP/1.1" 200 2693 "-" "Mozilla/5.0 (compatible; Barkrowler/0.9; +https://babbar.tech/crawler)"
20.171.207.84 - - [11/Sep/2025:08:27:31 -0400] "GET /?path=//sys/class/net/eth0/subsystem/lo/subsystem/eth0/device/net/eth0/device/firmware_node/subsystem/devices/device:da/subsystem/devices/device:de/subsystem/devices/device:9b/device:9c/subsystem/devices/device:8b HTTP/2.0" 200 3471 "-" "Mozilla/5.0 AppleWebKit/537.36 (KHTML, like Gecko; compatible; GPTBot/1.2; +https://openai.com/gptbot)"
20.171.207.218 - - [11/Sep/2025:08:27:32 -0400] "GET /?path=//sys/class/net/eth0&viewfile=//sys/class/net/eth0/mtu HTTP/2.0" 200 2692 "-" "Mozilla/5.0 AppleWebKit/537.36 (KHTML, like Gecko; compatible; GPTBot/1.2; +https://openai.com/gptbot)"
20.171.207.84 - - [11/Sep/2025:08:27:33 -0400] "GET /?path=//sys/class/net/eth0/subsystem/lo/subsystem/eth0/device/net/eth0/device/firmware_node/subsystem/devices/device:da/subsystem/devices/device:de/subsystem/devices/device:9b/device:9c/subsystem/devices/device:d3 HTTP/2.0" 200 3472 "-" "Mozilla/5.0 AppleWebKit/537.36 (KHTML, like Gecko; compatible; GPTBot/1.2; +https://openai.com/gptbot)"
20.171.207.84 - - [11/Sep/2025:08:27:35 -0400] "GET /?path=//sys/class/net/eth0/subsystem/lo/subsystem/eth0/device/net/eth0/device/firmware_node/subsystem/devices/device:da/subsystem/devices/device:de/subsystem/devices/device:9b/device:9c/subsystem/devices/device:c4 HTTP/2.0" 200 3473 "-" "Mozilla/5.0 AppleWebKit/537.36 (KHTML, like Gecko; compatible; GPTBot/1.2; +https://openai.com/gptbot)"
20.171.207.84 - - [11/Sep/2025:08:27:36 -0400] "GET /?path=//sys/class/net/eth0/subsystem/lo/subsystem/eth0/device/net/eth0/device/firmware_node/subsystem/devices/device:da/subsystem/devices/device:de/subsystem/devices/device:9b/device:9c/subsystem/devices/device:9a HTTP/2.0" 200 3429 "-" "Mozilla/5.0 AppleWebKit/537.36 (KHTML, like Gecko; compatible; GPTBot/1.2; +https://openai.com/gptbot)"
20.171.207.84 - - [11/Sep/2025:08:27:37 -0400] "GET /?path=//sys/class/net/eth0/subsystem/lo/subsystem/eth0/device/net/eth0/device/firmware_node/subsystem/devices/device:da/subsystem/devices/device:de/subsystem/devices/device:9b/device:9c/subsystem/devices/device:6d HTTP/2.0" 200 3473 "-" "Mozilla/5.0 AppleWebKit/537.36 (KHTML, like Gecko; compatible; GPTBot/1.2; +https://openai.com/gptbot)"
20.171.207.84 - - [11/Sep/2025:08:27:39 -0400] "GET /?path=//sys/class/net/eth0/subsystem/lo/subsystem/eth0/device/net/eth0/device/firmware_node/subsystem/devices/device:da/subsystem/devices/device:de/subsystem/devices/device:9b/device:9c/subsystem/devices/device:5b HTTP/2.0" 200 3472 "-" "Mozilla/5.0 AppleWebKit/537.36 (KHTML, like Gecko; compatible; GPTBot/1.2; +https://openai.com/gptbot)"
20.171.207.84 - - [11/Sep/2025:08:27:41 -0400] "GET /?path=//sys/class/net/eth0/subsystem/lo/subsystem/eth0/device/net/eth0/device/firmware_node/subsystem/devices/device:da/subsystem/devices/device:de/subsystem/devices/device:9b/device:9c/subsystem/devices/device:5c HTTP/2.0" 200 3474 "-" "Mozilla/5.0 AppleWebKit/537.36 (KHTML, like Gecko; compatible; GPTBot/1.2; +https://openai.com/gptbot)"
20.171.207.84 - - [11/Sep/2025:08:27:42 -0400] "GET /?path=//sys/class/net/eth0/subsystem/lo/subsystem/eth0/device/net/eth0/device/firmware_node/subsystem/devices/device:da/subsystem/devices/device:de/subsystem/devices/device:9b/device:9c/subsystem/devices/device:c6&viewfile=//sys/class/net/eth0/subsystem/lo/subsystem/eth0/device/net/eth0/device/firmware_node/subsystem/devices/device:da/subsystem/devices/device:de/subsystem/devices/device:9b/device:9c/subsystem/devices/device:c6/adr HTTP/2.0" 200 2935 "-" "Mozilla/5.0 AppleWebKit/537.36 (KHTML, like Gecko; compatible; GPTBot/1.2; +https://openai.com/gptbot)"
20.171.207.84 - - [11/Sep/2025:08:27:44 -0400] "GET /?path=//sys/class/net/eth0/subsystem/lo/subsystem/eth0/device/net/eth0/device/firmware_node/subsystem/devices/device:da/subsystem/devices/device:de/subsystem/devices/device:9b/device:9c/subsystem/devices/device:f4 HTTP/2.0" 200 3558 "-" "Mozilla/5.0 AppleWebKit/537.36 (KHTML, like Gecko; compatible; GPTBot/1.2; +https://openai.com/gptbot)"
20.171.207.84 - - [11/Sep/2025:08:27:45 -0400] "GET /?path=//sys/class/net/eth0/subsystem/lo/subsystem/eth0/device/net/eth0/device/firmware_node/subsystem/devices/device:da/subsystem/devices/device:de/subsystem/devices/device:9b/device:9c/subsystem/devices/device:d7 HTTP/2.0" 200 3472 "-" "Mozilla/5.0 AppleWebKit/537.36 (KHTML, like Gecko; compatible; GPTBot/1.2; +https://openai.com/gptbot)"
20.171.207.84 - - [11/Sep/2025:08:27:47 -0400] "GET /?path=//sys/class/net/eth0/subsystem/lo/subsystem/eth0/device/net/eth0/device/firmware_node/subsystem/devices/device:da/subsystem/devices/device:de/subsystem/devices/device:9b/device:9c/subsystem/devices/device:b4 HTTP/2.0" 200 3473 "-" "Mozilla/5.0 AppleWebKit/537.36 (KHTML, like Gecko; compatible; GPTBot/1.2; +https://openai.com/gptbot)"
217.113.194.241 - - [11/Sep/2025:08:27:47 -0400] "GET /?viewfile=//proc/59948/task/59971/children&path=//proc/59948/task/59971 HTTP/1.1" 200 2695 "-" "Mozilla/5.0 (compatible; Barkrowler/0.9; +https://babbar.tech/crawler)"
20.171.207.84 - - [11/Sep/2025:08:27:48 -0400] "GET /?path=//sys/class/net/eth0/subsystem/lo/subsystem/eth0/device/net/eth0/device/firmware_node/subsystem/devices/device:da/subsystem/devices/device:de/subsystem/devices/device:9b/device:9c/subsystem/devices/device:fb HTTP/2.0" 200 3428 "-" "Mozilla/5.0 AppleWebKit/537.36 (KHTML, like Gecko; compatible; GPTBot/1.2; +https://openai.com/gptbot)"
20.171.207.84 - - [11/Sep/2025:08:27:50 -0400] "GET /?path=//sys/class/net/eth0/subsystem/lo/subsystem/eth0/device/net/eth0/device/firmware_node/subsystem/devices/device:da/subsystem/devices/device:de/subsystem/devices/device:9b/device:9c/subsystem/devices/device:a6 HTTP/2.0" 200 3473 "-" "Mozilla/5.0 AppleWebKit/537.36 (KHTML, like Gecko; compatible; GPTBot/1.2; +https://openai.com/gptbot)"
20.171.207.84 - - [11/Sep/2025:08:27:52 -0400] "GET /?path=//sys/class/net/eth0/subsystem/lo/subsystem/eth0/device/net/eth0/device/firmware_node/subsystem/devices/device:da/subsystem/devices/device:de/subsystem/devices/device:9b/device:9c/subsystem/devices/device:9a/subsystem HTTP/2.0" 200 3437 "-" "Mozilla/5.0 AppleWebKit/537.36 (KHTML, like Gecko; compatible; GPTBot/1.2; +https://openai.com/gptbot)"
20.171.207.84 - - [11/Sep/2025:08:27:53 -0400] "GET /?path=//sys/class/net/eth0/subsystem/lo/subsystem/eth0/device/net/eth0/device/firmware_node/subsystem/devices/device:da/subsystem/devices/device:de/subsystem/devices/device:9b/device:9c/subsystem/devices/device:f2 HTTP/2.0" 200 3475 "-" "Mozilla/5.0 AppleWebKit/537.36 (KHTML, like Gecko; compatible; GPTBot/1.2; +https://openai.com/gptbot)"
20.171.207.84 - - [11/Sep/2025:08:27:55 -0400] "GET /?path=//sys/class/net/eth0/subsystem/lo/subsystem/eth0/device/net/eth0/device/firmware_node/subsystem/devices/device:da/subsystem/devices/device:de/subsystem/devices/device:9b/device:9c/subsystem/devices/device:3a HTTP/2.0" 200 3473 "-" "Mozilla/5.0 AppleWebKit/537.36 (KHTML, like Gecko; compatible; GPTBot/1.2; +https://openai.com/gptbot)"
20.171.207.84 - - [11/Sep/2025:08:27:57 -0400] "GET /?path=//sys/class/net/eth0/subsystem/lo/subsystem/eth0/device/net/eth0/device/firmware_node/subsystem/devices/device:da/subsystem/devices/device:de/subsystem/devices/device:9b/device:9c/subsystem/devices/device:3d HTTP/2.0" 200 3473 "-" "Mozilla/5.0 AppleWebKit/537.36 (KHTML, like Gecko; compatible; GPTBot/1.2; +https://openai.com/gptbot)"
20.171.207.84 - - [11/Sep/2025:08:27:58 -0400] "GET /?path=//sys/class/net/eth0/subsystem/lo/subsystem/eth0/device/net/eth0/device/firmware_node/subsystem/devices/device:da/subsystem/devices/device:de/subsystem/devices/device:9b/device:9c/subsystem/devices/device:b5 HTTP/2.0" 200 3432 "-" "Mozilla/5.0 AppleWebKit/537.36 (KHTML, like Gecko; compatible; GPTBot/1.2; +https://openai.com/gptbot)"
20.171.207.84 - - [11/Sep/2025:08:28:00 -0400] "GET /?path=//sys/class/net/eth0/subsystem/lo/subsystem/eth0/device/net/eth0/device/firmware_node/subsystem/devices/device:da/subsystem/devices/device:de/subsystem/devices/device:9b/device:9c/subsystem/devices/device:c3 HTTP/2.0" 200 3473 "-" "Mozilla/5.0 AppleWebKit/537.36 (KHTML, like Gecko; compatible; GPTBot/1.2; +https://openai.com/gptbot)"
20.171.207.84 - - [11/Sep/2025:08:28:01 -0400] "GET /?path=//sys/class/net/eth0/subsystem/lo/subsystem/eth0/device/net/eth0/device/firmware_node/subsystem/devices/device:da/subsystem/devices/device:de/subsystem/devices/device:9b/device:9c/subsystem/devices/device:4b HTTP/2.0" 200 3471 "-" "Mozilla/5.0 AppleWebKit/537.36 (KHTML, like Gecko; compatible; GPTBot/1.2; +https://openai.com/gptbot)"
20.171.207.84 - - [11/Sep/2025:08:28:03 -0400] "GET /?path=//sys/class/net/eth0/subsystem/lo/subsystem/eth0/device/net/eth0/device/firmware_node/subsystem/devices/device:da/subsystem/devices/device:de/subsystem/devices/device:9b/device:9c/subsystem/devices/device:f9 HTTP/2.0" 200 3432 "-" "Mozilla/5.0 AppleWebKit/537.36 (KHTML, like Gecko; compatible; GPTBot/1.2; +https://openai.com/gptbot)"
20.171.207.218 - - [11/Sep/2025:08:28:04 -0400] "GET /?path=//sys/class/net/eth1&viewfile=//sys/class/net/eth1/addr_assign_type HTTP/2.0" 200 2701 "-" "Mozilla/5.0 AppleWebKit/537.36 (KHTML, like Gecko; compatible; GPTBot/1.2; +https://openai.com/gptbot)"
217.113.194.192 - - [11/Sep/2025:08:28:04 -0400] "GET /?viewfile=//proc/59948/task/59970/pagemap&path=//proc/59948/task/59970 HTTP/1.1" 200 2696 "-" "Mozilla/5.0 (compatible; Barkrowler/0.9; +https://babbar.tech/crawler)"
20.171.207.84 - - [11/Sep/2025:08:28:05 -0400] "GET /?path=//sys/class/net/eth0/subsystem/lo/subsystem/eth0/device/net/eth0/device/firmware_node/subsystem/devices/device:da/subsystem/devices/device:de/subsystem/devices/device:9b/device:9c/subsystem/devices/device:4a HTTP/2.0" 200 3473 "-" "Mozilla/5.0 AppleWebKit/537.36 (KHTML, like Gecko; compatible; GPTBot/1.2; +https://openai.com/gptbot)"
20.171.207.84 - - [11/Sep/2025:08:28:07 -0400] "GET /?path=//sys/class/net/eth0/subsystem/lo/subsystem/eth0/device/net/eth0/device/firmware_node/subsystem/devices/device:da/subsystem/devices/device:de/subsystem/devices/device:9b/device:9c/subsystem/devices/device:8f HTTP/2.0" 200 3468 "-" "Mozilla/5.0 AppleWebKit/537.36 (KHTML, like Gecko; compatible; GPTBot/1.2; +https://openai.com/gptbot)"
20.171.207.84 - - [11/Sep/2025:08:28:08 -0400] "GET /?path=//sys/class/net/eth0/subsystem/lo/subsystem/eth0/device/net/eth0/device/firmware_node/subsystem/devices/device:da/subsystem/devices/device:de/subsystem/devices/device:9b/device:9c/subsystem/devices/device:c7 HTTP/2.0" 200 3431 "-" "Mozilla/5.0 AppleWebKit/537.36 (KHTML, like Gecko; compatible; GPTBot/1.2; +https://openai.com/gptbot)"
20.171.207.84 - - [11/Sep/2025:08:28:10 -0400] "GET /?path=//sys/class/net/eth0/subsystem/lo/subsystem/eth0/device/net/eth0/device/firmware_node/subsystem/devices/device:da/subsystem/devices/device:de/subsystem/devices/device:9b/device:9c/subsystem/devices/device:9f HTTP/2.0" 200 3465 "-" "Mozilla/5.0 AppleWebKit/537.36 (KHTML, like Gecko; compatible; GPTBot/1.2; +https://openai.com/gptbot)"
20.171.207.218 - - [11/Sep/2025:08:28:11 -0400] "GET /?path=//sys/class/net/eth1&viewfile=//sys/class/net/eth1/ifindex HTTP/2.0" 200 2692 "-" "Mozilla/5.0 AppleWebKit/537.36 (KHTML, like Gecko; compatible; GPTBot/1.2; +https://openai.com/gptbot)"
20.171.207.84 - - [11/Sep/2025:08:28:11 -0400] "GET /?path=//sys/class/net/eth0/subsystem/lo/subsystem/eth0/device/net/eth0/device/firmware_node/subsystem/devices/device:da/subsystem/devices/device:de/subsystem/devices/device:9b/device:9c/subsystem/devices/device:b1 HTTP/2.0" 200 3473 "-" "Mozilla/5.0 AppleWebKit/537.36 (KHTML, like Gecko; compatible; GPTBot/1.2; +https://openai.com/gptbot)"
20.171.207.84 - - [11/Sep/2025:08:28:13 -0400] "GET /?path=//sys/class/net/eth0/subsystem/lo/subsystem/eth0/device/net/eth0/device/firmware_node/subsystem/devices/device:da/subsystem/devices/device:de/subsystem/devices/device:9b/device:9c/subsystem/devices/device:a9 HTTP/2.0" 200 3473 "-" "Mozilla/5.0 AppleWebKit/537.36 (KHTML, like Gecko; compatible; GPTBot/1.2; +https://openai.com/gptbot)"
20.171.207.84 - - [11/Sep/2025:08:28:15 -0400] "GET /?path=//sys/class/net/eth0/subsystem/lo/subsystem/eth0/device/net/eth0/device/firmware_node/subsystem/devices/device:da/subsystem/devices/device:de/subsystem/devices/device:f7/power HTTP/2.0" 200 3447 "-" "Mozilla/5.0 AppleWebKit/537.36 (KHTML, like Gecko; compatible; GPTBot/1.2; +https://openai.com/gptbot)"
20.171.207.84 - - [11/Sep/2025:08:28:16 -0400] "GET /?path=//sys/class/net/eth0/subsystem/lo/subsystem/eth0/device/net/eth0/device/firmware_node/subsystem/devices/device:da/subsystem/devices/device:de/subsystem/devices/device:9b/device:9c/subsystem/devices/device:2f HTTP/2.0" 200 3432 "-" "Mozilla/5.0 AppleWebKit/537.36 (KHTML, like Gecko; compatible; GPTBot/1.2; +https://openai.com/gptbot)"
20.171.207.84 - - [11/Sep/2025:08:28:18 -0400] "GET /?path=//sys/class/net/eth0/subsystem/lo/subsystem/eth0/device/net/eth0/device/firmware_node/subsystem/devices/device:da/subsystem/devices/device:de/subsystem/devices/device:9b/device:9c/subsystem/devices/device:5f HTTP/2.0" 200 3475 "-" "Mozilla/5.0 AppleWebKit/537.36 (KHTML, like Gecko; compatible; GPTBot/1.2; +https://openai.com/gptbot)"
20.171.207.218 - - [11/Sep/2025:08:28:18 -0400] "GET /?path=//sys/class/net/eth0&viewfile=//sys/class/net/eth0/addr_assign_type HTTP/2.0" 200 2701 "-" "Mozilla/5.0 AppleWebKit/537.36 (KHTML, like Gecko; compatible; GPTBot/1.2; +https://openai.com/gptbot)"
20.171.207.84 - - [11/Sep/2025:08:28:20 -0400] "GET /?path=//sys/class/net/eth0/subsystem/lo/subsystem/eth0/device/net/eth0/device/firmware_node/subsystem/devices/device:da/subsystem/devices/device:de/subsystem/devices/device:9b/device:9c/subsystem/devices/device:d4 HTTP/2.0" 200 3472 "-" "Mozilla/5.0 AppleWebKit/537.36 (KHTML, like Gecko; compatible; GPTBot/1.2; +https://openai.com/gptbot)"
217.113.194.192 - - [11/Sep/2025:08:28:21 -0400] "GET /?viewfile=//proc/59948/task/59971/sched&path=//proc/59948/task/59971 HTTP/1.1" 200 2968 "-" "Mozilla/5.0 (compatible; Barkrowler/0.9; +https://babbar.tech/crawler)"
20.171.207.84 - - [11/Sep/2025:08:28:22 -0400] "GET /?path=//sys/class/net/eth0/subsystem/lo/subsystem/eth0/device/net/eth0/device/firmware_node/subsystem/devices/device:da/subsystem/devices/device:de/subsystem/devices/device:9b/device:9c/subsystem/devices/device:5a HTTP/2.0" 200 3474 "-" "Mozilla/5.0 AppleWebKit/537.36 (KHTML, like Gecko; compatible; GPTBot/1.2; +https://openai.com/gptbot)"
20.171.207.84 - - [11/Sep/2025:08:28:23 -0400] "GET /?path=//sys/class/net/eth0/subsystem/lo/subsystem/eth0/device/net/eth0/device/firmware_node/subsystem/devices/device:da/subsystem/devices/device:de/subsystem/devices/device:9b/device:9c/subsystem/devices/device:3c HTTP/2.0" 200 3779 "-" "Mozilla/5.0 AppleWebKit/537.36 (KHTML, like Gecko; compatible; GPTBot/1.2; +https://openai.com/gptbot)"
20.171.207.218 - - [11/Sep/2025:08:28:24 -0400] "GET /?path=//sys/class/net/eth0&viewfile=//sys/class/net/eth0/dev_id HTTP/2.0" 200 2696 "-" "Mozilla/5.0 AppleWebKit/537.36 (KHTML, like Gecko; compatible; GPTBot/1.2; +https://openai.com/gptbot)"
20.171.207.84 - - [11/Sep/2025:08:28:25 -0400] "GET /?path=//sys/class/net/eth0/subsystem/lo/subsystem/eth0/device/net/eth0/device/firmware_node/subsystem/devices/device:da/subsystem/devices/device:de/subsystem/devices/device:9b/device:9c/subsystem/devices/device:1a HTTP/2.0" 200 3431 "-" "Mozilla/5.0 AppleWebKit/537.36 (KHTML, like Gecko; compatible; GPTBot/1.2; +https://openai.com/gptbot)"
20.171.207.84 - - [11/Sep/2025:08:28:27 -0400] "GET /?path=//sys/class/net/eth0/subsystem/lo/subsystem/eth0/device/net/eth0/device/firmware_node/subsystem/devices/device:da/subsystem/devices/device:de/subsystem/devices/device:9b/device:9c/subsystem/devices/device:6f HTTP/2.0" 200 3475 "-" "Mozilla/5.0 AppleWebKit/537.36 (KHTML, like Gecko; compatible; GPTBot/1.2; +https://openai.com/gptbot)"
20.171.207.84 - - [11/Sep/2025:08:28:28 -0400] "GET /?path=//sys/class/net/eth0/subsystem/lo/subsystem/eth0/device/net/eth0/device/firmware_node/subsystem/devices/device:da/subsystem/devices/device:de/subsystem/devices/device:9b/device:9c/subsystem/devices/device:2c HTTP/2.0" 200 3431 "-" "Mozilla/5.0 AppleWebKit/537.36 (KHTML, like Gecko; compatible; GPTBot/1.2; +https://openai.com/gptbot)"
20.171.207.218 - - [11/Sep/2025:08:28:29 -0400] "GET /?path=//sys/class/net/eth1&viewfile=//sys/class/net/eth1/dormant HTTP/2.0" 200 2690 "-" "Mozilla/5.0 AppleWebKit/537.36 (KHTML, like Gecko; compatible; GPTBot/1.2; +https://openai.com/gptbot)"
20.171.207.84 - - [11/Sep/2025:08:28:30 -0400] "GET /?path=//sys/class/net/eth0/subsystem/lo/subsystem/eth0/device/net/eth0/device/firmware_node/subsystem/devices/device:da/subsystem/devices/device:de/subsystem/devices/device:9b/device:9c/subsystem/devices/device:2d HTTP/2.0" 200 3431 "-" "Mozilla/5.0 AppleWebKit/537.36 (KHTML, like Gecko; compatible; GPTBot/1.2; +https://openai.com/gptbot)"
20.171.207.84 - - [11/Sep/2025:08:28:32 -0400] "GET /?path=//sys/class/net/eth0/subsystem/lo/subsystem/eth0/device/net/eth0/device/firmware_node/subsystem/devices/device:da/subsystem/devices/device:de/subsystem/devices/device:9b/device:9c/subsystem/devices/device:b8 HTTP/2.0" 200 3432 "-" "Mozilla/5.0 AppleWebKit/537.36 (KHTML, like Gecko; compatible; GPTBot/1.2; +https://openai.com/gptbot)"
20.171.207.84 - - [11/Sep/2025:08:28:34 -0400] "GET /?path=//sys/class/net/eth0/subsystem/lo/subsystem/eth0/device/net/eth0/device/firmware_node/subsystem/devices/device:da/subsystem/devices/device:de/subsystem/devices/device:9b/device:9c/subsystem/devices/device:6c HTTP/2.0" 200 3473 "-" "Mozilla/5.0 AppleWebKit/537.36 (KHTML, like Gecko; compatible; GPTBot/1.2; +https://openai.com/gptbot)"
20.171.207.218 - - [11/Sep/2025:08:28:34 -0400] "GET /?path=//sys/class/net/eth1&viewfile=//sys/class/net/eth1/ifalias HTTP/2.0" 200 2691 "-" "Mozilla/5.0 AppleWebKit/537.36 (KHTML, like Gecko; compatible; GPTBot/1.2; +https://openai.com/gptbot)"
20.171.207.84 - - [11/Sep/2025:08:28:35 -0400] "GET /?path=//sys/class/net/eth0/subsystem/lo/subsystem/eth0/device/net/eth0/device/firmware_node/subsystem/devices/device:da/subsystem/devices/device:de/subsystem/devices/device:9b/device:9c/subsystem/devices/device:af HTTP/2.0" 200 3474 "-" "Mozilla/5.0 AppleWebKit/537.36 (KHTML, like Gecko; compatible; GPTBot/1.2; +https://openai.com/gptbot)"
20.171.207.84 - - [11/Sep/2025:08:28:37 -0400] "GET /?path=//sys/class/net/eth0/subsystem/lo/subsystem/eth0/device/net/eth0/device/firmware_node/subsystem/devices/device:da/subsystem/devices/device:de/subsystem/devices/device:9b/device:9c/subsystem/devices/device:1b HTTP/2.0" 200 3428 "-" "Mozilla/5.0 AppleWebKit/537.36 (KHTML, like Gecko; compatible; GPTBot/1.2; +https://openai.com/gptbot)"
217.113.194.198 - - [11/Sep/2025:08:28:38 -0400] "GET /?viewfile=//proc/59948/task/59976/limits&path=//proc/59948/task/59976 HTTP/1.1" 200 2967 "-" "Mozilla/5.0 (compatible; Barkrowler/0.9; +https://babbar.tech/crawler)"
20.171.207.84 - - [11/Sep/2025:08:28:39 -0400] "GET /?path=//sys/class/net/eth0/subsystem/lo/subsystem/eth0/device/net/eth0/device/firmware_node/subsystem/devices/device:da/subsystem/devices/device:de/subsystem/devices/device:9b/device:9c/subsystem/devices/device:5d HTTP/2.0" 200 3475 "-" "Mozilla/5.0 AppleWebKit/537.36 (KHTML, like Gecko; compatible; GPTBot/1.2; +https://openai.com/gptbot)"
20.171.207.218 - - [11/Sep/2025:08:28:40 -0400] "GET /?path=//sys/class/net/eth1&viewfile=//sys/class/net/eth1/mtu HTTP/2.0" 200 2692 "-" "Mozilla/5.0 AppleWebKit/537.36 (KHTML, like Gecko; compatible; GPTBot/1.2; +https://openai.com/gptbot)"
20.171.207.84 - - [11/Sep/2025:08:28:40 -0400] "GET /?path=//sys/class/net/eth0/subsystem/lo/subsystem/eth0/device/net/eth0/device/firmware_node/subsystem/devices/device:da/subsystem/devices/device:de/subsystem/devices/device:9b/device:9c/subsystem/devices/device:b3 HTTP/2.0" 200 3473 "-" "Mozilla/5.0 AppleWebKit/537.36 (KHTML, like Gecko; compatible; GPTBot/1.2; +https://openai.com/gptbot)"
20.171.207.84 - - [11/Sep/2025:08:28:42 -0400] "GET /?path=//sys/class/net/eth0/subsystem/lo/subsystem/eth0/device/net/eth0/device/firmware_node/subsystem/devices/device:da/subsystem/devices/device:de/subsystem/devices/device:9b/device:9c/subsystem/devices/device:d5 HTTP/2.0" 200 3474 "-" "Mozilla/5.0 AppleWebKit/537.36 (KHTML, like Gecko; compatible; GPTBot/1.2; +https://openai.com/gptbot)"
20.171.207.84 - - [11/Sep/2025:08:28:43 -0400] "GET /?path=//sys/class/net/eth0/subsystem/lo/subsystem/eth0/device/net/eth0/device/firmware_node/subsystem/devices/device:da/subsystem/devices/device:de/subsystem/devices/device:9b/device:9c/subsystem/devices/device:4c HTTP/2.0" 200 3473 "-" "Mozilla/5.0 AppleWebKit/537.36 (KHTML, like Gecko; compatible; GPTBot/1.2; +https://openai.com/gptbot)"
20.171.207.84 - - [11/Sep/2025:08:28:45 -0400] "GET /?path=//sys/class/net/eth0/subsystem/lo/subsystem/eth0/device/net/eth0/device/firmware_node/subsystem/devices/device:da/subsystem/devices/device:de/subsystem/devices/device:9b/device:9c/subsystem/devices/device:4d HTTP/2.0" 200 3473 "-" "Mozilla/5.0 AppleWebKit/537.36 (KHTML, like Gecko; compatible; GPTBot/1.2; +https://openai.com/gptbot)"
20.171.207.84 - - [11/Sep/2025:08:28:46 -0400] "GET /?path=//sys/class/net/eth0/subsystem/lo/subsystem/eth0/device/net/eth0/device/firmware_node/subsystem/devices/device:da/subsystem/devices/device:de/subsystem/devices/device:9b/device:9c/subsystem/drivers/power_meter HTTP/2.0" 200 3424 "-" "Mozilla/5.0 AppleWebKit/537.36 (KHTML, like Gecko; compatible; GPTBot/1.2; +https://openai.com/gptbot)"
20.171.207.84 - - [11/Sep/2025:08:28:48 -0400] "GET /?path=//sys/class/net/eth0/subsystem/lo/subsystem/eth0/device/net/eth0/device/firmware_node/subsystem/devices/device:da/subsystem/devices/device:de/subsystem/devices/device:9b/device:9c/subsystem/devices/device:af/subsystem HTTP/2.0" 200 3437 "-" "Mozilla/5.0 AppleWebKit/537.36 (KHTML, like Gecko; compatible; GPTBot/1.2; +https://openai.com/gptbot)"
20.171.207.84 - - [11/Sep/2025:08:28:49 -0400] "GET /?path=//sys/class/net/eth0/subsystem/lo/subsystem/eth0/device/net/eth0/device/firmware_node/subsystem/devices/device:da/subsystem/devices/device:de/subsystem/devices/device:9b/device:9c/subsystem/devices/device:a3 HTTP/2.0" 200 3430 "-" "Mozilla/5.0 AppleWebKit/537.36 (KHTML, like Gecko; compatible; GPTBot/1.2; +https://openai.com/gptbot)"
20.171.207.84 - - [11/Sep/2025:08:28:51 -0400] "GET /?path=//sys/class/net/eth0/subsystem/lo/subsystem/eth0/device/net/eth0/device/firmware_node/subsystem/devices/device:da/subsystem/devices/device:de/subsystem/devices/device:9b/device:9c/subsystem/devices/device:f7 HTTP/2.0" 200 3470 "-" "Mozilla/5.0 AppleWebKit/537.36 (KHTML, like Gecko; compatible; GPTBot/1.2; +https://openai.com/gptbot)"
20.171.207.218 - - [11/Sep/2025:08:28:52 -0400] "GET /?path=//sys/class/net/eth0&viewfile=//sys/class/net/eth0/ifindex HTTP/2.0" 200 2692 "-" "Mozilla/5.0 AppleWebKit/537.36 (KHTML, like Gecko; compatible; GPTBot/1.2; +https://openai.com/gptbot)"
20.171.207.84 - - [11/Sep/2025:08:28:52 -0400] "GET /?path=//sys/class/net/eth0/subsystem/lo/subsystem/eth0/device/net/eth0/device/firmware_node/subsystem/devices/device:da/subsystem/devices/device:de/subsystem/devices/device:9b/device:9c/subsystem/drivers/nfit HTTP/2.0" 200 3221 "-" "Mozilla/5.0 AppleWebKit/537.36 (KHTML, like Gecko; compatible; GPTBot/1.2; +https://openai.com/gptbot)"
20.171.207.84 - - [11/Sep/2025:08:28:54 -0400] "GET /?path=//sys/class/net/eth0/subsystem/lo/subsystem/eth0/device/net/eth0/device/firmware_node/subsystem/devices/device:da/subsystem/devices/device:de/subsystem/devices/device:9b/device:9c/subsystem/devices/device:1c HTTP/2.0" 200 3431 "-" "Mozilla/5.0 AppleWebKit/537.36 (KHTML, like Gecko; compatible; GPTBot/1.2; +https://openai.com/gptbot)"
217.113.194.198 - - [11/Sep/2025:08:28:55 -0400] "GET /?viewfile=//proc/59948/task/59970/personality&path=//proc/59948/task/59970 HTTP/1.1" 200 2698 "-" "Mozilla/5.0 (compatible; Barkrowler/0.9; +https://babbar.tech/crawler)"
20.171.207.84 - - [11/Sep/2025:08:28:56 -0400] "GET /?path=//sys/class/net/eth0/subsystem/lo/subsystem/eth0/device/net/eth0/device/firmware_node/subsystem/devices/device:da/subsystem/devices/device:de/subsystem/devices/device:9b/device:9c/subsystem/devices/device:4d/power HTTP/2.0" 200 3489 "-" "Mozilla/5.0 AppleWebKit/537.36 (KHTML, like Gecko; compatible; GPTBot/1.2; +https://openai.com/gptbot)"
20.171.207.84 - - [11/Sep/2025:08:28:57 -0400] "GET /?path=//sys/class/net/eth0/subsystem/lo/subsystem/eth0/device/net/eth0/device/firmware_node/subsystem/devices/device:da/subsystem/devices/device:de/subsystem/devices/device:9b/device:9c/subsystem/devices/device:c1 HTTP/2.0" 200 3431 "-" "Mozilla/5.0 AppleWebKit/537.36 (KHTML, like Gecko; compatible; GPTBot/1.2; +https://openai.com/gptbot)"
20.171.207.84 - - [11/Sep/2025:08:28:59 -0400] "GET /?path=//sys/class/net/eth0/subsystem/lo/subsystem/eth0/device/net/eth0/device/firmware_node/subsystem/devices/device:da/subsystem/devices/device:de/subsystem/devices/device:9b/device:9c/subsystem/drivers/ec HTTP/2.0" 200 3219 "-" "Mozilla/5.0 AppleWebKit/537.36 (KHTML, like Gecko; compatible; GPTBot/1.2; +https://openai.com/gptbot)"
20.171.207.84 - - [11/Sep/2025:08:29:00 -0400] "GET /?path=//sys/class/net/eth0/subsystem/lo/subsystem/eth0/device/net/eth0/device/firmware_node/subsystem/devices/device:da/subsystem/devices/device:de/subsystem/devices/device:9b/device:9c/subsystem/devices/device:2a HTTP/2.0" 200 3431 "-" "Mozilla/5.0 AppleWebKit/537.36 (KHTML, like Gecko; compatible; GPTBot/1.2; +https://openai.com/gptbot)"
20.171.207.84 - - [11/Sep/2025:08:29:02 -0400] "GET /?path=//sys/class/net/eth0/subsystem/lo/subsystem/eth0/device/net/eth0/device/firmware_node/subsystem/devices/device:da/subsystem/devices/device:de/subsystem/devices/device:9b/device:9c/subsystem/devices/device:7d HTTP/2.0" 200 3468 "-" "Mozilla/5.0 AppleWebKit/537.36 (KHTML, like Gecko; compatible; GPTBot/1.2; +https://openai.com/gptbot)"
20.171.207.84 - - [11/Sep/2025:08:29:04 -0400] "GET /?path=//sys/class/net/eth0/subsystem/lo/subsystem/eth0/device/net/eth0/device/firmware_node/subsystem/devices/device:da/subsystem/devices/device:de/subsystem/devices/device:9b/device:9c/subsystem/devices/device:d2 HTTP/2.0" 200 3468 "-" "Mozilla/5.0 AppleWebKit/537.36 (KHTML, like Gecko; compatible; GPTBot/1.2; +https://openai.com/gptbot)"
20.171.207.84 - - [11/Sep/2025:08:29:05 -0400] "GET /?path=//sys/class/net/eth0/subsystem/lo/subsystem/eth0/device/net/eth0/device/firmware_node/subsystem/devices/device:da/subsystem/devices/device:de/subsystem/devices/device:f7/subsystem HTTP/2.0" 200 3391 "-" "Mozilla/5.0 AppleWebKit/537.36 (KHTML, like Gecko; compatible; GPTBot/1.2; +https://openai.com/gptbot)"
20.171.207.84 - - [11/Sep/2025:08:29:07 -0400] "GET /?path=//sys/class/net/eth0/subsystem/lo/subsystem/eth0/device/net/eth0/device/firmware_node/subsystem/devices/device:da/subsystem/devices/device:de/subsystem/devices/device:9b/device:9c/subsystem/devices/device:f7&viewfile=//sys/class/net/eth0/subsystem/lo/subsystem/eth0/device/net/eth0/device/firmware_node/subsystem/devices/device:da/subsystem/devices/device:de/subsystem/devices/device:9b/device:9c/subsystem/devices/device:f7/adr HTTP/2.0" 200 2935 "-" "Mozilla/5.0 AppleWebKit/537.36 (KHTML, like Gecko; compatible; GPTBot/1.2; +https://openai.com/gptbot)"
20.171.207.84 - - [11/Sep/2025:08:29:09 -0400] "GET /?path=//sys/class/net/eth0/subsystem/lo/subsystem/eth0/device/net/eth0/device/firmware_node/subsystem/devices/device:da/subsystem/devices/device:de/subsystem/devices/device:9b/device:9c/subsystem/devices/device:c8 HTTP/2.0" 200 3432 "-" "Mozilla/5.0 AppleWebKit/537.36 (KHTML, like Gecko; compatible; GPTBot/1.2; +https://openai.com/gptbot)"
20.171.207.84 - - [11/Sep/2025:08:29:10 -0400] "GET /?path=//sys/class/net/eth0/subsystem/lo/subsystem/eth0/device/net/eth0/device/firmware_node/subsystem/devices/device:da/subsystem/devices/device:de/subsystem/devices/device:9b/device:9c/subsystem/devices/device:7a HTTP/2.0" 200 3431 "-" "Mozilla/5.0 AppleWebKit/537.36 (KHTML, like Gecko; compatible; GPTBot/1.2; +https://openai.com/gptbot)"
217.113.194.201 - - [11/Sep/2025:08:29:11 -0400] "GET /?viewfile=//proc/59948/task/59976/children&path=//proc/59948/task/59976 HTTP/1.1" 200 2695 "-" "Mozilla/5.0 (compatible; Barkrowler/0.9; +https://babbar.tech/crawler)"
20.171.207.84 - - [11/Sep/2025:08:29:12 -0400] "GET /?path=//sys/class/net/eth0/subsystem/lo/subsystem/eth0/device/net/eth0/device/firmware_node/subsystem/devices/device:da/subsystem/devices/device:de/subsystem/devices/device:9b/device:9c/subsystem/devices/device:4f HTTP/2.0" 200 3475 "-" "Mozilla/5.0 AppleWebKit/537.36 (KHTML, like Gecko; compatible; GPTBot/1.2; +https://openai.com/gptbot)"
20.171.207.84 - - [11/Sep/2025:08:29:14 -0400] "GET /?path=//sys/class/net/eth0/subsystem/lo/subsystem/eth0/device/net/eth0/device/firmware_node/subsystem/devices/device:da/subsystem/devices/device:de/subsystem/devices/device:9b/device:9c/subsystem/drivers/ac HTTP/2.0" 200 3220 "-" "Mozilla/5.0 AppleWebKit/537.36 (KHTML, like Gecko; compatible; GPTBot/1.2; +https://openai.com/gptbot)"
20.171.207.218 - - [11/Sep/2025:08:29:15 -0400] "GET /?path=//sys/class/net/eth0&viewfile=//sys/class/net/eth0/dormant HTTP/2.0" 200 2693 "-" "Mozilla/5.0 AppleWebKit/537.36 (KHTML, like Gecko; compatible; GPTBot/1.2; +https://openai.com/gptbot)"
20.171.207.84 - - [11/Sep/2025:08:29:15 -0400] "GET /?path=//sys/class/net/eth0/subsystem/lo/subsystem/eth0/device/net/eth0/device/firmware_node/subsystem/devices/device:da/subsystem/devices/device:de/subsystem/devices/device:9b/device:9c/subsystem/devices/device:f3 HTTP/2.0" 200 3431 "-" "Mozilla/5.0 AppleWebKit/537.36 (KHTML, like Gecko; compatible; GPTBot/1.2; +https://openai.com/gptbot)"
20.171.207.84 - - [11/Sep/2025:08:29:17 -0400] "GET /?path=//sys/class/net/eth0/subsystem/lo/subsystem/eth0/device/net/eth0/device/firmware_node/subsystem/devices/device:da/subsystem/devices/device:de/subsystem/devices/device:9b/device:9c/subsystem/devices/device:d2&viewfile=//sys/class/net/eth0/subsystem/lo/subsystem/eth0/device/net/eth0/device/firmware_node/subsystem/devices/device:da/subsystem/devices/device:de/subsystem/devices/device:9b/device:9c/subsystem/devices/device:d2/sun HTTP/2.0" 200 2930 "-" "Mozilla/5.0 AppleWebKit/537.36 (KHTML, like Gecko; compatible; GPTBot/1.2; +https://openai.com/gptbot)"
20.171.207.84 - - [11/Sep/2025:08:29:18 -0400] "GET /?path=//sys/class/net/eth0/subsystem/lo/subsystem/eth0/device/net/eth0/device/firmware_node/subsystem/devices/device:da/subsystem/devices/device:de/subsystem/devices/device:9b/device:9c/subsystem/devices/device:6a HTTP/2.0" 200 3846 "-" "Mozilla/5.0 AppleWebKit/537.36 (KHTML, like Gecko; compatible; GPTBot/1.2; +https://openai.com/gptbot)"
20.171.207.84 - - [11/Sep/2025:08:29:20 -0400] "GET /?path=//sys/class/net/eth0/subsystem/lo/subsystem/eth0/device/net/eth0/device/firmware_node/subsystem/devices/device:da/subsystem/devices/device:de/subsystem/devices/device:9b/device:9c/subsystem/devices/device:6b HTTP/2.0" 200 3471 "-" "Mozilla/5.0 AppleWebKit/537.36 (KHTML, like Gecko; compatible; GPTBot/1.2; +https://openai.com/gptbot)"
20.171.207.218 - - [11/Sep/2025:08:29:21 -0400] "GET /?path=//sys/class/net/eth1&viewfile=//sys/class/net/eth1/dev_id HTTP/2.0" 200 2696 "-" "Mozilla/5.0 AppleWebKit/537.36 (KHTML, like Gecko; compatible; GPTBot/1.2; +https://openai.com/gptbot)"
20.171.207.84 - - [11/Sep/2025:08:29:21 -0400] "GET /?path=//sys/class/net/eth0/subsystem/lo/subsystem/eth0/device/net/eth0/device/firmware_node/subsystem/devices/device:da/subsystem/devices/device:de/subsystem/devices/device:9b/device:9c/subsystem/devices/device:f1 HTTP/2.0" 200 3475 "-" "Mozilla/5.0 AppleWebKit/537.36 (KHTML, like Gecko; compatible; GPTBot/1.2; +https://openai.com/gptbot)"
20.171.207.84 - - [11/Sep/2025:08:29:23 -0400] "GET /?path=//sys/class/net/eth0/subsystem/lo/subsystem/eth0/device/net/eth0/device/firmware_node/subsystem/devices/device:da/subsystem/devices/device:de/subsystem/devices/device:9b/device:9c/subsystem/devices/device:b6 HTTP/2.0" 200 3431 "-" "Mozilla/5.0 AppleWebKit/537.36 (KHTML, like Gecko; compatible; GPTBot/1.2; +https://openai.com/gptbot)"
20.171.207.84 - - [11/Sep/2025:08:29:25 -0400] "GET /?path=//sys/class/net/eth0/subsystem/lo/subsystem/eth0/device/net/eth0/device/firmware_node/subsystem/devices/device:da/subsystem/devices/device:de/subsystem/devices/device:9b/device:9c/subsystem/devices/device:b7 HTTP/2.0" 200 3538 "-" "Mozilla/5.0 AppleWebKit/537.36 (KHTML, like Gecko; compatible; GPTBot/1.2; +https://openai.com/gptbot)"
20.171.207.84 - - [11/Sep/2025:08:29:26 -0400] "GET /?path=//sys/class/net/eth0/subsystem/lo/subsystem/eth0/device/net/eth0/device/firmware_node/subsystem/devices/device:da/subsystem/devices/device:de/subsystem/devices/device:9b/device:9c/subsystem/devices/device:7b HTTP/2.0" 200 3465 "-" "Mozilla/5.0 AppleWebKit/537.36 (KHTML, like Gecko; compatible; GPTBot/1.2; +https://openai.com/gptbot)"
20.171.207.84 - - [11/Sep/2025:08:29:28 -0400] "GET /?path=//sys/class/net/eth0/subsystem/lo/subsystem/eth0/device/net/eth0/device/firmware_node/subsystem/devices/device:da/subsystem/devices/device:de/subsystem/devices/device:9b/device:9c/subsystem/devices/device:c2 HTTP/2.0" 200 3431 "-" "Mozilla/5.0 AppleWebKit/537.36 (KHTML, like Gecko; compatible; GPTBot/1.2; +https://openai.com/gptbot)"
217.113.194.197 - - [11/Sep/2025:08:29:28 -0400] "GET /?viewfile=//proc/59948/task/59970/children&path=//proc/59948/task/59970 HTTP/1.1" 200 2694 "-" "Mozilla/5.0 (compatible; Barkrowler/0.9; +https://babbar.tech/crawler)"
20.171.207.84 - - [11/Sep/2025:08:29:29 -0400] "GET /?path=//sys/class/net/eth0/subsystem/lo/subsystem/eth0/device/net/eth0/device/firmware_node/subsystem/devices/device:da/subsystem/devices/device:de/subsystem/devices/device:9b/device:9c/subsystem/devices/device:d6 HTTP/2.0" 200 3472 "-" "Mozilla/5.0 AppleWebKit/537.36 (KHTML, like Gecko; compatible; GPTBot/1.2; +https://openai.com/gptbot)"
20.171.207.84 - - [11/Sep/2025:08:29:31 -0400] "GET /?path=//sys/class/net/eth0/subsystem/lo/subsystem/eth0/device/net/eth0/device/firmware_node/subsystem/devices/device:da/subsystem/devices/device:de/subsystem/devices/device:9b/device:9c/subsystem/devices/device:bf HTTP/2.0" 200 3474 "-" "Mozilla/5.0 AppleWebKit/537.36 (KHTML, like Gecko; compatible; GPTBot/1.2; +https://openai.com/gptbot)"
20.171.207.84 - - [11/Sep/2025:08:29:32 -0400] "GET /?path=//sys/class/net/eth0/subsystem/lo/subsystem/eth0/device/net/eth0/device/firmware_node/subsystem/devices/device:da/subsystem/devices/device:de/subsystem/devices/device:9b/device:9c/subsystem/devices/device:d1 HTTP/2.0" 200 3467 "-" "Mozilla/5.0 AppleWebKit/537.36 (KHTML, like Gecko; compatible; GPTBot/1.2; +https://openai.com/gptbot)"
20.171.207.84 - - [11/Sep/2025:08:29:34 -0400] "GET /?path=//sys/class/net/eth0/subsystem/lo/subsystem/eth0/device/net/eth0/device/firmware_node/subsystem/devices/device:da/subsystem/devices/device:de/subsystem/devices/device:9b/device:9c/subsystem/devices/device:7c HTTP/2.0" 200 3431 "-" "Mozilla/5.0 AppleWebKit/537.36 (KHTML, like Gecko; compatible; GPTBot/1.2; +https://openai.com/gptbot)"
20.171.207.84 - - [11/Sep/2025:08:29:35 -0400] "GET /?path=//sys/class/net/eth0/subsystem/lo/subsystem/eth0/device/net/eth0/device/firmware_node/subsystem/devices/device:da/subsystem/devices/device:de/subsystem/devices/device:9b/device:9c/subsystem/devices/device:0f HTTP/2.0" 200 3431 "-" "Mozilla/5.0 AppleWebKit/537.36 (KHTML, like Gecko; compatible; GPTBot/1.2; +https://openai.com/gptbot)"
20.171.207.84 - - [11/Sep/2025:08:29:37 -0400] "GET /?path=//sys/class/net/eth0/subsystem/lo/subsystem/eth0/device/net/eth0/device/firmware_node/subsystem/devices/device:da/subsystem/devices/device:de/subsystem/devices/device:ab/subsystem/devices/device:17/power HTTP/2.0" 200 3477 "-" "Mozilla/5.0 AppleWebKit/537.36 (KHTML, like Gecko; compatible; GPTBot/1.2; +https://openai.com/gptbot)"
20.171.207.84 - - [11/Sep/2025:08:29:38 -0400] "GET /?path=//sys/class/net/eth0/subsystem/lo/subsystem/eth0/device/net/eth0/device/firmware_node/subsystem/devices/device:da/subsystem/devices/device:de/subsystem/devices/device:9b/device:9c/subsystem/devices/device:8a HTTP/2.0" 200 3509 "-" "Mozilla/5.0 AppleWebKit/537.36 (KHTML, like Gecko; compatible; GPTBot/1.2; +https://openai.com/gptbot)"
20.171.207.84 - - [11/Sep/2025:08:29:40 -0400] "GET /?path=//sys/class/net/eth0/subsystem/lo/subsystem/eth0/device/net/eth0/device/firmware_node/subsystem/devices/device:da/subsystem/devices/device:de/subsystem/devices/device:9b/device:9c/subsystem/devices/device:ff HTTP/2.0" 200 3431 "-" "Mozilla/5.0 AppleWebKit/537.36 (KHTML, like Gecko; compatible; GPTBot/1.2; +https://openai.com/gptbot)"
20.171.207.84 - - [11/Sep/2025:08:29:42 -0400] "GET /?path=//sys/class/net/eth0/subsystem/lo/subsystem/eth0/device/net/eth0/device/firmware_node/subsystem/devices/device:da/subsystem/devices/device:de/subsystem/devices/device:9b/device:9c/subsystem/devices/device:a4 HTTP/2.0" 200 3431 "-" "Mozilla/5.0 AppleWebKit/537.36 (KHTML, like Gecko; compatible; GPTBot/1.2; +https://openai.com/gptbot)"
20.171.207.84 - - [11/Sep/2025:08:29:43 -0400] "GET /?path=//sys/class/net/eth0/subsystem/lo/subsystem/eth0/device/net/eth0/device/firmware_node/subsystem/devices/device:da/subsystem/devices/device:de/subsystem/devices/device:9b/device:9c/subsystem/devices/device:a2 HTTP/2.0" 200 3431 "-" "Mozilla/5.0 AppleWebKit/537.36 (KHTML, like Gecko; compatible; GPTBot/1.2; +https://openai.com/gptbot)"
20.171.207.84 - - [11/Sep/2025:08:29:44 -0400] "GET /?path=//sys/class/net/eth0/subsystem/lo/subsystem/eth0/device/net/eth0/device/firmware_node/subsystem/devices/device:da/subsystem/devices/device:de/subsystem/devices/device:9b/device:9c/subsystem/devices/device:f5 HTTP/2.0" 200 3432 "-" "Mozilla/5.0 AppleWebKit/537.36 (KHTML, like Gecko; compatible; GPTBot/1.2; +https://openai.com/gptbot)"
217.113.194.240 - - [11/Sep/2025:08:29:45 -0400] "GET /?viewfile=//proc/59948/task/59971/cmdline&path=//proc/59948/task/59971 HTTP/1.1" 200 2741 "-" "Mozilla/5.0 (compatible; Barkrowler/0.9; +https://babbar.tech/crawler)"
20.171.207.84 - - [11/Sep/2025:08:29:46 -0400] "GET /?path=//sys/class/net/eth0/subsystem/lo/subsystem/eth0/device/net/eth0/device/firmware_node/subsystem/devices/device:da/subsystem/devices/device:de/subsystem/devices/device:cf/subsystem/devices/device:6a/device:75 HTTP/2.0" 200 3475 "-" "Mozilla/5.0 AppleWebKit/537.36 (KHTML, like Gecko; compatible; GPTBot/1.2; +https://openai.com/gptbot)"
20.171.207.84 - - [11/Sep/2025:08:29:47 -0400] "GET /?path=//sys/class/net/eth0/subsystem/lo/subsystem/eth0/device/net/eth0/device/firmware_node/subsystem/devices/device:da/subsystem/devices/device:de/subsystem/devices/device:15f HTTP/2.0" 200 3383 "-" "Mozilla/5.0 AppleWebKit/537.36 (KHTML, like Gecko; compatible; GPTBot/1.2; +https://openai.com/gptbot)"
20.171.207.84 - - [11/Sep/2025:08:29:49 -0400] "GET /?path=//sys/class/net/eth0/subsystem/lo/subsystem/eth0/device/net/eth0/device/firmware_node/subsystem/devices/device:da/subsystem/devices/device:de/subsystem/devices/device:d7/subsystem/devices/device:93/power HTTP/2.0" 200 3475 "-" "Mozilla/5.0 AppleWebKit/537.36 (KHTML, like Gecko; compatible; GPTBot/1.2; +https://openai.com/gptbot)"
20.171.207.84 - - [11/Sep/2025:08:29:50 -0400] "GET /?path=//sys/class/net/eth0/subsystem/lo/subsystem/eth0/device/net/eth0/device/firmware_node/subsystem/devices/device:da/subsystem/devices/device:de/subsystem/devices/device:b7/device:b9/subsystem HTTP/2.0" 200 3408 "-" "Mozilla/5.0 AppleWebKit/537.36 (KHTML, like Gecko; compatible; GPTBot/1.2; +https://openai.com/gptbot)"
20.171.207.84 - - [11/Sep/2025:08:29:52 -0400] "GET /?path=//sys/class/net/eth0/subsystem/lo/subsystem/eth0/device/net/eth0/device/firmware_node/subsystem/devices/device:da/subsystem/devices/device:de/subsystem/devices/device:ea/subsystem/devices/device:41/power HTTP/2.0" 200 3479 "-" "Mozilla/5.0 AppleWebKit/537.36 (KHTML, like Gecko; compatible; GPTBot/1.2; +https://openai.com/gptbot)"
20.171.207.84 - - [11/Sep/2025:08:29:54 -0400] "GET /?path=//sys/class/net/eth0/subsystem/lo/subsystem/eth0/device/net/eth0/device/firmware_node/subsystem/devices/device:da/subsystem/devices/device:de/subsystem/devices/device:9b/device:9c/subsystem/devices/device:ff/subsystem HTTP/2.0" 200 3438 "-" "Mozilla/5.0 AppleWebKit/537.36 (KHTML, like Gecko; compatible; GPTBot/1.2; +https://openai.com/gptbot)"
20.171.207.84 - - [11/Sep/2025:08:29:55 -0400] "GET /?path=//sys/class/net/eth0/subsystem/lo/subsystem/eth0/device/net/eth0/device/firmware_node/subsystem/devices/device:da/subsystem/devices/device:de/subsystem/devices/device:d7/subsystem/devices/device:32 HTTP/2.0" 200 3451 "-" "Mozilla/5.0 AppleWebKit/537.36 (KHTML, like Gecko; compatible; GPTBot/1.2; +https://openai.com/gptbot)"
20.171.207.84 - - [11/Sep/2025:08:29:57 -0400] "GET /?path=//sys/class/net/eth0/subsystem/lo/subsystem/eth0/device/net/eth0/device/firmware_node/subsystem/devices/device:da/subsystem/devices/device:de/subsystem/devices/device:cd/subsystem/devices/device:74/power HTTP/2.0" 200 3477 "-" "Mozilla/5.0 AppleWebKit/537.36 (KHTML, like Gecko; compatible; GPTBot/1.2; +https://openai.com/gptbot)"
20.171.207.84 - - [11/Sep/2025:08:29:58 -0400] "GET /?path=//sys/class/net/eth0/subsystem/lo/subsystem/eth0/device/net/eth0/device/firmware_node/subsystem/devices/device:da/subsystem/devices/device:de/subsystem/devices/device:fa/subsystem/devices/device:f3 HTTP/2.0" 200 3415 "-" "Mozilla/5.0 AppleWebKit/537.36 (KHTML, like Gecko; compatible; GPTBot/1.2; +https://openai.com/gptbot)"
20.171.207.218 - - [11/Sep/2025:08:30:00 -0400] "GET /?path=//sys/class/net/eth1&viewfile=//sys/class/net/eth1/operstate HTTP/2.0" 200 2696 "-" "Mozilla/5.0 AppleWebKit/537.36 (KHTML, like Gecko; compatible; GPTBot/1.2; +https://openai.com/gptbot)"
20.171.207.84 - - [11/Sep/2025:08:30:00 -0400] "GET /?path=//sys/class/net/eth0/subsystem/lo/subsystem/eth0/device/net/eth0/device/firmware_node/subsystem/devices/device:da/subsystem/devices/device:de/subsystem/devices/device:ac/subsystem/devices/device:15 HTTP/2.0" 200 3415 "-" "Mozilla/5.0 AppleWebKit/537.36 (KHTML, like Gecko; compatible; GPTBot/1.2; +https://openai.com/gptbot)"
20.171.207.84 - - [11/Sep/2025:08:30:01 -0400] "GET /?path=//sys/class/net/eth0/subsystem/lo/subsystem/eth0/device/net/eth0/device/firmware_node/subsystem/devices/device:da/subsystem/devices/device:de/subsystem/devices/device:fc/subsystem/devices/device:77/power HTTP/2.0" 200 3477 "-" "Mozilla/5.0 AppleWebKit/537.36 (KHTML, like Gecko; compatible; GPTBot/1.2; +https://openai.com/gptbot)"
20.171.207.84 - - [11/Sep/2025:08:30:03 -0400] "GET /?path=//sys/class/net/eth0/subsystem/lo/subsystem/eth0/device/net/eth0/device/firmware_node/subsystem/devices/device:da/subsystem/devices/device:de/subsystem/devices/device:b7/device:b9/subsystem/devices HTTP/2.0" 200 20087 "-" "Mozilla/5.0 AppleWebKit/537.36 (KHTML, like Gecko; compatible; GPTBot/1.2; +https://openai.com/gptbot)"
217.113.194.254 - - [11/Sep/2025:08:30:04 -0400] "GET /?viewfile=//proc/59948/task/59971/personality&path=//proc/59948/task/59971 HTTP/1.1" 200 2698 "-" "Mozilla/5.0 (compatible; Barkrowler/0.9; +https://babbar.tech/crawler)"
20.171.207.84 - - [11/Sep/2025:08:30:05 -0400] "GET /?path=//sys/class/net/eth0/subsystem/lo/subsystem/eth0/device/net/eth0/device/firmware_node/subsystem/devices/device:da/subsystem/devices/device:de/subsystem/devices/device:ff/subsystem/devices/device:54/power HTTP/2.0" 200 3477 "-" "Mozilla/5.0 AppleWebKit/537.36 (KHTML, like Gecko; compatible; GPTBot/1.2; +https://openai.com/gptbot)"
20.171.207.84 - - [11/Sep/2025:08:30:07 -0400] "GET /?path=//sys/class/net/eth0/subsystem/lo/subsystem/eth0/device/net/eth0/device/firmware_node/subsystem/devices/device:da/subsystem/devices/device:de/subsystem/devices/device:3c/device:3f/subsystem/devices/device:d2 HTTP/2.0" 200 3467 "-" "Mozilla/5.0 AppleWebKit/537.36 (KHTML, like Gecko; compatible; GPTBot/1.2; +https://openai.com/gptbot)"
20.171.207.84 - - [11/Sep/2025:08:30:09 -0400] "GET /?path=//sys/class/net/eth0/subsystem/lo/subsystem/eth0/device/net/eth0/device/firmware_node/subsystem/devices/device:da/subsystem/devices/device:de/subsystem/devices/device:6a/device:6f/subsystem/devices/device:bd HTTP/2.0" 200 3431 "-" "Mozilla/5.0 AppleWebKit/537.36 (KHTML, like Gecko; compatible; GPTBot/1.2; +https://openai.com/gptbot)"
